-- Table structure for table `iaZ8d_actionscheduler_claims`
--

CREATE TABLE `iaZ8d_actionscheduler_claims` (
  `claim_id` bigint(20) unsigned NOT NULL AUTO_INCREMENT,
  `date_created_gmt` datetime DEFAULT '0000-00-00 00:00:00',
  PRIMARY KEY (`claim_id`),
  KEY `date_created_gmt` (`date_created_gmt`)
) ENGINE=MyISAM  DEFAULT CHARSET=utf8mb4 COLLATE=utf8mb4_unicode_520_ci;

-- --------------------------------------------------------

--
-- Table structure for table `iaZ8d_actionscheduler_groups`
--

CREATE TABLE `iaZ8d_actionscheduler_groups` (
  `group_id` bigint(20) unsigned NOT NULL AUTO_INCREMENT,
  `slug` varchar(255) NOT NULL,
  PRIMARY KEY (`group_id`),
  KEY `slug` (`slug`(191))
) ENGINE=MyISAM  DEFAULT CHARSET=utf8mb4 COLLATE=utf8mb4_unicode_520_ci;

--
-- Dumping data for table `iaZ8d_actionscheduler_groups`
--

INSERT INTO `iaZ8d_actionscheduler_groups` VALUES
(1, 'action-scheduler-migration'),
(2, 'woocommerce-db-updates'),
(3, 'wpforms'),
(4, 'affiliatewp'),
(5, 'aioseo'),
(6, 'wc-admin-data'),
(7, 'wc_update_product_default_cat'),
(8, 'woocommerce-remote-inbox-engine'),
(9, 'defender'),
(10, ''),
(11, 'ultimate-member'),
(12, 'woocommerce_payments'),
(13, 'ActionScheduler'),
(14, 'woocommerce'),
(15, 'count'),
(16, 'wc_batch_processes');

-- --------------------------------------------------------

--
-- Table structure for table `iaZ8d_actionscheduler_logs`
--

CREATE TABLE `iaZ8d_actionscheduler_logs` (
  `log_id` bigint(20) unsigned NOT NULL AUTO_INCREMENT,
  `action_id` bigint(20) unsigned NOT NULL,
  `message` text NOT NULL,
  `log_date_gmt` datetime DEFAULT '0000-00-00 00:00:00',
  `log_date_local` datetime DEFAULT '0000-00-00 00:00:00',
  PRIMARY KEY (`log_id`),
  KEY `action_id` (`action_id`),
  KEY `log_date_gmt` (`log_date_gmt`)
) ENGINE=MyISAM  DEFAULT CHARSET=utf8mb4 COLLATE=utf8mb4_unicode_520_ci;

--
-- Dumping data for table `iaZ8d_actionscheduler_logs`
--

INSERT INTO `iaZ8d_actionscheduler_logs` VALUES
(17, 22, 'action created', '2023-05-02 02:48:56', '2023-05-02 02:48:56'),
(20, 22, 'action started via WP Cron', '2023-05-02 02:49:10', '2023-05-02 02:49:10'),
(21, 22, 'action failed via WP Cron: Scheduled action for woocommerce_admin/stored_state_setup_for_products/async/run_remote_notifications will not be executed as no callbacks are registered.', '2023-05-02 02:49:10', '2023-05-02 02:49:10'),
(44035, 14744, 'action started via Async Request', '2025-09-06 19:03:33', '2025-09-06 15:03:33'),
(127, 119, 'action created', '2023-05-02 02:56:39', '2023-05-02 02:56:39'),
(128, 120, 'action created', '2023-05-02 02:56:39', '2023-05-02 02:56:39'),
(129, 121, 'action created', '2023-05-02 02:56:39', '2023-05-02 02:56:39'),
(130, 122, 'action created', '2023-05-02 02:56:39', '2023-05-02 02:56:39'),
(29741, 9979, 'action started via Async Request', '2023-07-20 22:35:33', '2023-07-20 18:35:33'),
(29740, 9979, 'action created', '2023-07-20 22:34:19', '2023-07-20 18:34:19'),
(29742, 9979, 'action failed via Async Request: Scheduled action for action_scheduler/migration_hook will not be executed as no callbacks are registered.', '2023-07-20 22:35:33', '2023-07-20 18:35:33'),
(29758, 9981, 'action started via WP Cron', '2023-07-20 22:54:43', '2023-07-20 18:54:43'),
(29759, 9981, 'action failed via WP Cron: Scheduled action for aioseo_image_sitemap_scan will not be executed as no callbacks are registered.', '2023-07-20 22:54:43', '2023-07-20 18:54:43'),
(414, 119, 'action started via WP Cron', '2023-05-02 02:57:11', '2023-05-02 02:57:11'),
(415, 119, 'unexpected shutdown: PHP Fatal error Uncaught TypeError: Argument 1 passed to Automattic\\WooCommerce\\Internal\\ProductAttributesLookup\\LookupDataStore::get_attribute_taxonomies() must be an instance of WC_Product, bool given, called in /home/thefoxbutter/public_html/wp-content/plugins/woocommerce/src/Internal/ProductAttributesLookup/LookupDataStore.php on line 378 and defined in /home/thefoxbutter/public_html/wp-content/plugins/woocommerce/src/Internal/ProductAttributesLookup/LookupDataStore.php:516\nStack trace:\n#0 /home/thefoxbutter/public_html/wp-content/plugins/woocommerce/src/Internal/ProductAttributesLookup/LookupDataStore.php(378): Automattic\\WooCommerce\\Internal\\ProductAttributesLookup\\LookupDataStore->get_attribute_taxonomies(false)\n#1 /home/thefoxbutter/public_html/wp-content/plugins/woocommerce/src/Internal/ProductAttributesLookup/LookupDataStore.php(283): Automattic\\WooCommerce\\Internal\\ProductAttributesLookup\\LookupDataStore->create_data_for_variation(Object(WC_Product_Variation))\n#2 /home/thefoxbutter/public_html/wp-content/plugins/w in /home/thefoxbutter/public_html/wp-content/plugins/woocommerce/src/Internal/ProductAttributesLookup/LookupDataStore.php on line 516', '2023-05-02 02:57:11', '2023-05-02 02:57:11'),
(416, 120, 'action started via Async Request', '2023-05-02 02:57:18', '2023-05-02 02:57:18'),
(417, 120, 'unexpected shutdown: PHP Fatal error Uncaught TypeError: Argument 1 passed to Automattic\\WooCommerce\\Internal\\ProductAttributesLookup\\LookupDataStore::get_attribute_taxonomies() must be an instance of WC_Product, bool given, called in /home/thefoxbutter/public_html/wp-content/plugins/woocommerce/src/Internal/ProductAttributesLookup/LookupDataStore.php on line 378 and defined in /home/thefoxbutter/public_html/wp-content/plugins/woocommerce/src/Internal/ProductAttributesLookup/LookupDataStore.php:516\nStack trace:\n#0 /home/thefoxbutter/public_html/wp-content/plugins/woocommerce/src/Internal/ProductAttributesLookup/LookupDataStore.php(378): Automattic\\WooCommerce\\Internal\\ProductAttributesLookup\\LookupDataStore->get_attribute_taxonomies(false)\n#1 /home/thefoxbutter/public_html/wp-content/plugins/woocommerce/src/Internal/ProductAttributesLookup/LookupDataStore.php(283): Automattic\\WooCommerce\\Internal\\ProductAttributesLookup\\LookupDataStore->create_data_for_variation(Object(WC_Product_Variation))\n#2 /home/thefoxbutter/public_html/wp-content/plugins/w in /home/thefoxbutter/public_html/wp-content/plugins/woocommerce/src/Internal/ProductAttributesLookup/LookupDataStore.php on line 516', '2023-05-02 02:57:18', '2023-05-02 02:57:18'),
(418, 121, 'action started via Async Request', '2023-05-02 02:57:18', '2023-05-02 02:57:18'),
(419, 121, 'unexpected shutdown: PHP Fatal error Uncaught TypeError: Argument 1 passed to Automattic\\WooCommerce\\Internal\\ProductAttributesLookup\\LookupDataStore::get_attribute_taxonomies() must be an instance of WC_Product, bool given, called in /home/thefoxbutter/public_html/wp-content/plugins/woocommerce/src/Internal/ProductAttributesLookup/LookupDataStore.php on line 378 and defined in /home/thefoxbutter/public_html/wp-content/plugins/woocommerce/src/Internal/ProductAttributesLookup/LookupDataStore.php:516\nStack trace:\n#0 /home/thefoxbutter/public_html/wp-content/plugins/woocommerce/src/Internal/ProductAttributesLookup/LookupDataStore.php(378): Automattic\\WooCommerce\\Internal\\ProductAttributesLookup\\LookupDataStore->get_attribute_taxonomies(false)\n#1 /home/thefoxbutter/public_html/wp-content/plugins/woocommerce/src/Internal/ProductAttributesLookup/LookupDataStore.php(283): Automattic\\WooCommerce\\Internal\\ProductAttributesLookup\\LookupDataStore->create_data_for_variation(Object(WC_Product_Variation))\n#2 /home/thefoxbutter/public_html/wp-content/plugins/w in /home/thefoxbutter/public_html/wp-content/plugins/woocommerce/src/Internal/ProductAttributesLookup/LookupDataStore.php on line 516', '2023-05-02 02:57:18', '2023-05-02 02:57:18'),
(425, 122, 'action started via Async Request', '2023-05-02 02:57:33', '2023-05-02 02:57:33'),
(426, 122, 'unexpected shutdown: PHP Fatal error Uncaught TypeError: Argument 1 passed to Automattic\\WooCommerce\\Internal\\ProductAttributesLookup\\LookupDataStore::get_attribute_taxonomies() must be an instance of WC_Product, bool given, called in /home/thefoxbutter/public_html/wp-content/plugins/woocommerce/src/Internal/ProductAttributesLookup/LookupDataStore.php on line 378 and defined in /home/thefoxbutter/public_html/wp-content/plugins/woocommerce/src/Internal/ProductAttributesLookup/LookupDataStore.php:516\nStack trace:\n#0 /home/thefoxbutter/public_html/wp-content/plugins/woocommerce/src/Internal/ProductAttributesLookup/LookupDataStore.php(378): Automattic\\WooCommerce\\Internal\\ProductAttributesLookup\\LookupDataStore->get_attribute_taxonomies(false)\n#1 /home/thefoxbutter/public_html/wp-content/plugins/woocommerce/src/Internal/ProductAttributesLookup/LookupDataStore.php(283): Automattic\\WooCommerce\\Internal\\ProductAttributesLookup\\LookupDataStore->create_data_for_variation(Object(WC_Product_Variation))\n#2 /home/thefoxbutter/public_html/wp-content/plugins/w in /home/thefoxbutter/public_html/wp-content/plugins/woocommerce/src/Internal/ProductAttributesLookup/LookupDataStore.php on line 516', '2023-05-02 02:57:33', '2023-05-02 02:57:33'),
(44012, 14732, 'action complete via Async Request', '2025-09-06 19:03:33', '2025-09-06 15:03:33'),
(43989, 14760, 'action created', '2025-09-06 19:03:30', '2025-09-06 15:03:30'),
(43990, 14761, 'action created', '2025-09-06 19:03:31', '2025-09-06 15:03:31'),
(43991, 14762, 'action created', '2025-09-06 19:03:31', '2025-09-06 15:03:31'),
(43992, 14763, 'action created', '2025-09-06 19:03:31', '2025-09-06 15:03:31'),
(43993, 14764, 'action created', '2025-09-06 19:03:31', '2025-09-06 15:03:31'),
(43994, 14765, 'action created', '2025-09-06 19:03:31', '2025-09-06 15:03:31'),
(43995, 14766, 'action created', '2025-09-06 19:03:32', '2025-09-06 15:03:32'),
(43996, 14767, 'action created', '2025-09-06 19:03:32', '2025-09-06 15:03:32'),
(43997, 14768, 'action created', '2025-09-06 19:03:32', '2025-09-06 15:03:32'),
(43998, 14769, 'action created', '2025-09-06 19:03:32', '2025-09-06 15:03:32'),
(43999, 14770, 'action created', '2025-09-06 19:03:32', '2025-09-06 15:03:32'),
(44000, 14771, 'action created', '2025-09-06 19:03:32', '2025-09-06 15:03:32'),
(44001, 14727, 'action started via Async Request', '2025-09-06 19:03:33', '2025-09-06 15:03:33'),
(44002, 14727, 'action complete via Async Request', '2025-09-06 19:03:33', '2025-09-06 15:03:33'),
(44003, 14728, 'action started via Async Request', '2025-09-06 19:03:33', '2025-09-06 15:03:33'),
(44004, 14728, 'action complete via Async Request', '2025-09-06 19:03:33', '2025-09-06 15:03:33'),
(44005, 14729, 'action started via Async Request', '2025-09-06 19:03:33', '2025-09-06 15:03:33'),
(44006, 14729, 'action complete via Async Request', '2025-09-06 19:03:33', '2025-09-06 15:03:33'),
(44007, 14730, 'action started via Async Request', '2025-09-06 19:03:33', '2025-09-06 15:03:33'),
(44008, 14730, 'action complete via Async Request', '2025-09-06 19:03:33', '2025-09-06 15:03:33'),
(44009, 14731, 'action started via Async Request', '2025-09-06 19:03:33', '2025-09-06 15:03:33'),
(44010, 14731, 'action complete via Async Request', '2025-09-06 19:03:33', '2025-09-06 15:03:33'),
(44011, 14732, 'action started via Async Request', '2025-09-06 19:03:33', '2025-09-06 15:03:33'),
(43960, 14731, 'action created', '2025-09-06 19:03:26', '2025-09-06 15:03:26'),
(43956, 14726, 'action complete via Async Request', '2025-09-06 19:03:26', '2025-09-06 15:03:26'),
(43957, 14728, 'action created', '2025-09-06 19:03:26', '2025-09-06 15:03:26'),
(43958, 14729, 'action created', '2025-09-06 19:03:26', '2025-09-06 15:03:26'),
(43954, 14725, 'action complete via Async Request', '2025-09-06 19:03:26', '2025-09-06 15:03:26'),
(43955, 14726, 'action started via Async Request', '2025-09-06 19:03:26', '2025-09-06 15:03:26'),
(43951, 14724, 'action started via Async Request', '2025-09-06 19:03:26', '2025-09-06 15:03:26'),
(43952, 14724, 'action complete via Async Request', '2025-09-06 19:03:26', '2025-09-06 15:03:26'),
(43953, 14725, 'action started via Async Request', '2025-09-06 19:03:26', '2025-09-06 15:03:26'),
(43925, 14712, 'action complete via Async Request', '2025-09-06 19:03:25', '2025-09-06 15:03:25'),
(43924, 14712, 'action started via Async Request', '2025-09-06 19:03:25', '2025-09-06 15:03:25'),
(43824, 14695, 'action created', '2025-09-06 19:03:20', '2025-09-06 15:03:20'),
(43825, 14696, 'action created', '2025-09-06 19:03:21', '2025-09-06 15:03:21'),
(43826, 14697, 'action created', '2025-09-06 19:03:21', '2025-09-06 15:03:21'),
(43827, 14698, 'action created', '2025-09-06 19:03:21', '2025-09-06 15:03:21'),
(43828, 14699, 'action created', '2025-09-06 19:03:21', '2025-09-06 15:03:21'),
(43829, 14700, 'action created', '2025-09-06 19:03:21', '2025-09-06 15:03:21'),
(43830, 14701, 'action created', '2025-09-06 19:03:21', '2025-09-06 15:03:21'),
(43831, 14702, 'action created', '2025-09-06 19:03:21', '2025-09-06 15:03:21'),
(43832, 14703, 'action created', '2025-09-06 19:03:22', '2025-09-06 15:03:22'),
(43833, 14704, 'action created', '2025-09-06 19:03:22', '2025-09-06 15:03:22'),
(43834, 14705, 'action created', '2025-09-06 19:03:22', '2025-09-06 15:03:22'),
(43835, 14706, 'action created', '2025-09-06 19:03:22', '2025-09-06 15:03:22'),
(43836, 14707, 'action created', '2025-09-06 19:03:22', '2025-09-06 15:03:22'),
(43837, 14708, 'action created', '2025-09-06 19:03:22', '2025-09-06 15:03:22'),
(43838, 14709, 'action created', '2025-09-06 19:03:23', '2025-09-06 15:03:23'),
(43839, 14710, 'action created', '2025-09-06 19:03:23', '2025-09-06 15:03:23'),
(43840, 14711, 'action created', '2025-09-06 19:03:23', '2025-09-06 15:03:23'),
(43796, 14672, 'action started via Async Request', '2025-09-06 19:03:18', '2025-09-06 15:03:18'),
(43797, 14677, 'action created', '2025-09-06 19:03:18', '2025-09-06 15:03:18'),
(43798, 14672, 'action complete via Async Request', '2025-09-06 19:03:18', '2025-09-06 15:03:18'),
(43789, 14668, 'action complete via Async Request', '2025-09-06 19:03:17', '2025-09-06 15:03:17'),
(43790, 14669, 'action started via Async Request', '2025-09-06 19:03:17', '2025-09-06 15:03:17'),
(43791, 14669, 'action complete via Async Request', '2025-09-06 19:03:17', '2025-09-06 15:03:17'),
(43792, 14670, 'action started via Async Request', '2025-09-06 19:03:17', '2025-09-06 15:03:17'),
(43732, 14673, 'action created', '2025-09-06 19:03:17', '2025-09-06 15:03:17'),
(43733, 14642, 'action started via Async Request', '2025-09-06 19:03:17', '2025-09-06 15:03:17'),
(43729, 14640, 'action complete via Async Request', '2025-09-06 19:03:17', '2025-09-06 15:03:17'),
(43730, 14641, 'action started via Async Request', '2025-09-06 19:03:17', '2025-09-06 15:03:17'),
(43721, 14637, 'action started via Async Request', '2025-09-06 19:03:17', '2025-09-06 15:03:17'),
(43722, 14637, 'action complete via Async Request', '2025-09-06 19:03:17', '2025-09-06 15:03:17'),
(43723, 14638, 'action started via Async Request', '2025-09-06 19:03:17', '2025-09-06 15:03:17'),
(43724, 14638, 'action complete via Async Request', '2025-09-06 19:03:17', '2025-09-06 15:03:17'),
(43725, 14639, 'action started via Async Request', '2025-09-06 19:03:17', '2025-09-06 15:03:17'),
(43726, 14672, 'action created', '2025-09-06 19:03:17', '2025-09-06 15:03:17'),
(43727, 14639, 'action complete via Async Request', '2025-09-06 19:03:17', '2025-09-06 15:03:17'),
(43728, 14640, 'action started via Async Request', '2025-09-06 19:03:17', '2025-09-06 15:03:17'),
(43530, 14545, 'action complete via Async Request', '2025-09-06 19:03:15', '2025-09-06 15:03:15'),
(43531, 14546, 'action started via Async Request', '2025-09-06 19:03:15', '2025-09-06 15:03:15'),
(43532, 14546, 'action complete via Async Request', '2025-09-06 19:03:15', '2025-09-06 15:03:15'),
(43533, 14547, 'action started via Async Request', '2025-09-06 19:03:15', '2025-09-06 15:03:15'),
(43534, 14547, 'action complete via Async Request', '2025-09-06 19:03:15', '2025-09-06 15:03:15'),
(43515, 14538, 'action started via Async Request', '2025-09-06 19:03:15', '2025-09-06 15:03:15'),
(43516, 14538, 'action complete via Async Request', '2025-09-06 19:03:15', '2025-09-06 15:03:15'),
(43517, 14539, 'action started via Async Request', '2025-09-06 19:03:15', '2025-09-06 15:03:15'),
(43518, 14539, 'action complete via Async Request', '2025-09-06 19:03:15', '2025-09-06 15:03:15'),
(43519, 14540, 'action started via Async Request', '2025-09-06 19:03:15', '2025-09-06 15:03:15'),
(43520, 14540, 'action complete via Async Request', '2025-09-06 19:03:15', '2025-09-06 15:03:15'),
(43521, 14541, 'action started via Async Request', '2025-09-06 19:03:15', '2025-09-06 15:03:15'),
(43513, 14537, 'action started via Async Request', '2025-09-06 19:03:15', '2025-09-06 15:03:15'),
(43514, 14537, 'action complete via Async Request', '2025-09-06 19:03:15', '2025-09-06 15:03:15'),
(43510, 14535, 'action complete via Async Request', '2025-09-06 19:03:15', '2025-09-06 15:03:15'),
(43511, 14536, 'action started via Async Request', '2025-09-06 19:03:15', '2025-09-06 15:03:15'),
(43512, 14536, 'action complete via Async Request', '2025-09-06 19:03:15', '2025-09-06 15:03:15'),
(43508, 14534, 'action complete via Async Request', '2025-09-06 19:03:15', '2025-09-06 15:03:15'),
(43509, 14535, 'action started via Async Request', '2025-09-06 19:03:15', '2025-09-06 15:03:15'),
(43474, 14518, 'action started via Async Request', '2025-09-06 19:03:15', '2025-09-06 15:03:15'),
(29747, 9981, 'action created', '2023-07-20 22:39:26', '2023-07-20 18:39:26'),
(32708, 10966, 'action failed via Async Request: Scheduled action for action_scheduler/migration_hook will not be executed as no callbacks are registered.', '2023-08-16 19:00:06', '2023-08-16 15:00:06'),
(43961, 14732, 'action created', '2025-09-06 19:03:26', '2025-09-06 15:03:26'),
(43962, 14733, 'action created', '2025-09-06 19:03:26', '2025-09-06 15:03:26'),
(43963, 14734, 'action created', '2025-09-06 19:03:27', '2025-09-06 15:03:27'),
(43964, 14735, 'action created', '2025-09-06 19:03:27', '2025-09-06 15:03:27'),
(43965, 14736, 'action created', '2025-09-06 19:03:27', '2025-09-06 15:03:27'),
(43966, 14737, 'action created', '2025-09-06 19:03:27', '2025-09-06 15:03:27'),
(43967, 14738, 'action created', '2025-09-06 19:03:27', '2025-09-06 15:03:27'),
(43968, 14739, 'action created', '2025-09-06 19:03:28', '2025-09-06 15:03:28'),
(43969, 14740, 'action created', '2025-09-06 19:03:28', '2025-09-06 15:03:28'),
(43970, 14741, 'action created', '2025-09-06 19:03:28', '2025-09-06 15:03:28'),
(43971, 14742, 'action created', '2025-09-06 19:03:28', '2025-09-06 15:03:28'),
(43972, 14743, 'action created', '2025-09-06 19:03:28', '2025-09-06 15:03:28'),
(43973, 14744, 'action created', '2025-09-06 19:03:28', '2025-09-06 15:03:28'),
(43974, 14745, 'action created', '2025-09-06 19:03:28', '2025-09-06 15:03:28'),
(43975, 14746, 'action created', '2025-09-06 19:03:28', '2025-09-06 15:03:28'),
(43976, 14747, 'action created', '2025-09-06 19:03:28', '2025-09-06 15:03:28'),
(43977, 14748, 'action created', '2025-09-06 19:03:29', '2025-09-06 15:03:29'),
(43978, 14749, 'action created', '2025-09-06 19:03:29', '2025-09-06 15:03:29'),
(43979, 14750, 'action created', '2025-09-06 19:03:29', '2025-09-06 15:03:29'),
(43980, 14751, 'action created', '2025-09-06 19:03:29', '2025-09-06 15:03:29'),
(43981, 14752, 'action created', '2025-09-06 19:03:29', '2025-09-06 15:03:29'),
(43982, 14753, 'action created', '2025-09-06 19:03:29', '2025-09-06 15:03:29'),
(43983, 14754, 'action created', '2025-09-06 19:03:30', '2025-09-06 15:03:30'),
(43984, 14755, 'action created', '2025-09-06 19:03:30', '2025-09-06 15:03:30'),
(43985, 14756, 'action created', '2025-09-06 19:03:30', '2025-09-06 15:03:30'),
(43986, 14757, 'action created', '2025-09-06 19:03:30', '2025-09-06 15:03:30'),
(43987, 14758, 'action created', '2025-09-06 19:03:30', '2025-09-06 15:03:30'),
(43988, 14759, 'action created', '2025-09-06 19:03:30', '2025-09-06 15:03:30'),
(43906, 14703, 'action started via Async Request', '2025-09-06 19:03:25', '2025-09-06 15:03:25'),
(43907, 14703, 'action complete via Async Request', '2025-09-06 19:03:25', '2025-09-06 15:03:25'),
(43908, 14704, 'action started via Async Request', '2025-09-06 19:03:25', '2025-09-06 15:03:25'),
(43909, 14704, 'action complete via Async Request', '2025-09-06 19:03:25', '2025-09-06 15:03:25'),
(43910, 14705, 'action started via Async Request', '2025-09-06 19:03:25', '2025-09-06 15:03:25'),
(43911, 14705, 'action complete via Async Request', '2025-09-06 19:03:25', '2025-09-06 15:03:25'),
(43912, 14706, 'action started via Async Request', '2025-09-06 19:03:25', '2025-09-06 15:03:25'),
(43913, 14706, 'action complete via Async Request', '2025-09-06 19:03:25', '2025-09-06 15:03:25'),
(43914, 14707, 'action started via Async Request', '2025-09-06 19:03:25', '2025-09-06 15:03:25'),
(43915, 14707, 'action complete via Async Request', '2025-09-06 19:03:25', '2025-09-06 15:03:25'),
(43916, 14708, 'action started via Async Request', '2025-09-06 19:03:25', '2025-09-06 15:03:25'),
(43917, 14708, 'action complete via Async Request', '2025-09-06 19:03:25', '2025-09-06 15:03:25'),
(43918, 14709, 'action started via Async Request', '2025-09-06 19:03:25', '2025-09-06 15:03:25'),
(43919, 14709, 'action complete via Async Request', '2025-09-06 19:03:25', '2025-09-06 15:03:25'),
(43920, 14710, 'action started via Async Request', '2025-09-06 19:03:25', '2025-09-06 15:03:25'),
(43921, 14710, 'action complete via Async Request', '2025-09-06 19:03:25', '2025-09-06 15:03:25'),
(43922, 14711, 'action started via Async Request', '2025-09-06 19:03:25', '2025-09-06 15:03:25'),
(43923, 14711, 'action complete via Async Request', '2025-09-06 19:03:25', '2025-09-06 15:03:25'),
(43841, 14712, 'action created', '2025-09-06 19:03:23', '2025-09-06 15:03:23'),
(43746, 14648, 'action started via Async Request', '2025-09-06 19:03:17', '2025-09-06 15:03:17'),
(43747, 14648, 'action complete via Async Request', '2025-09-06 19:03:17', '2025-09-06 15:03:17'),
(43714, 14633, 'action complete via Async Request', '2025-09-06 19:03:17', '2025-09-06 15:03:17'),
(43713, 14633, 'action started via Async Request', '2025-09-06 19:03:17', '2025-09-06 15:03:17'),
(43703, 14628, 'action started via Async Request', '2025-09-06 19:03:17', '2025-09-06 15:03:17'),
(43704, 14628, 'action complete via Async Request', '2025-09-06 19:03:17', '2025-09-06 15:03:17'),
(43699, 14626, 'action started via Async Request', '2025-09-06 19:03:17', '2025-09-06 15:03:17'),
(43700, 14626, 'action complete via Async Request', '2025-09-06 19:03:17', '2025-09-06 15:03:17'),
(43701, 14627, 'action started via Async Request', '2025-09-06 19:03:17', '2025-09-06 15:03:17'),
(43457, 14509, 'action complete via Async Request', '2025-09-06 19:03:15', '2025-09-06 15:03:15'),
(43458, 14510, 'action started via Async Request', '2025-09-06 19:03:15', '2025-09-06 15:03:15'),
(43435, 14499, 'action started via Async Request', '2025-09-06 19:03:15', '2025-09-06 15:03:15'),
(43436, 14499, 'action complete via Async Request', '2025-09-06 19:03:15', '2025-09-06 15:03:15'),
(43404, 14484, 'action started via Async Request', '2025-09-06 19:03:15', '2025-09-06 15:03:15'),
(43405, 14484, 'action complete via Async Request', '2025-09-06 19:03:15', '2025-09-06 15:03:15'),
(43406, 14485, 'action started via Async Request', '2025-09-06 19:03:15', '2025-09-06 15:03:15'),
(43407, 14485, 'action complete via Async Request', '2025-09-06 19:03:15', '2025-09-06 15:03:15'),
(43408, 14486, 'action started via Async Request', '2025-09-06 19:03:15', '2025-09-06 15:03:15'),
(43409, 14486, 'action complete via Async Request', '2025-09-06 19:03:15', '2025-09-06 15:03:15'),
(43410, 14487, 'action started via Async Request', '2025-09-06 19:03:15', '2025-09-06 15:03:15'),
(43411, 14487, 'action complete via Async Request', '2025-09-06 19:03:15', '2025-09-06 15:03:15'),
(43412, 14488, 'action started via Async Request', '2025-09-06 19:03:15', '2025-09-06 15:03:15'),
(43413, 14488, 'action complete via Async Request', '2025-09-06 19:03:15', '2025-09-06 15:03:15'),
(43414, 14489, 'action started via Async Request', '2025-09-06 19:03:15', '2025-09-06 15:03:15'),
(43415, 14489, 'action complete via Async Request', '2025-09-06 19:03:15', '2025-09-06 15:03:15'),
(43416, 14490, 'action started via Async Request', '2025-09-06 19:03:15', '2025-09-06 15:03:15'),
(43417, 14490, 'action complete via Async Request', '2025-09-06 19:03:15', '2025-09-06 15:03:15'),
(43418, 14491, 'action started via Async Request', '2025-09-06 19:03:15', '2025-09-06 15:03:15'),
(43419, 14491, 'action complete via Async Request', '2025-09-06 19:03:15', '2025-09-06 15:03:15'),
(43401, 14482, 'action complete via Async Request', '2025-09-06 19:03:15', '2025-09-06 15:03:15'),
(43395, 14480, 'action started via Async Request', '2025-09-06 19:03:14', '2025-09-06 15:03:14'),
(43396, 14660, 'action created', '2025-09-06 19:03:14', '2025-09-06 15:03:14'),
(43397, 14480, 'action complete via Async Request', '2025-09-06 19:03:14', '2025-09-06 15:03:14'),
(43392, 14478, 'action complete via Async Request', '2025-09-06 19:03:14', '2025-09-06 15:03:14'),
(43393, 14479, 'action started via Async Request', '2025-09-06 19:03:14', '2025-09-06 15:03:14'),
(43394, 14479, 'action complete via Async Request', '2025-09-06 19:03:14', '2025-09-06 15:03:14'),
(43275, 14616, 'action created', '2025-09-06 19:03:08', '2025-09-06 15:03:08'),
(43262, 14603, 'action created', '2025-09-06 19:03:05', '2025-09-06 15:03:05'),
(43255, 14596, 'action created', '2025-09-06 19:03:04', '2025-09-06 15:03:04'),
(43256, 14597, 'action created', '2025-09-06 19:03:04', '2025-09-06 15:03:04'),
(43257, 14598, 'action created', '2025-09-06 19:03:04', '2025-09-06 15:03:04'),
(43258, 14599, 'action created', '2025-09-06 19:03:05', '2025-09-06 15:03:05'),
(43259, 14600, 'action created', '2025-09-06 19:03:05', '2025-09-06 15:03:05'),
(43260, 14601, 'action created', '2025-09-06 19:03:05', '2025-09-06 15:03:05'),
(43261, 14602, 'action created', '2025-09-06 19:03:05', '2025-09-06 15:03:05'),
(43242, 14583, 'action created', '2025-09-06 19:03:02', '2025-09-06 15:03:02'),
(43232, 14573, 'action created', '2025-09-06 19:03:00', '2025-09-06 15:03:00'),
(43224, 14565, 'action created', '2025-09-06 19:02:58', '2025-09-06 15:02:58'),
(43225, 14566, 'action created', '2025-09-06 19:02:58', '2025-09-06 15:02:58'),
(43226, 14567, 'action created', '2025-09-06 19:02:58', '2025-09-06 15:02:58'),
(43227, 14568, 'action created', '2025-09-06 19:02:59', '2025-09-06 15:02:59'),
(43228, 14569, 'action created', '2025-09-06 19:02:59', '2025-09-06 15:02:59'),
(43229, 14570, 'action created', '2025-09-06 19:02:59', '2025-09-06 15:02:59'),
(43215, 14556, 'action created', '2025-09-06 19:02:56', '2025-09-06 15:02:56'),
(43216, 14557, 'action created', '2025-09-06 19:02:56', '2025-09-06 15:02:56'),
(43217, 14558, 'action created', '2025-09-06 19:02:57', '2025-09-06 15:02:57'),
(43218, 14559, 'action created', '2025-09-06 19:02:57', '2025-09-06 15:02:57'),
(43219, 14560, 'action created', '2025-09-06 19:02:57', '2025-09-06 15:02:57'),
(43220, 14561, 'action created', '2025-09-06 19:02:57', '2025-09-06 15:02:57'),
(43221, 14562, 'action created', '2025-09-06 19:02:58', '2025-09-06 15:02:58'),
(43200, 14541, 'action created', '2025-09-06 19:02:54', '2025-09-06 15:02:54'),
(43197, 14538, 'action created', '2025-09-06 19:02:54', '2025-09-06 15:02:54'),
(43159, 14500, 'action created', '2025-09-06 19:02:48', '2025-09-06 15:02:48'),
(42800, 14354, 'action complete via Async Request', '2025-09-05 03:11:11', '2025-09-04 23:11:11'),
(42798, 14334, 'action complete via Async Request', '2025-09-05 03:11:11', '2025-09-04 23:11:11'),
(42799, 14354, 'action started via Async Request', '2025-09-05 03:11:11', '2025-09-04 23:11:11'),
(42547, 14242, 'action complete via WP Cron', '2025-08-26 10:08:59', '2025-08-26 06:08:59'),
(42531, 14236, 'action started via WP Cron', '2025-08-25 09:08:29', '2025-08-25 05:08:29'),
(42532, 14236, 'action complete via WP Cron', '2025-08-25 09:08:29', '2025-08-25 05:08:29'),
(42533, 14242, 'action created', '2025-08-25 09:08:29', '2025-08-25 05:08:29'),
(42548, 14247, 'action created', '2025-08-26 10:08:59', '2025-08-26 06:08:59'),
(42782, 14332, 'action complete via Async Request', '2025-09-05 03:11:11', '2025-09-04 23:11:11'),
(42783, 14352, 'action started via Async Request', '2025-09-05 03:11:11', '2025-09-04 23:11:11'),
(42784, 14352, 'action complete via Async Request', '2025-09-05 03:11:11', '2025-09-04 23:11:11'),
(42785, 14294, 'action started via Async Request', '2025-09-05 03:11:11', '2025-09-04 23:11:11'),
(42786, 14294, 'action complete via Async Request', '2025-09-05 03:11:11', '2025-09-04 23:11:11'),
(42787, 14313, 'action started via Async Request', '2025-09-05 03:11:11', '2025-09-04 23:11:11'),
(13582, 4580, 'action failed via Async Request: Scheduled action for action_scheduler/migration_hook will not be executed as no callbacks are registered.', '2023-06-06 19:04:12', '2023-06-06 19:04:12'),
(13581, 4580, 'action started via Async Request', '2023-06-06 19:04:12', '2023-06-06 19:04:12'),
(13572, 4580, 'action created', '2023-06-06 19:03:07', '2023-06-06 19:03:07'),
(13559, 4575, 'action started via WP Cron', '2023-06-06 18:53:28', '2023-06-06 18:53:28'),
(43959, 14730, 'action created', '2025-09-06 19:03:26', '2025-09-06 15:03:26'),
(43823, 14694, 'action created', '2025-09-06 19:03:20', '2025-09-06 15:03:20'),
(43702, 14627, 'action complete via Async Request', '2025-09-06 19:03:17', '2025-09-06 15:03:17'),
(43696, 14624, 'action complete via Async Request', '2025-09-06 19:03:17', '2025-09-06 15:03:17'),
(43504, 14532, 'action complete via Async Request', '2025-09-06 19:03:15', '2025-09-06 15:03:15'),
(43487, 14524, 'action complete via Async Request', '2025-09-06 19:03:15', '2025-09-06 15:03:15'),
(43488, 14525, 'action started via Async Request', '2025-09-06 19:03:15', '2025-09-06 15:03:15'),
(43489, 14525, 'action complete via Async Request', '2025-09-06 19:03:15', '2025-09-06 15:03:15'),
(43490, 14663, 'action created', '2025-09-06 19:03:15', '2025-09-06 15:03:15'),
(43491, 14526, 'action started via Async Request', '2025-09-06 19:03:15', '2025-09-06 15:03:15'),
(43492, 14526, 'action complete via Async Request', '2025-09-06 19:03:15', '2025-09-06 15:03:15'),
(43493, 14527, 'action started via Async Request', '2025-09-06 19:03:15', '2025-09-06 15:03:15'),
(43494, 14527, 'action complete via Async Request', '2025-09-06 19:03:15', '2025-09-06 15:03:15'),
(43495, 14528, 'action started via Async Request', '2025-09-06 19:03:15', '2025-09-06 15:03:15'),
(43496, 14528, 'action complete via Async Request', '2025-09-06 19:03:15', '2025-09-06 15:03:15'),
(43461, 14511, 'action complete via Async Request', '2025-09-06 19:03:15', '2025-09-06 15:03:15'),
(43462, 14512, 'action started via Async Request', '2025-09-06 19:03:15', '2025-09-06 15:03:15'),
(43463, 14512, 'action complete via Async Request', '2025-09-06 19:03:15', '2025-09-06 15:03:15'),
(43426, 14494, 'action complete via Async Request', '2025-09-06 19:03:15', '2025-09-06 15:03:15'),
(43427, 14495, 'action started via Async Request', '2025-09-06 19:03:15', '2025-09-06 15:03:15'),
(43423, 14493, 'action started via Async Request', '2025-09-06 19:03:15', '2025-09-06 15:03:15'),
(43424, 14493, 'action complete via Async Request', '2025-09-06 19:03:15', '2025-09-06 15:03:15'),
(43425, 14494, 'action started via Async Request', '2025-09-06 19:03:15', '2025-09-06 15:03:15'),
(43264, 14605, 'action created', '2025-09-06 19:03:06', '2025-09-06 15:03:06'),
(43248, 14589, 'action created', '2025-09-06 19:03:03', '2025-09-06 15:03:03'),
(43249, 14590, 'action created', '2025-09-06 19:03:03', '2025-09-06 15:03:03'),
(43250, 14591, 'action created', '2025-09-06 19:03:03', '2025-09-06 15:03:03'),
(43251, 14592, 'action created', '2025-09-06 19:03:03', '2025-09-06 15:03:03'),
(43252, 14593, 'action created', '2025-09-06 19:03:03', '2025-09-06 15:03:03'),
(43244, 14585, 'action created', '2025-09-06 19:03:02', '2025-09-06 15:03:02'),
(43245, 14586, 'action created', '2025-09-06 19:03:03', '2025-09-06 15:03:03'),
(43246, 14587, 'action created', '2025-09-06 19:03:03', '2025-09-06 15:03:03'),
(43247, 14588, 'action created', '2025-09-06 19:03:03', '2025-09-06 15:03:03'),
(43233, 14574, 'action created', '2025-09-06 19:03:00', '2025-09-06 15:03:00'),
(43234, 14575, 'action created', '2025-09-06 19:03:00', '2025-09-06 15:03:00'),
(43235, 14576, 'action created', '2025-09-06 19:03:01', '2025-09-06 15:03:01'),
(43230, 14571, 'action created', '2025-09-06 19:03:00', '2025-09-06 15:03:00'),
(43196, 14537, 'action created', '2025-09-06 19:02:53', '2025-09-06 15:02:53'),
(42806, 14335, 'action complete via Async Request', '2025-09-05 03:11:11', '2025-09-04 23:11:11'),
(42801, 14296, 'action started via Async Request', '2025-09-05 03:11:11', '2025-09-04 23:11:11'),
(42802, 14296, 'action complete via Async Request', '2025-09-05 03:11:11', '2025-09-04 23:11:11'),
(42803, 14315, 'action started via Async Request', '2025-09-05 03:11:11', '2025-09-04 23:11:11'),
(42804, 14315, 'action complete via Async Request', '2025-09-05 03:11:11', '2025-09-04 23:11:11'),
(42805, 14335, 'action started via Async Request', '2025-09-05 03:11:11', '2025-09-04 23:11:11'),
(42527, 14240, 'action created', '2025-08-25 09:08:29', '2025-08-25 05:08:29'),
(42526, 14234, 'action complete via WP Cron', '2025-08-25 09:08:29', '2025-08-25 05:08:29'),
(42536, 14243, 'action created', '2025-08-26 06:38:31', '2025-08-26 02:38:31'),
(42524, 14239, 'action created', '2025-08-25 09:08:29', '2025-08-25 05:08:29'),
(42523, 14233, 'action complete via WP Cron', '2025-08-25 09:08:29', '2025-08-25 05:08:29'),
(42539, 14244, 'action created', '2025-08-26 10:08:59', '2025-08-26 06:08:59'),
(42540, 14240, 'action started via WP Cron', '2025-08-26 10:08:59', '2025-08-26 06:08:59'),
(32706, 10966, 'action created', '2023-08-16 18:58:43', '2023-08-16 14:58:43'),
(32707, 10966, 'action started via Async Request', '2023-08-16 19:00:06', '2023-08-16 15:00:06'),
(43898, 14699, 'action started via Async Request', '2025-09-06 19:03:25', '2025-09-06 15:03:25'),
(43899, 14699, 'action complete via Async Request', '2025-09-06 19:03:25', '2025-09-06 15:03:25'),
(43900, 14700, 'action started via Async Request', '2025-09-06 19:03:25', '2025-09-06 15:03:25'),
(43901, 14700, 'action complete via Async Request', '2025-09-06 19:03:25', '2025-09-06 15:03:25'),
(43902, 14701, 'action started via Async Request', '2025-09-06 19:03:25', '2025-09-06 15:03:25'),
(43903, 14701, 'action complete via Async Request', '2025-09-06 19:03:25', '2025-09-06 15:03:25'),
(43904, 14702, 'action started via Async Request', '2025-09-06 19:03:25', '2025-09-06 15:03:25'),
(43905, 14702, 'action complete via Async Request', '2025-09-06 19:03:25', '2025-09-06 15:03:25'),
(43877, 14689, 'action complete via Async Request', '2025-09-06 19:03:25', '2025-09-06 15:03:25'),
(43878, 14723, 'action created', '2025-09-06 19:03:25', '2025-09-06 15:03:25'),
(43879, 14690, 'action started via Async Request', '2025-09-06 19:03:25', '2025-09-06 15:03:25'),
(43880, 14690, 'action complete via Async Request', '2025-09-06 19:03:25', '2025-09-06 15:03:25'),
(43881, 14724, 'action created', '2025-09-06 19:03:25', '2025-09-06 15:03:25'),
(43882, 14691, 'action started via Async Request', '2025-09-06 19:03:25', '2025-09-06 15:03:25'),
(43883, 14691, 'action complete via Async Request', '2025-09-06 19:03:25', '2025-09-06 15:03:25'),
(43884, 14692, 'action started via Async Request', '2025-09-06 19:03:25', '2025-09-06 15:03:25'),
(43885, 14692, 'action complete via Async Request', '2025-09-06 19:03:25', '2025-09-06 15:03:25'),
(43886, 14693, 'action started via Async Request', '2025-09-06 19:03:25', '2025-09-06 15:03:25'),
(43887, 14693, 'action complete via Async Request', '2025-09-06 19:03:25', '2025-09-06 15:03:25'),
(43888, 14694, 'action started via Async Request', '2025-09-06 19:03:25', '2025-09-06 15:03:25'),
(43889, 14694, 'action complete via Async Request', '2025-09-06 19:03:25', '2025-09-06 15:03:25'),
(43890, 14695, 'action started via Async Request', '2025-09-06 19:03:25', '2025-09-06 15:03:25'),
(43891, 14695, 'action complete via Async Request', '2025-09-06 19:03:25', '2025-09-06 15:03:25'),
(43892, 14696, 'action started via Async Request', '2025-09-06 19:03:25', '2025-09-06 15:03:25'),
(43893, 14696, 'action complete via Async Request', '2025-09-06 19:03:25', '2025-09-06 15:03:25'),
(43894, 14697, 'action started via Async Request', '2025-09-06 19:03:25', '2025-09-06 15:03:25'),
(43895, 14697, 'action complete via Async Request', '2025-09-06 19:03:25', '2025-09-06 15:03:25'),
(43896, 14698, 'action started via Async Request', '2025-09-06 19:03:25', '2025-09-06 15:03:25'),
(43897, 14698, 'action complete via Async Request', '2025-09-06 19:03:25', '2025-09-06 15:03:25'),
(43874, 14688, 'action started via Async Request', '2025-09-06 19:03:25', '2025-09-06 15:03:25'),
(43875, 14688, 'action complete via Async Request', '2025-09-06 19:03:25', '2025-09-06 15:03:25'),
(43876, 14689, 'action started via Async Request', '2025-09-06 19:03:25', '2025-09-06 15:03:25'),
(43742, 14646, 'action started via Async Request', '2025-09-06 19:03:17', '2025-09-06 15:03:17'),
(43743, 14646, 'action complete via Async Request', '2025-09-06 19:03:17', '2025-09-06 15:03:17'),
(43744, 14647, 'action started via Async Request', '2025-09-06 19:03:17', '2025-09-06 15:03:17'),
(43739, 14645, 'action started via Async Request', '2025-09-06 19:03:17', '2025-09-06 15:03:17'),
(43740, 14645, 'action complete via Async Request', '2025-09-06 19:03:17', '2025-09-06 15:03:17'),
(43741, 14674, 'action created', '2025-09-06 19:03:17', '2025-09-06 15:03:17'),
(43695, 14624, 'action started via Async Request', '2025-09-06 19:03:17', '2025-09-06 15:03:17'),
(43501, 14531, 'action started via Async Request', '2025-09-06 19:03:15', '2025-09-06 15:03:15'),
(43502, 14531, 'action complete via Async Request', '2025-09-06 19:03:15', '2025-09-06 15:03:15'),
(43503, 14532, 'action started via Async Request', '2025-09-06 19:03:15', '2025-09-06 15:03:15'),
(43500, 14530, 'action complete via Async Request', '2025-09-06 19:03:15', '2025-09-06 15:03:15'),
(43497, 14529, 'action started via Async Request', '2025-09-06 19:03:15', '2025-09-06 15:03:15'),
(43498, 14529, 'action complete via Async Request', '2025-09-06 19:03:15', '2025-09-06 15:03:15'),
(43499, 14530, 'action started via Async Request', '2025-09-06 19:03:15', '2025-09-06 15:03:15'),
(43460, 14511, 'action started via Async Request', '2025-09-06 19:03:15', '2025-09-06 15:03:15'),
(43420, 14661, 'action created', '2025-09-06 19:03:15', '2025-09-06 15:03:15'),
(43379, 14472, 'action started via Async Request', '2025-09-06 19:03:14', '2025-09-06 15:03:14'),
(43378, 14471, 'action complete via Async Request', '2025-09-06 19:03:14', '2025-09-06 15:03:14'),
(43280, 14621, 'action created', '2025-09-06 19:03:09', '2025-09-06 15:03:09'),
(43281, 14622, 'action created', '2025-09-06 19:03:09', '2025-09-06 15:03:09'),
(43282, 14623, 'action created', '2025-09-06 19:03:09', '2025-09-06 15:03:09'),
(43265, 14606, 'action created', '2025-09-06 19:03:06', '2025-09-06 15:03:06'),
(43211, 14552, 'action created', '2025-09-06 19:02:56', '2025-09-06 15:02:56'),
(43198, 14539, 'action created', '2025-09-06 19:02:54', '2025-09-06 15:02:54'),
(43193, 14534, 'action created', '2025-09-06 19:02:53', '2025-09-06 15:02:53'),
(43194, 14535, 'action created', '2025-09-06 19:02:53', '2025-09-06 15:02:53'),
(43195, 14536, 'action created', '2025-09-06 19:02:53', '2025-09-06 15:02:53'),
(43188, 14529, 'action created', '2025-09-06 19:02:52', '2025-09-06 15:02:52'),
(43189, 14530, 'action created', '2025-09-06 19:02:52', '2025-09-06 15:02:52'),
(43190, 14531, 'action created', '2025-09-06 19:02:53', '2025-09-06 15:02:53'),
(43185, 14526, 'action created', '2025-09-06 19:02:52', '2025-09-06 15:02:52'),
(43186, 14527, 'action created', '2025-09-06 19:02:52', '2025-09-06 15:02:52'),
(43187, 14528, 'action created', '2025-09-06 19:02:52', '2025-09-06 15:02:52'),
(43091, 14438, 'action created', '2025-09-06 18:15:24', '2025-09-06 14:15:24'),
(42425, 14206, 'action created', '2025-08-17 11:04:21', '2025-08-17 07:04:21'),
(42426, 14176, 'action started via WP Cron', '2025-08-17 11:04:21', '2025-08-17 07:04:21'),
(42427, 14176, 'action complete via WP Cron', '2025-08-17 11:04:21', '2025-08-17 07:04:21'),
(42428, 14207, 'action created', '2025-08-17 11:04:21', '2025-08-17 07:04:21'),
(43074, 14433, 'action created', '2025-09-06 17:52:23', '2025-09-06 13:52:23'),
(43075, 14434, 'action created', '2025-09-06 17:52:30', '2025-09-06 13:52:30'),
(43076, 14434, 'action started via WP Cron', '2025-09-06 17:53:42', '2025-09-06 13:53:42'),
(43077, 14434, 'action complete via WP Cron', '2025-09-06 17:53:42', '2025-09-06 13:53:42'),
(43078, 14431, 'action started via WP Cron', '2025-09-06 17:53:42', '2025-09-06 13:53:42'),
(43079, 14431, 'action complete via WP Cron', '2025-09-06 17:53:42', '2025-09-06 13:53:42'),
(43080, 14433, 'action started via WP Cron', '2025-09-06 17:55:10', '2025-09-06 13:55:10'),
(43081, 14433, 'action complete via WP Cron', '2025-09-06 17:55:11', '2025-09-06 13:55:11'),
(43082, 14428, 'action started via Async Request', '2025-09-06 18:08:00', '2025-09-06 14:08:00'),
(43083, 14428, 'action complete via Async Request', '2025-09-06 18:08:00', '2025-09-06 14:08:00'),
(43084, 14435, 'action created', '2025-09-06 18:08:00', '2025-09-06 14:08:00'),
(43085, 14436, 'action created', '2025-09-06 18:12:19', '2025-09-06 14:12:19'),
(43086, 14436, 'action started via WP Cron', '2025-09-06 18:13:53', '2025-09-06 14:13:53'),
(43087, 14436, 'action complete via WP Cron', '2025-09-06 18:13:53', '2025-09-06 14:13:53'),
(43088, 14437, 'action created', '2025-09-06 18:13:55', '2025-09-06 14:13:55'),
(42389, 14194, 'action created', '2025-08-15 06:01:53', '2025-08-15 02:01:53'),
(42388, 14190, 'action complete via WP Cron', '2025-08-15 06:01:53', '2025-08-15 02:01:53'),
(42485, 14226, 'action created', '2025-08-22 08:05:38', '2025-08-22 04:05:38'),
(42486, 14223, 'action started via WP Cron', '2025-08-22 08:05:38', '2025-08-22 04:05:38'),
(42487, 14223, 'action complete via WP Cron', '2025-08-22 08:05:38', '2025-08-22 04:05:38'),
(42488, 14227, 'action created', '2025-08-22 08:05:38', '2025-08-22 04:05:38'),
(42489, 14224, 'action started via WP Cron', '2025-08-22 08:05:38', '2025-08-22 04:05:38'),
(42490, 14224, 'action complete via WP Cron', '2025-08-22 08:05:38', '2025-08-22 04:05:38'),
(42491, 14228, 'action created', '2025-08-22 08:05:38', '2025-08-22 04:05:38'),
(42809, 14297, 'action started via Async Request', '2025-09-05 03:11:11', '2025-09-04 23:11:11'),
(42810, 14297, 'action complete via Async Request', '2025-09-05 03:11:11', '2025-09-04 23:11:11'),
(42811, 14316, 'action started via Async Request', '2025-09-05 03:11:11', '2025-09-04 23:11:11'),
(42812, 14316, 'action complete via Async Request', '2025-09-05 03:11:11', '2025-09-04 23:11:11'),
(42813, 14336, 'action started via Async Request', '2025-09-05 03:11:11', '2025-09-04 23:11:11'),
(42814, 14336, 'action complete via Async Request', '2025-09-05 03:11:11', '2025-09-04 23:11:11'),
(42815, 14356, 'action started via Async Request', '2025-09-05 03:11:11', '2025-09-04 23:11:11'),
(42816, 14356, 'action complete via Async Request', '2025-09-05 03:11:11', '2025-09-04 23:11:11'),
(42817, 14298, 'action started via Async Request', '2025-09-05 03:11:11', '2025-09-04 23:11:11'),
(42382, 14188, 'action complete via WP Cron', '2025-08-14 05:49:06', '2025-08-14 01:49:06'),
(42383, 14192, 'action created', '2025-08-14 05:49:06', '2025-08-14 01:49:06'),
(42463, 14215, 'action complete via WP Cron', '2025-08-20 07:10:54', '2025-08-20 03:10:54'),
(42464, 14219, 'action created', '2025-08-20 07:10:54', '2025-08-20 03:10:54'),
(42465, 14216, 'action started via WP Cron', '2025-08-20 07:10:54', '2025-08-20 03:10:54'),
(42458, 14217, 'action created', '2025-08-20 07:10:54', '2025-08-20 03:10:54'),
(42459, 14214, 'action started via WP Cron', '2025-08-20 07:10:54', '2025-08-20 03:10:54'),
(42380, 14191, 'action created', '2025-08-14 05:49:06', '2025-08-14 01:49:06'),
(42396, 14193, 'action started via WP Cron', '2025-08-15 06:01:53', '2025-08-15 02:01:53'),
(42381, 14188, 'action started via WP Cron', '2025-08-14 05:49:06', '2025-08-14 01:49:06'),
(42395, 14196, 'action created', '2025-08-15 06:01:53', '2025-08-15 02:01:53'),
(42394, 14192, 'action complete via WP Cron', '2025-08-15 06:01:53', '2025-08-15 02:01:53'),
(43092, 14439, 'action created', '2025-09-06 18:15:24', '2025-09-06 14:15:24'),
(42392, 14195, 'action created', '2025-08-15 06:01:53', '2025-08-15 02:01:53'),
(42391, 14191, 'action complete via WP Cron', '2025-08-15 06:01:53', '2025-08-15 02:01:53'),
(42398, 14197, 'action created', '2025-08-15 06:01:53', '2025-08-15 02:01:53'),
(42397, 14193, 'action complete via WP Cron', '2025-08-15 06:01:53', '2025-08-15 02:01:53'),
(43090, 14437, 'action failed via WP Cron: Scheduled action for action_scheduler/migration_hook will not be executed as no callbacks are registered.', '2025-09-06 18:15:09', '2025-09-06 14:15:09'),
(43095, 14439, 'action complete via WP Cron', '2025-09-06 18:16:34', '2025-09-06 14:16:34'),
(42399, 14194, 'action started via WP Cron', '2025-08-16 06:33:34', '2025-08-16 02:33:34'),
(42400, 14194, 'action complete via WP Cron', '2025-08-16 06:33:34', '2025-08-16 02:33:34'),
(42401, 14198, 'action created', '2025-08-16 06:33:34', '2025-08-16 02:33:34'),
(42402, 14195, 'action started via WP Cron', '2025-08-16 06:33:34', '2025-08-16 02:33:34'),
(42403, 14195, 'action complete via WP Cron', '2025-08-16 06:33:34', '2025-08-16 02:33:34'),
(42404, 14199, 'action created', '2025-08-16 06:33:34', '2025-08-16 02:33:34'),
(42405, 14196, 'action started via WP Cron', '2025-08-16 06:33:34', '2025-08-16 02:33:34'),
(42406, 14196, 'action complete via WP Cron', '2025-08-16 06:33:34', '2025-08-16 02:33:34'),
(42407, 14200, 'action created', '2025-08-16 06:33:34', '2025-08-16 02:33:34'),
(42408, 14197, 'action started via WP Cron', '2025-08-16 06:33:34', '2025-08-16 02:33:34'),
(42409, 14197, 'action complete via WP Cron', '2025-08-16 06:33:34', '2025-08-16 02:33:34'),
(42410, 14201, 'action created', '2025-08-16 06:33:34', '2025-08-16 02:33:34'),
(43089, 14437, 'action started via WP Cron', '2025-09-06 18:15:09', '2025-09-06 14:15:09'),
(13557, 4575, 'action created', '2023-06-06 18:52:25', '2023-06-06 18:52:25'),
(44014, 14733, 'action complete via Async Request', '2025-09-06 19:03:33', '2025-09-06 15:03:33'),
(44015, 14734, 'action started via Async Request', '2025-09-06 19:03:33', '2025-09-06 15:03:33'),
(44016, 14734, 'action complete via Async Request', '2025-09-06 19:03:33', '2025-09-06 15:03:33'),
(13560, 4575, 'action failed via WP Cron: Scheduled action for woocommerce_run_on_woocommerce_admin_updated will not be executed as no callbacks are registered.', '2023-06-06 18:53:28', '2023-06-06 18:53:28'),
(44017, 14735, 'action started via Async Request', '2025-09-06 19:03:33', '2025-09-06 15:03:33'),
(44018, 14735, 'action complete via Async Request', '2025-09-06 19:03:33', '2025-09-06 15:03:33'),
(44019, 14736, 'action started via Async Request', '2025-09-06 19:03:33', '2025-09-06 15:03:33'),
(44020, 14736, 'action complete via Async Request', '2025-09-06 19:03:33', '2025-09-06 15:03:33'),
(44021, 14737, 'action started via Async Request', '2025-09-06 19:03:33', '2025-09-06 15:03:33'),
(44022, 14737, 'action complete via Async Request', '2025-09-06 19:03:33', '2025-09-06 15:03:33'),
(44023, 14738, 'action started via Async Request', '2025-09-06 19:03:33', '2025-09-06 15:03:33'),
(44024, 14738, 'action complete via Async Request', '2025-09-06 19:03:33', '2025-09-06 15:03:33'),
(44025, 14739, 'action started via Async Request', '2025-09-06 19:03:33', '2025-09-06 15:03:33'),
(44026, 14739, 'action complete via Async Request', '2025-09-06 19:03:33', '2025-09-06 15:03:33'),
(44027, 14740, 'action started via Async Request', '2025-09-06 19:03:33', '2025-09-06 15:03:33'),
(44028, 14740, 'action complete via Async Request', '2025-09-06 19:03:33', '2025-09-06 15:03:33'),
(44029, 14741, 'action started via Async Request', '2025-09-06 19:03:33', '2025-09-06 15:03:33'),
(44030, 14741, 'action complete via Async Request', '2025-09-06 19:03:33', '2025-09-06 15:03:33'),
(44031, 14742, 'action started via Async Request', '2025-09-06 19:03:33', '2025-09-06 15:03:33'),
(44032, 14742, 'action complete via Async Request', '2025-09-06 19:03:33', '2025-09-06 15:03:33'),
(44033, 14743, 'action started via Async Request', '2025-09-06 19:03:33', '2025-09-06 15:03:33'),
(44034, 14743, 'action complete via Async Request', '2025-09-06 19:03:33', '2025-09-06 15:03:33'),
(43720, 14636, 'action complete via Async Request', '2025-09-06 19:03:17', '2025-09-06 15:03:17'),
(43705, 14629, 'action started via Async Request', '2025-09-06 19:03:17', '2025-09-06 15:03:17'),
(43706, 14629, 'action complete via Async Request', '2025-09-06 19:03:17', '2025-09-06 15:03:17'),
(43707, 14630, 'action started via Async Request', '2025-09-06 19:03:17', '2025-09-06 15:03:17'),
(43708, 14630, 'action complete via Async Request', '2025-09-06 19:03:17', '2025-09-06 15:03:17'),
(43709, 14631, 'action started via Async Request', '2025-09-06 19:03:17', '2025-09-06 15:03:17'),
(43710, 14631, 'action complete via Async Request', '2025-09-06 19:03:17', '2025-09-06 15:03:17'),
(43711, 14632, 'action started via Async Request', '2025-09-06 19:03:17', '2025-09-06 15:03:17'),
(43712, 14632, 'action complete via Async Request', '2025-09-06 19:03:17', '2025-09-06 15:03:17'),
(43553, 14556, 'action complete via Async Request', '2025-09-06 19:03:15', '2025-09-06 15:03:15'),
(43554, 14557, 'action started via Async Request', '2025-09-06 19:03:15', '2025-09-06 15:03:15'),
(43555, 14557, 'action complete via Async Request', '2025-09-06 19:03:15', '2025-09-06 15:03:15'),
(43527, 14544, 'action started via Async Request', '2025-09-06 19:03:15', '2025-09-06 15:03:15'),
(43528, 14544, 'action complete via Async Request', '2025-09-06 19:03:15', '2025-09-06 15:03:15'),
(43529, 14545, 'action started via Async Request', '2025-09-06 19:03:15', '2025-09-06 15:03:15'),
(43505, 14533, 'action started via Async Request', '2025-09-06 19:03:15', '2025-09-06 15:03:15'),
(43506, 14533, 'action complete via Async Request', '2025-09-06 19:03:15', '2025-09-06 15:03:15'),
(43459, 14510, 'action complete via Async Request', '2025-09-06 19:03:15', '2025-09-06 15:03:15'),
(43437, 14500, 'action started via Async Request', '2025-09-06 19:03:15', '2025-09-06 15:03:15'),
(43438, 14500, 'action complete via Async Request', '2025-09-06 19:03:15', '2025-09-06 15:03:15'),
(43439, 14501, 'action started via Async Request', '2025-09-06 19:03:15', '2025-09-06 15:03:15'),
(43440, 14501, 'action complete via Async Request', '2025-09-06 19:03:15', '2025-09-06 15:03:15'),
(43441, 14502, 'action started via Async Request', '2025-09-06 19:03:15', '2025-09-06 15:03:15'),
(43434, 14498, 'action complete via Async Request', '2025-09-06 19:03:15', '2025-09-06 15:03:15'),
(43422, 14492, 'action complete via Async Request', '2025-09-06 19:03:15', '2025-09-06 15:03:15'),
(43421, 14492, 'action started via Async Request', '2025-09-06 19:03:15', '2025-09-06 15:03:15'),
(43283, 14624, 'action created', '2025-09-06 19:03:09', '2025-09-06 15:03:09'),
(43284, 14625, 'action created', '2025-09-06 19:03:09', '2025-09-06 15:03:09'),
(43285, 14626, 'action created', '2025-09-06 19:03:10', '2025-09-06 15:03:10'),
(43286, 14627, 'action created', '2025-09-06 19:03:10', '2025-09-06 15:03:10'),
(43287, 14628, 'action created', '2025-09-06 19:03:10', '2025-09-06 15:03:10'),
(43288, 14629, 'action created', '2025-09-06 19:03:10', '2025-09-06 15:03:10'),
(43289, 14630, 'action created', '2025-09-06 19:03:10', '2025-09-06 15:03:10'),
(43290, 14631, 'action created', '2025-09-06 19:03:10', '2025-09-06 15:03:10'),
(43291, 14632, 'action created', '2025-09-06 19:03:10', '2025-09-06 15:03:10'),
(43292, 14633, 'action created', '2025-09-06 19:03:11', '2025-09-06 15:03:11'),
(43293, 14634, 'action created', '2025-09-06 19:03:11', '2025-09-06 15:03:11'),
(43294, 14635, 'action created', '2025-09-06 19:03:11', '2025-09-06 15:03:11'),
(43295, 14636, 'action created', '2025-09-06 19:03:11', '2025-09-06 15:03:11'),
(43296, 14637, 'action created', '2025-09-06 19:03:11', '2025-09-06 15:03:11'),
(43297, 14638, 'action created', '2025-09-06 19:03:11', '2025-09-06 15:03:11'),
(43298, 14639, 'action created', '2025-09-06 19:03:11', '2025-09-06 15:03:11'),
(43299, 14640, 'action created', '2025-09-06 19:03:11', '2025-09-06 15:03:11'),
(43300, 14641, 'action created', '2025-09-06 19:03:11', '2025-09-06 15:03:11'),
(43301, 14642, 'action created', '2025-09-06 19:03:12', '2025-09-06 15:03:12'),
(43302, 14643, 'action created', '2025-09-06 19:03:12', '2025-09-06 15:03:12'),
(43303, 14644, 'action created', '2025-09-06 19:03:12', '2025-09-06 15:03:12'),
(43304, 14645, 'action created', '2025-09-06 19:03:12', '2025-09-06 15:03:12'),
(43305, 14646, 'action created', '2025-09-06 19:03:12', '2025-09-06 15:03:12'),
(43306, 14647, 'action created', '2025-09-06 19:03:12', '2025-09-06 15:03:12'),
(43307, 14648, 'action created', '2025-09-06 19:03:12', '2025-09-06 15:03:12'),
(43308, 14649, 'action created', '2025-09-06 19:03:12', '2025-09-06 15:03:12'),
(43309, 14650, 'action created', '2025-09-06 19:03:13', '2025-09-06 15:03:13'),
(43310, 14651, 'action created', '2025-09-06 19:03:13', '2025-09-06 15:03:13'),
(43311, 14652, 'action created', '2025-09-06 19:03:13', '2025-09-06 15:03:13'),
(43312, 14653, 'action created', '2025-09-06 19:03:13', '2025-09-06 15:03:13'),
(43313, 14654, 'action created', '2025-09-06 19:03:13', '2025-09-06 15:03:13'),
(43314, 14655, 'action created', '2025-09-06 19:03:14', '2025-09-06 15:03:14'),
(43315, 14656, 'action created', '2025-09-06 19:03:14', '2025-09-06 15:03:14'),
(43316, 14657, 'action created', '2025-09-06 19:03:14', '2025-09-06 15:03:14'),
(43317, 14442, 'action started via Async Request', '2025-09-06 19:03:14', '2025-09-06 15:03:14'),
(43318, 14442, 'action complete via Async Request', '2025-09-06 19:03:14', '2025-09-06 15:03:14'),
(43319, 14443, 'action started via Async Request', '2025-09-06 19:03:14', '2025-09-06 15:03:14'),
(43320, 14443, 'action complete via Async Request', '2025-09-06 19:03:14', '2025-09-06 15:03:14'),
(43321, 14444, 'action started via Async Request', '2025-09-06 19:03:14', '2025-09-06 15:03:14'),
(43322, 14444, 'action complete via Async Request', '2025-09-06 19:03:14', '2025-09-06 15:03:14'),
(43323, 14445, 'action started via Async Request', '2025-09-06 19:03:14', '2025-09-06 15:03:14'),
(43324, 14445, 'action complete via Async Request', '2025-09-06 19:03:14', '2025-09-06 15:03:14'),
(43325, 14446, 'action started via Async Request', '2025-09-06 19:03:14', '2025-09-06 15:03:14'),
(43326, 14446, 'action complete via Async Request', '2025-09-06 19:03:14', '2025-09-06 15:03:14'),
(43327, 14447, 'action started via Async Request', '2025-09-06 19:03:14', '2025-09-06 15:03:14'),
(43328, 14447, 'action complete via Async Request', '2025-09-06 19:03:14', '2025-09-06 15:03:14'),
(43329, 14448, 'action started via Async Request', '2025-09-06 19:03:14', '2025-09-06 15:03:14'),
(43330, 14448, 'action complete via Async Request', '2025-09-06 19:03:14', '2025-09-06 15:03:14'),
(43331, 14449, 'action started via Async Request', '2025-09-06 19:03:14', '2025-09-06 15:03:14'),
(43332, 14449, 'action complete via Async Request', '2025-09-06 19:03:14', '2025-09-06 15:03:14'),
(43333, 14450, 'action started via Async Request', '2025-09-06 19:03:14', '2025-09-06 15:03:14'),
(43334, 14450, 'action complete via Async Request', '2025-09-06 19:03:14', '2025-09-06 15:03:14'),
(43335, 14451, 'action started via Async Request', '2025-09-06 19:03:14', '2025-09-06 15:03:14'),
(43336, 14451, 'action complete via Async Request', '2025-09-06 19:03:14', '2025-09-06 15:03:14'),
(43337, 14452, 'action started via Async Request', '2025-09-06 19:03:14', '2025-09-06 15:03:14'),
(43338, 14452, 'action complete via Async Request', '2025-09-06 19:03:14', '2025-09-06 15:03:14'),
(43339, 14453, 'action started via Async Request', '2025-09-06 19:03:14', '2025-09-06 15:03:14'),
(43340, 14453, 'action complete via Async Request', '2025-09-06 19:03:14', '2025-09-06 15:03:14'),
(43341, 14454, 'action started via Async Request', '2025-09-06 19:03:14', '2025-09-06 15:03:14'),
(43342, 14454, 'action complete via Async Request', '2025-09-06 19:03:14', '2025-09-06 15:03:14'),
(43343, 14455, 'action started via Async Request', '2025-09-06 19:03:14', '2025-09-06 15:03:14'),
(43344, 14455, 'action complete via Async Request', '2025-09-06 19:03:14', '2025-09-06 15:03:14'),
(43345, 14456, 'action started via Async Request', '2025-09-06 19:03:14', '2025-09-06 15:03:14'),
(43346, 14456, 'action complete via Async Request', '2025-09-06 19:03:14', '2025-09-06 15:03:14'),
(43347, 14457, 'action started via Async Request', '2025-09-06 19:03:14', '2025-09-06 15:03:14'),
(43348, 14457, 'action complete via Async Request', '2025-09-06 19:03:14', '2025-09-06 15:03:14'),
(43349, 14458, 'action started via Async Request', '2025-09-06 19:03:14', '2025-09-06 15:03:14'),
(43350, 14458, 'action complete via Async Request', '2025-09-06 19:03:14', '2025-09-06 15:03:14'),
(43351, 14658, 'action created', '2025-09-06 19:03:14', '2025-09-06 15:03:14'),
(43352, 14459, 'action started via Async Request', '2025-09-06 19:03:14', '2025-09-06 15:03:14'),
(43353, 14459, 'action complete via Async Request', '2025-09-06 19:03:14', '2025-09-06 15:03:14'),
(43354, 14460, 'action started via Async Request', '2025-09-06 19:03:14', '2025-09-06 15:03:14'),
(43355, 14460, 'action complete via Async Request', '2025-09-06 19:03:14', '2025-09-06 15:03:14'),
(43356, 14461, 'action started via Async Request', '2025-09-06 19:03:14', '2025-09-06 15:03:14'),
(43357, 14461, 'action complete via Async Request', '2025-09-06 19:03:14', '2025-09-06 15:03:14'),
(43358, 14462, 'action started via Async Request', '2025-09-06 19:03:14', '2025-09-06 15:03:14'),
(43359, 14462, 'action complete via Async Request', '2025-09-06 19:03:14', '2025-09-06 15:03:14'),
(43360, 14463, 'action started via Async Request', '2025-09-06 19:03:14', '2025-09-06 15:03:14'),
(43361, 14463, 'action complete via Async Request', '2025-09-06 19:03:14', '2025-09-06 15:03:14'),
(43362, 14659, 'action created', '2025-09-06 19:03:14', '2025-09-06 15:03:14'),
(43363, 14464, 'action started via Async Request', '2025-09-06 19:03:14', '2025-09-06 15:03:14'),
(43364, 14464, 'action complete via Async Request', '2025-09-06 19:03:14', '2025-09-06 15:03:14'),
(43365, 14465, 'action started via Async Request', '2025-09-06 19:03:14', '2025-09-06 15:03:14'),
(43366, 14465, 'action complete via Async Request', '2025-09-06 19:03:14', '2025-09-06 15:03:14'),
(43367, 14466, 'action started via Async Request', '2025-09-06 19:03:14', '2025-09-06 15:03:14'),
(43368, 14466, 'action complete via Async Request', '2025-09-06 19:03:14', '2025-09-06 15:03:14'),
(43369, 14467, 'action started via Async Request', '2025-09-06 19:03:14', '2025-09-06 15:03:14'),
(43370, 14467, 'action complete via Async Request', '2025-09-06 19:03:14', '2025-09-06 15:03:14'),
(43371, 14468, 'action started via Async Request', '2025-09-06 19:03:14', '2025-09-06 15:03:14'),
(43372, 14468, 'action complete via Async Request', '2025-09-06 19:03:14', '2025-09-06 15:03:14'),
(43373, 14469, 'action started via Async Request', '2025-09-06 19:03:14', '2025-09-06 15:03:14'),
(43374, 14469, 'action complete via Async Request', '2025-09-06 19:03:14', '2025-09-06 15:03:14'),
(43375, 14470, 'action started via Async Request', '2025-09-06 19:03:14', '2025-09-06 15:03:14'),
(43376, 14470, 'action complete via Async Request', '2025-09-06 19:03:14', '2025-09-06 15:03:14'),
(43377, 14471, 'action started via Async Request', '2025-09-06 19:03:14', '2025-09-06 15:03:14'),
(2234, 767, 'action created', '2023-05-06 01:22:41', '2023-05-06 01:22:41'),
(2235, 767, 'action started via WP Cron', '2023-05-06 01:23:50', '2023-05-06 01:23:50'),
(2236, 767, 'action failed via WP Cron: Scheduled action for action_scheduler/migration_hook will not be executed as no callbacks are registered.', '2023-05-06 01:23:50', '2023-05-06 01:23:50'),
(43941, 14719, 'action complete via Async Request', '2025-09-06 19:03:26', '2025-09-06 15:03:26'),
(43940, 14719, 'action started via Async Request', '2025-09-06 19:03:26', '2025-09-06 15:03:26'),
(43937, 14718, 'action started via Async Request', '2025-09-06 19:03:26', '2025-09-06 15:03:26'),
(43938, 14726, 'action created', '2025-09-06 19:03:26', '2025-09-06 15:03:26'),
(43939, 14718, 'action complete via Async Request', '2025-09-06 19:03:26', '2025-09-06 15:03:26'),
(43926, 14725, 'action created', '2025-09-06 19:03:25', '2025-09-06 15:03:25'),
(43927, 14713, 'action started via Async Request', '2025-09-06 19:03:25', '2025-09-06 15:03:25'),
(43928, 14713, 'action complete via Async Request', '2025-09-06 19:03:25', '2025-09-06 15:03:25'),
(43929, 14714, 'action started via Async Request', '2025-09-06 19:03:25', '2025-09-06 15:03:25'),
(43930, 14714, 'action complete via Async Request', '2025-09-06 19:03:25', '2025-09-06 15:03:25'),
(43931, 14715, 'action started via Async Request', '2025-09-06 19:03:25', '2025-09-06 15:03:25'),
(43932, 14715, 'action complete via Async Request', '2025-09-06 19:03:25', '2025-09-06 15:03:25'),
(43933, 14716, 'action started via Async Request', '2025-09-06 19:03:25', '2025-09-06 15:03:25'),
(43934, 14716, 'action complete via Async Request', '2025-09-06 19:03:25', '2025-09-06 15:03:25'),
(43935, 14717, 'action started via Async Request', '2025-09-06 19:03:25', '2025-09-06 15:03:25'),
(43936, 14717, 'action complete via Async Request', '2025-09-06 19:03:25', '2025-09-06 15:03:25'),
(43810, 14681, 'action created', '2025-09-06 19:03:18', '2025-09-06 15:03:18'),
(43809, 14680, 'action created', '2025-09-06 19:03:18', '2025-09-06 15:03:18'),
(43807, 14678, 'action created', '2025-09-06 19:03:18', '2025-09-06 15:03:18'),
(43808, 14679, 'action created', '2025-09-06 19:03:18', '2025-09-06 15:03:18'),
(43801, 14674, 'action started via Async Request', '2025-09-06 19:03:18', '2025-09-06 15:03:18'),
(43802, 14674, 'action complete via Async Request', '2025-09-06 19:03:18', '2025-09-06 15:03:18'),
(43803, 14675, 'action started via Async Request', '2025-09-06 19:03:18', '2025-09-06 15:03:18'),
(43804, 14675, 'action complete via Async Request', '2025-09-06 19:03:18', '2025-09-06 15:03:18'),
(43805, 14676, 'action started via Async Request', '2025-09-06 19:03:18', '2025-09-06 15:03:18'),
(43806, 14676, 'action complete via Async Request', '2025-09-06 19:03:18', '2025-09-06 15:03:18'),
(43751, 14650, 'action complete via Async Request', '2025-09-06 19:03:17', '2025-09-06 15:03:17'),
(43752, 14651, 'action started via Async Request', '2025-09-06 19:03:17', '2025-09-06 15:03:17'),
(43753, 14651, 'action complete via Async Request', '2025-09-06 19:03:17', '2025-09-06 15:03:17');
INSERT INTO `iaZ8d_actionscheduler_logs` VALUES
(43754, 14652, 'action started via Async Request', '2025-09-06 19:03:17', '2025-09-06 15:03:17'),
(43755, 14652, 'action complete via Async Request', '2025-09-06 19:03:17', '2025-09-06 15:03:17'),
(43756, 14675, 'action created', '2025-09-06 19:03:17', '2025-09-06 15:03:17'),
(43757, 14653, 'action started via Async Request', '2025-09-06 19:03:17', '2025-09-06 15:03:17'),
(43758, 14653, 'action complete via Async Request', '2025-09-06 19:03:17', '2025-09-06 15:03:17'),
(43759, 14654, 'action started via Async Request', '2025-09-06 19:03:17', '2025-09-06 15:03:17'),
(43760, 14654, 'action complete via Async Request', '2025-09-06 19:03:17', '2025-09-06 15:03:17'),
(43761, 14655, 'action started via Async Request', '2025-09-06 19:03:17', '2025-09-06 15:03:17'),
(43762, 14655, 'action complete via Async Request', '2025-09-06 19:03:17', '2025-09-06 15:03:17'),
(43763, 14656, 'action started via Async Request', '2025-09-06 19:03:17', '2025-09-06 15:03:17'),
(43764, 14656, 'action complete via Async Request', '2025-09-06 19:03:17', '2025-09-06 15:03:17'),
(43765, 14657, 'action started via Async Request', '2025-09-06 19:03:17', '2025-09-06 15:03:17'),
(43766, 14657, 'action complete via Async Request', '2025-09-06 19:03:17', '2025-09-06 15:03:17'),
(43767, 14658, 'action started via Async Request', '2025-09-06 19:03:17', '2025-09-06 15:03:17'),
(43768, 14658, 'action complete via Async Request', '2025-09-06 19:03:17', '2025-09-06 15:03:17'),
(43769, 14659, 'action started via Async Request', '2025-09-06 19:03:17', '2025-09-06 15:03:17'),
(43770, 14659, 'action complete via Async Request', '2025-09-06 19:03:17', '2025-09-06 15:03:17'),
(43771, 14660, 'action started via Async Request', '2025-09-06 19:03:17', '2025-09-06 15:03:17'),
(43772, 14660, 'action complete via Async Request', '2025-09-06 19:03:17', '2025-09-06 15:03:17'),
(43773, 14661, 'action started via Async Request', '2025-09-06 19:03:17', '2025-09-06 15:03:17'),
(43774, 14661, 'action complete via Async Request', '2025-09-06 19:03:17', '2025-09-06 15:03:17'),
(43775, 14662, 'action started via Async Request', '2025-09-06 19:03:17', '2025-09-06 15:03:17'),
(43776, 14662, 'action complete via Async Request', '2025-09-06 19:03:17', '2025-09-06 15:03:17'),
(43777, 14676, 'action created', '2025-09-06 19:03:17', '2025-09-06 15:03:17'),
(43778, 14663, 'action started via Async Request', '2025-09-06 19:03:17', '2025-09-06 15:03:17'),
(43779, 14663, 'action complete via Async Request', '2025-09-06 19:03:17', '2025-09-06 15:03:17'),
(43780, 14664, 'action started via Async Request', '2025-09-06 19:03:17', '2025-09-06 15:03:17'),
(43781, 14664, 'action complete via Async Request', '2025-09-06 19:03:17', '2025-09-06 15:03:17'),
(43782, 14665, 'action started via Async Request', '2025-09-06 19:03:17', '2025-09-06 15:03:17'),
(43783, 14665, 'action complete via Async Request', '2025-09-06 19:03:17', '2025-09-06 15:03:17'),
(43784, 14666, 'action started via Async Request', '2025-09-06 19:03:17', '2025-09-06 15:03:17'),
(43785, 14666, 'action complete via Async Request', '2025-09-06 19:03:17', '2025-09-06 15:03:17'),
(43786, 14667, 'action started via Async Request', '2025-09-06 19:03:17', '2025-09-06 15:03:17'),
(43736, 14643, 'action complete via Async Request', '2025-09-06 19:03:17', '2025-09-06 15:03:17'),
(43737, 14644, 'action started via Async Request', '2025-09-06 19:03:17', '2025-09-06 15:03:17'),
(43738, 14644, 'action complete via Async Request', '2025-09-06 19:03:17', '2025-09-06 15:03:17'),
(43692, 14622, 'action complete via Async Request', '2025-09-06 19:03:17', '2025-09-06 15:03:17'),
(43693, 14623, 'action started via Async Request', '2025-09-06 19:03:17', '2025-09-06 15:03:17'),
(43545, 14552, 'action complete via Async Request', '2025-09-06 19:03:15', '2025-09-06 15:03:15'),
(43546, 14553, 'action started via Async Request', '2025-09-06 19:03:15', '2025-09-06 15:03:15'),
(43547, 14553, 'action complete via Async Request', '2025-09-06 19:03:15', '2025-09-06 15:03:15'),
(43544, 14552, 'action started via Async Request', '2025-09-06 19:03:15', '2025-09-06 15:03:15'),
(43486, 14524, 'action started via Async Request', '2025-09-06 19:03:15', '2025-09-06 15:03:15'),
(43452, 14507, 'action complete via Async Request', '2025-09-06 19:03:15', '2025-09-06 15:03:15'),
(43453, 14508, 'action started via Async Request', '2025-09-06 19:03:15', '2025-09-06 15:03:15'),
(43454, 14508, 'action complete via Async Request', '2025-09-06 19:03:15', '2025-09-06 15:03:15'),
(43455, 14662, 'action created', '2025-09-06 19:03:15', '2025-09-06 15:03:15'),
(43456, 14509, 'action started via Async Request', '2025-09-06 19:03:15', '2025-09-06 15:03:15'),
(43403, 14483, 'action complete via Async Request', '2025-09-06 19:03:15', '2025-09-06 15:03:15'),
(43400, 14482, 'action started via Async Request', '2025-09-06 19:03:15', '2025-09-06 15:03:15'),
(43399, 14481, 'action complete via Async Request', '2025-09-06 19:03:15', '2025-09-06 15:03:15'),
(43381, 14473, 'action started via Async Request', '2025-09-06 19:03:14', '2025-09-06 15:03:14'),
(43382, 14473, 'action complete via Async Request', '2025-09-06 19:03:14', '2025-09-06 15:03:14'),
(43383, 14474, 'action started via Async Request', '2025-09-06 19:03:14', '2025-09-06 15:03:14'),
(43384, 14474, 'action complete via Async Request', '2025-09-06 19:03:14', '2025-09-06 15:03:14'),
(43385, 14475, 'action started via Async Request', '2025-09-06 19:03:14', '2025-09-06 15:03:14'),
(43386, 14475, 'action complete via Async Request', '2025-09-06 19:03:14', '2025-09-06 15:03:14'),
(43387, 14476, 'action started via Async Request', '2025-09-06 19:03:14', '2025-09-06 15:03:14'),
(43388, 14476, 'action complete via Async Request', '2025-09-06 19:03:14', '2025-09-06 15:03:14'),
(43389, 14477, 'action started via Async Request', '2025-09-06 19:03:14', '2025-09-06 15:03:14'),
(43263, 14604, 'action created', '2025-09-06 19:03:05', '2025-09-06 15:03:05'),
(43253, 14594, 'action created', '2025-09-06 19:03:03', '2025-09-06 15:03:03'),
(43254, 14595, 'action created', '2025-09-06 19:03:04', '2025-09-06 15:03:04'),
(43243, 14584, 'action created', '2025-09-06 19:03:02', '2025-09-06 15:03:02'),
(43231, 14572, 'action created', '2025-09-06 19:03:00', '2025-09-06 15:03:00'),
(43169, 14510, 'action created', '2025-09-06 19:02:49', '2025-09-06 15:02:49'),
(43170, 14511, 'action created', '2025-09-06 19:02:49', '2025-09-06 15:02:49'),
(43171, 14512, 'action created', '2025-09-06 19:02:49', '2025-09-06 15:02:49'),
(43172, 14513, 'action created', '2025-09-06 19:02:50', '2025-09-06 15:02:50'),
(43173, 14514, 'action created', '2025-09-06 19:02:50', '2025-09-06 15:02:50'),
(43174, 14515, 'action created', '2025-09-06 19:02:50', '2025-09-06 15:02:50'),
(43161, 14502, 'action created', '2025-09-06 19:02:48', '2025-09-06 15:02:48'),
(43160, 14501, 'action created', '2025-09-06 19:02:48', '2025-09-06 15:02:48'),
(42551, 14248, 'action created', '2025-08-27 12:26:26', '2025-08-27 08:26:26'),
(42550, 14244, 'action complete via WP Cron', '2025-08-27 12:26:26', '2025-08-27 08:26:26'),
(42676, 14293, 'action created', '2025-09-05 03:10:42', '2025-09-04 23:10:42'),
(42677, 14294, 'action created', '2025-09-05 03:10:42', '2025-09-04 23:10:42'),
(42678, 14295, 'action created', '2025-09-05 03:10:42', '2025-09-04 23:10:42'),
(42679, 14296, 'action created', '2025-09-05 03:10:42', '2025-09-04 23:10:42'),
(42680, 14297, 'action created', '2025-09-05 03:10:42', '2025-09-04 23:10:42'),
(42681, 14298, 'action created', '2025-09-05 03:10:42', '2025-09-04 23:10:42'),
(42682, 14299, 'action created', '2025-09-05 03:10:42', '2025-09-04 23:10:42'),
(42683, 14300, 'action created', '2025-09-05 03:10:42', '2025-09-04 23:10:42'),
(42684, 14301, 'action created', '2025-09-05 03:10:42', '2025-09-04 23:10:42'),
(42685, 14302, 'action created', '2025-09-05 03:10:42', '2025-09-04 23:10:42'),
(42686, 14303, 'action created', '2025-09-05 03:10:42', '2025-09-04 23:10:42'),
(42687, 14304, 'action created', '2025-09-05 03:10:42', '2025-09-04 23:10:42'),
(42688, 14305, 'action created', '2025-09-05 03:10:42', '2025-09-04 23:10:42'),
(42689, 14306, 'action created', '2025-09-05 03:10:42', '2025-09-04 23:10:42'),
(42690, 14307, 'action created', '2025-09-05 03:10:42', '2025-09-04 23:10:42'),
(42691, 14308, 'action created', '2025-09-05 03:10:42', '2025-09-04 23:10:42'),
(42692, 14309, 'action created', '2025-09-05 03:10:42', '2025-09-04 23:10:42'),
(42693, 14310, 'action created', '2025-09-05 03:10:44', '2025-09-04 23:10:44'),
(42694, 14311, 'action created', '2025-09-05 03:10:44', '2025-09-04 23:10:44'),
(42695, 14312, 'action created', '2025-09-05 03:10:44', '2025-09-04 23:10:44'),
(42696, 14313, 'action created', '2025-09-05 03:10:44', '2025-09-04 23:10:44'),
(42697, 14314, 'action created', '2025-09-05 03:10:44', '2025-09-04 23:10:44'),
(42698, 14315, 'action created', '2025-09-05 03:10:44', '2025-09-04 23:10:44'),
(42699, 14316, 'action created', '2025-09-05 03:10:44', '2025-09-04 23:10:44'),
(42700, 14317, 'action created', '2025-09-05 03:10:44', '2025-09-04 23:10:44'),
(42701, 14318, 'action created', '2025-09-05 03:10:44', '2025-09-04 23:10:44'),
(42702, 14319, 'action created', '2025-09-05 03:10:44', '2025-09-04 23:10:44'),
(42703, 14320, 'action created', '2025-09-05 03:10:44', '2025-09-04 23:10:44'),
(42704, 14321, 'action created', '2025-09-05 03:10:44', '2025-09-04 23:10:44'),
(42705, 14322, 'action created', '2025-09-05 03:10:44', '2025-09-04 23:10:44'),
(42706, 14323, 'action created', '2025-09-05 03:10:44', '2025-09-04 23:10:44'),
(42707, 14324, 'action created', '2025-09-05 03:10:44', '2025-09-04 23:10:44'),
(42708, 14325, 'action created', '2025-09-05 03:10:44', '2025-09-04 23:10:44'),
(42709, 14326, 'action created', '2025-09-05 03:10:44', '2025-09-04 23:10:44'),
(42710, 14327, 'action created', '2025-09-05 03:10:44', '2025-09-04 23:10:44'),
(42711, 14329, 'action created', '2025-09-05 03:10:44', '2025-09-04 23:10:44'),
(42712, 14328, 'action created', '2025-09-05 03:10:44', '2025-09-04 23:10:44'),
(42713, 14330, 'action created', '2025-09-05 03:10:44', '2025-09-04 23:10:44'),
(42714, 14331, 'action created', '2025-09-05 03:10:44', '2025-09-04 23:10:44'),
(42715, 14332, 'action created', '2025-09-05 03:10:44', '2025-09-04 23:10:44'),
(42716, 14333, 'action created', '2025-09-05 03:10:44', '2025-09-04 23:10:44'),
(42717, 14334, 'action created', '2025-09-05 03:10:44', '2025-09-04 23:10:44'),
(42718, 14335, 'action created', '2025-09-05 03:10:44', '2025-09-04 23:10:44'),
(42719, 14336, 'action created', '2025-09-05 03:10:44', '2025-09-04 23:10:44'),
(42720, 14337, 'action created', '2025-09-05 03:10:44', '2025-09-04 23:10:44'),
(42618, 14267, 'action started via WP Cron', '2025-09-01 20:45:43', '2025-09-01 16:45:43'),
(42617, 14270, 'action created', '2025-09-01 20:45:43', '2025-09-01 16:45:43'),
(42637, 14272, 'action complete via WP Cron', '2025-09-02 23:01:01', '2025-09-02 19:01:01'),
(42638, 14277, 'action created', '2025-09-02 23:01:01', '2025-09-02 19:01:01'),
(42639, 14273, 'action started via WP Cron', '2025-09-02 23:01:01', '2025-09-02 19:01:01'),
(42640, 14273, 'action complete via WP Cron', '2025-09-02 23:01:01', '2025-09-02 19:01:01'),
(42641, 14278, 'action created', '2025-09-02 23:01:01', '2025-09-02 19:01:01'),
(42724, 14341, 'action created', '2025-09-05 03:10:44', '2025-09-04 23:10:44'),
(42725, 14342, 'action created', '2025-09-05 03:10:44', '2025-09-04 23:10:44'),
(42726, 14343, 'action created', '2025-09-05 03:10:44', '2025-09-04 23:10:44'),
(42727, 14344, 'action created', '2025-09-05 03:10:44', '2025-09-04 23:10:44'),
(42728, 14345, 'action created', '2025-09-05 03:10:44', '2025-09-04 23:10:44'),
(42729, 14346, 'action created', '2025-09-05 03:10:44', '2025-09-04 23:10:44'),
(42730, 14347, 'action created', '2025-09-05 03:10:44', '2025-09-04 23:10:44'),
(42731, 14348, 'action created', '2025-09-05 03:10:44', '2025-09-04 23:10:44'),
(42664, 14282, 'action complete via WP Cron', '2025-09-05 02:18:54', '2025-09-04 22:18:54'),
(43069, 14430, 'action created', '2025-09-06 17:52:21', '2025-09-06 13:52:21'),
(42660, 14281, 'action started via WP Cron', '2025-09-05 02:18:53', '2025-09-04 22:18:53'),
(42659, 14284, 'action created', '2025-09-05 02:18:53', '2025-09-04 22:18:53'),
(42264, 14122, 'action started via Async Request', '2025-08-05 06:33:09', '2025-08-05 02:33:09'),
(43060, 14427, 'action created', '2025-09-06 15:24:38', '2025-09-06 11:24:38'),
(43061, 14427, 'action started via WP Cron', '2025-09-06 17:07:27', '2025-09-06 13:07:27'),
(43062, 14427, 'action complete via WP Cron', '2025-09-06 17:07:27', '2025-09-06 13:07:27'),
(43063, 14428, 'action created', '2025-09-06 17:07:27', '2025-09-06 13:07:27'),
(43064, 14401, 'action started via WP Cron', '2025-09-06 17:52:20', '2025-09-06 13:52:20'),
(43003, 14408, 'action created', '2025-09-05 20:39:53', '2025-09-05 16:39:53'),
(43002, 14393, 'action complete via WP Cron', '2025-09-05 20:39:53', '2025-09-05 16:39:53'),
(43001, 14393, 'action started via WP Cron', '2025-09-05 20:39:53', '2025-09-05 16:39:53'),
(42281, 14158, 'action created', '2025-08-06 13:13:29', '2025-08-06 09:13:29'),
(43000, 14407, 'action complete via WP Cron', '2025-09-05 20:38:31', '2025-09-05 16:38:31'),
(42965, 14391, 'action created', '2025-09-05 17:38:32', '2025-09-05 13:38:32'),
(42966, 14392, 'action created', '2025-09-05 17:38:32', '2025-09-05 13:38:32'),
(42967, 14393, 'action created', '2025-09-05 17:38:32', '2025-09-05 13:38:32'),
(42968, 14394, 'action created', '2025-09-05 17:38:32', '2025-09-05 13:38:32'),
(42969, 14395, 'action created', '2025-09-05 17:38:32', '2025-09-05 13:38:32'),
(42970, 14396, 'action created', '2025-09-05 17:38:32', '2025-09-05 13:38:32'),
(42971, 14397, 'action created', '2025-09-05 17:38:32', '2025-09-05 13:38:32'),
(42972, 14398, 'action created', '2025-09-05 17:38:32', '2025-09-05 13:38:32'),
(42973, 14399, 'action created', '2025-09-05 17:38:32', '2025-09-05 13:38:32'),
(42974, 14389, 'action complete via Async Request', '2025-09-05 17:38:32', '2025-09-05 13:38:32'),
(42975, 14400, 'action created', '2025-09-05 17:38:32', '2025-09-05 13:38:32'),
(42976, 14397, 'action started via Async Request', '2025-09-05 17:38:32', '2025-09-05 13:38:32'),
(42977, 14397, 'action complete via Async Request', '2025-09-05 17:38:32', '2025-09-05 13:38:32'),
(42978, 14401, 'action created', '2025-09-05 17:38:32', '2025-09-05 13:38:32'),
(42979, 14392, 'action started via WP Cron', '2025-09-05 17:39:48', '2025-09-05 13:39:48'),
(42980, 14392, 'action complete via WP Cron', '2025-09-05 17:39:49', '2025-09-05 13:39:49'),
(42981, 14402, 'action created', '2025-09-05 17:39:49', '2025-09-05 13:39:49'),
(42982, 14398, 'action started via WP Cron', '2025-09-05 17:39:49', '2025-09-05 13:39:49'),
(42983, 14398, 'action complete via WP Cron', '2025-09-05 17:39:49', '2025-09-05 13:39:49'),
(42984, 14395, 'action started via WP Cron', '2025-09-05 17:39:49', '2025-09-05 13:39:49'),
(42985, 14395, 'action complete via WP Cron', '2025-09-05 17:39:49', '2025-09-05 13:39:49'),
(42986, 14403, 'action created', '2025-09-05 17:39:49', '2025-09-05 13:39:49'),
(42987, 14388, 'action started via WP Cron', '2025-09-05 17:40:23', '2025-09-05 13:40:23'),
(42988, 14388, 'action complete via WP Cron', '2025-09-05 17:40:23', '2025-09-05 13:40:23'),
(42989, 14387, 'action started via WP Cron', '2025-09-05 18:40:24', '2025-09-05 14:40:24'),
(42990, 14387, 'action complete via WP Cron', '2025-09-05 18:40:24', '2025-09-05 14:40:24'),
(42991, 14404, 'action created', '2025-09-05 18:40:24', '2025-09-05 14:40:24'),
(42992, 14404, 'action started via WP Cron', '2025-09-05 19:57:11', '2025-09-05 15:57:11'),
(42993, 14404, 'action complete via WP Cron', '2025-09-05 19:57:11', '2025-09-05 15:57:11'),
(42994, 14405, 'action created', '2025-09-05 19:57:11', '2025-09-05 15:57:11'),
(42995, 14406, 'action created', '2025-09-05 19:57:12', '2025-09-05 15:57:12'),
(42996, 14406, 'action started via WP Cron', '2025-09-05 19:59:21', '2025-09-05 15:59:21'),
(42997, 14406, 'action complete via WP Cron', '2025-09-05 19:59:21', '2025-09-05 15:59:21'),
(42998, 14407, 'action created', '2025-09-05 20:37:18', '2025-09-05 16:37:18'),
(42999, 14407, 'action started via WP Cron', '2025-09-05 20:38:31', '2025-09-05 16:38:31'),
(42611, 14268, 'action created', '2025-08-31 17:58:42', '2025-08-31 13:58:42'),
(42608, 14267, 'action created', '2025-08-31 17:58:42', '2025-08-31 13:58:42'),
(42609, 14262, 'action started via WP Cron', '2025-08-31 17:58:42', '2025-08-31 13:58:42'),
(42610, 14262, 'action complete via WP Cron', '2025-08-31 17:58:42', '2025-08-31 13:58:42'),
(42652, 14278, 'action complete via WP Cron', '2025-09-03 23:40:13', '2025-09-03 19:40:13'),
(42621, 14268, 'action started via WP Cron', '2025-09-01 20:45:43', '2025-09-01 16:45:43'),
(42622, 14268, 'action complete via WP Cron', '2025-09-01 20:45:43', '2025-09-01 16:45:43'),
(42623, 14272, 'action created', '2025-09-01 20:45:43', '2025-09-01 16:45:43'),
(42624, 14269, 'action started via WP Cron', '2025-09-01 20:45:43', '2025-09-01 16:45:43'),
(42625, 14269, 'action complete via WP Cron', '2025-09-01 20:45:43', '2025-09-01 16:45:43'),
(42587, 14260, 'action created', '2025-08-30 17:23:13', '2025-08-30 13:23:13'),
(42575, 14256, 'action created', '2025-08-29 16:00:17', '2025-08-29 12:00:17'),
(42574, 14252, 'action complete via WP Cron', '2025-08-29 16:00:17', '2025-08-29 12:00:17'),
(42590, 14261, 'action created', '2025-08-30 17:23:13', '2025-08-30 13:23:13'),
(42591, 14258, 'action started via WP Cron', '2025-08-30 17:23:13', '2025-08-30 13:23:13'),
(42592, 14258, 'action complete via WP Cron', '2025-08-30 17:23:13', '2025-08-30 13:23:13'),
(42593, 14262, 'action created', '2025-08-30 17:23:13', '2025-08-30 13:23:13'),
(42594, 14259, 'action started via WP Cron', '2025-08-30 17:23:13', '2025-08-30 13:23:13'),
(42595, 14259, 'action complete via WP Cron', '2025-08-30 17:23:13', '2025-08-30 13:23:13'),
(42596, 14263, 'action created', '2025-08-30 17:23:13', '2025-08-30 13:23:13'),
(42740, 14357, 'action created', '2025-09-05 03:10:44', '2025-09-04 23:10:44'),
(42601, 14238, 'action complete via WP Cron', '2025-08-31 12:09:10', '2025-08-31 08:09:10'),
(42602, 14265, 'action created', '2025-08-31 12:09:10', '2025-08-31 08:09:10'),
(42603, 14260, 'action started via WP Cron', '2025-08-31 17:58:42', '2025-08-31 13:58:42'),
(42604, 14260, 'action complete via WP Cron', '2025-08-31 17:58:42', '2025-08-31 13:58:42'),
(42605, 14266, 'action created', '2025-08-31 17:58:42', '2025-08-31 13:58:42'),
(42606, 14261, 'action started via WP Cron', '2025-08-31 17:58:42', '2025-08-31 13:58:42'),
(42607, 14261, 'action complete via WP Cron', '2025-08-31 17:58:42', '2025-08-31 13:58:42'),
(42600, 14238, 'action started via WP Cron', '2025-08-31 12:09:05', '2025-08-31 08:09:05'),
(42599, 14264, 'action created', '2025-08-31 12:09:05', '2025-08-31 08:09:05'),
(42734, 14351, 'action created', '2025-09-05 03:10:44', '2025-09-04 23:10:44'),
(42628, 14243, 'action complete via WP Cron', '2025-09-02 08:03:29', '2025-09-02 04:03:29'),
(42629, 14274, 'action created', '2025-09-02 08:03:29', '2025-09-02 04:03:29'),
(42632, 14275, 'action created', '2025-09-02 23:01:01', '2025-09-02 19:01:01'),
(42633, 14271, 'action started via WP Cron', '2025-09-02 23:01:01', '2025-09-02 19:01:01'),
(42614, 14269, 'action created', '2025-08-31 17:58:42', '2025-08-31 13:58:42'),
(42735, 14352, 'action created', '2025-09-05 03:10:44', '2025-09-04 23:10:44'),
(42736, 14353, 'action created', '2025-09-05 03:10:44', '2025-09-04 23:10:44'),
(42737, 14354, 'action created', '2025-09-05 03:10:44', '2025-09-04 23:10:44'),
(42554, 14249, 'action created', '2025-08-27 12:26:26', '2025-08-27 08:26:26'),
(42479, 14224, 'action created', '2025-08-21 07:58:37', '2025-08-21 03:58:37'),
(42478, 14220, 'action complete via WP Cron', '2025-08-21 07:58:37', '2025-08-21 03:58:37'),
(42477, 14220, 'action started via WP Cron', '2025-08-21 07:58:37', '2025-08-21 03:58:37'),
(42824, 14357, 'action complete via Async Request', '2025-09-05 03:11:11', '2025-09-04 23:11:11'),
(42476, 14223, 'action created', '2025-08-21 07:58:37', '2025-08-21 03:58:37'),
(42475, 14219, 'action complete via WP Cron', '2025-08-21 07:58:37', '2025-08-21 03:58:37'),
(42821, 14337, 'action started via Async Request', '2025-09-05 03:11:11', '2025-09-04 23:11:11'),
(42822, 14337, 'action complete via Async Request', '2025-09-05 03:11:11', '2025-09-04 23:11:11'),
(42819, 14317, 'action started via Async Request', '2025-09-05 03:11:11', '2025-09-04 23:11:11'),
(42820, 14317, 'action complete via Async Request', '2025-09-05 03:11:11', '2025-09-04 23:11:11'),
(27814, 9337, 'action created', '2023-07-14 23:22:16', '2023-07-14 19:22:16'),
(27816, 9337, 'action failed via WP Cron: Scheduled action for action_scheduler/migration_hook will not be executed as no callbacks are registered.', '2023-07-14 23:23:25', '2023-07-14 19:23:25'),
(27815, 9337, 'action started via WP Cron', '2023-07-14 23:23:25', '2023-07-14 19:23:25'),
(29777, 9990, 'action created', '2023-07-21 04:51:39', '2023-07-21 00:51:39'),
(3135, 1070, 'action created', '2023-05-12 01:14:30', '2023-05-12 01:14:30'),
(3137, 1070, 'action started via WP Cron', '2023-05-12 01:15:13', '2023-05-12 01:15:13'),
(3138, 1070, 'action failed via WP Cron: Scheduled action for woocommerce_run_on_woocommerce_admin_updated will not be executed as no callbacks are registered.', '2023-05-12 01:15:13', '2023-05-12 01:15:13'),
(29963, 10052, 'action created', '2023-07-22 04:53:28', '2023-07-22 00:53:28'),
(29961, 9990, 'action started via WP Cron', '2023-07-22 04:53:28', '2023-07-22 00:53:28'),
(29962, 9990, 'action failed via WP Cron: Scheduled action for aioseo_cache_prune will not be executed as no callbacks are registered.', '2023-07-22 04:53:28', '2023-07-22 00:53:28'),
(43822, 14693, 'action created', '2025-09-06 19:03:20', '2025-09-06 15:03:20'),
(43821, 14692, 'action created', '2025-09-06 19:03:20', '2025-09-06 15:03:20'),
(43818, 14689, 'action created', '2025-09-06 19:03:19', '2025-09-06 15:03:19'),
(43819, 14690, 'action created', '2025-09-06 19:03:19', '2025-09-06 15:03:19'),
(43820, 14691, 'action created', '2025-09-06 19:03:20', '2025-09-06 15:03:20'),
(43815, 14686, 'action created', '2025-09-06 19:03:19', '2025-09-06 15:03:19'),
(43816, 14687, 'action created', '2025-09-06 19:03:19', '2025-09-06 15:03:19'),
(43817, 14688, 'action created', '2025-09-06 19:03:19', '2025-09-06 15:03:19'),
(43745, 14647, 'action complete via Async Request', '2025-09-06 19:03:17', '2025-09-06 15:03:17'),
(43698, 14625, 'action complete via Async Request', '2025-09-06 19:03:17', '2025-09-06 15:03:17'),
(43697, 14625, 'action started via Async Request', '2025-09-06 19:03:17', '2025-09-06 15:03:17'),
(43552, 14556, 'action started via Async Request', '2025-09-06 19:03:15', '2025-09-06 15:03:15'),
(43551, 14555, 'action complete via Async Request', '2025-09-06 19:03:15', '2025-09-06 15:03:15'),
(43550, 14555, 'action started via Async Request', '2025-09-06 19:03:15', '2025-09-06 15:03:15'),
(43524, 14542, 'action complete via Async Request', '2025-09-06 19:03:15', '2025-09-06 15:03:15'),
(43481, 14521, 'action complete via Async Request', '2025-09-06 19:03:15', '2025-09-06 15:03:15'),
(43482, 14522, 'action started via Async Request', '2025-09-06 19:03:15', '2025-09-06 15:03:15'),
(43483, 14522, 'action complete via Async Request', '2025-09-06 19:03:15', '2025-09-06 15:03:15'),
(43484, 14523, 'action started via Async Request', '2025-09-06 19:03:15', '2025-09-06 15:03:15'),
(43485, 14523, 'action complete via Async Request', '2025-09-06 19:03:15', '2025-09-06 15:03:15'),
(43433, 14498, 'action started via Async Request', '2025-09-06 19:03:15', '2025-09-06 15:03:15'),
(43402, 14483, 'action started via Async Request', '2025-09-06 19:03:15', '2025-09-06 15:03:15'),
(43398, 14481, 'action started via Async Request', '2025-09-06 19:03:15', '2025-09-06 15:03:15'),
(43391, 14478, 'action started via Async Request', '2025-09-06 19:03:14', '2025-09-06 15:03:14'),
(43390, 14477, 'action complete via Async Request', '2025-09-06 19:03:14', '2025-09-06 15:03:14'),
(43191, 14532, 'action created', '2025-09-06 19:02:53', '2025-09-06 15:02:53'),
(43167, 14508, 'action created', '2025-09-06 19:02:49', '2025-09-06 15:02:49'),
(43145, 14486, 'action created', '2025-09-06 19:02:46', '2025-09-06 15:02:46'),
(42302, 14165, 'action created', '2025-08-07 13:42:54', '2025-08-07 09:42:54'),
(42675, 14292, 'action created', '2025-09-05 03:10:42', '2025-09-04 23:10:42'),
(42661, 14281, 'action complete via WP Cron', '2025-09-05 02:18:53', '2025-09-04 22:18:53'),
(42662, 14285, 'action created', '2025-09-05 02:18:53', '2025-09-04 22:18:53'),
(42663, 14282, 'action started via WP Cron', '2025-09-05 02:18:53', '2025-09-04 22:18:53'),
(42386, 14193, 'action created', '2025-08-14 05:49:06', '2025-08-14 01:49:06'),
(42365, 14186, 'action created', '2025-08-13 02:27:23', '2025-08-12 22:27:23'),
(43102, 14443, 'action created', '2025-09-06 19:02:39', '2025-09-06 15:02:39'),
(43101, 14442, 'action created', '2025-09-06 19:02:38', '2025-09-06 15:02:38'),
(42431, 14208, 'action created', '2025-08-18 06:37:22', '2025-08-18 02:37:22'),
(42432, 14203, 'action started via WP Cron', '2025-08-18 06:37:22', '2025-08-18 02:37:22'),
(42433, 14203, 'action complete via WP Cron', '2025-08-18 06:37:22', '2025-08-18 02:37:22'),
(42434, 14209, 'action created', '2025-08-18 06:37:22', '2025-08-18 02:37:22'),
(42435, 14204, 'action started via WP Cron', '2025-08-18 06:37:22', '2025-08-18 02:37:22'),
(42361, 14153, 'action complete via WP Cron', '2025-08-12 06:36:48', '2025-08-12 02:36:48'),
(42362, 14185, 'action created', '2025-08-12 06:36:48', '2025-08-12 02:36:48'),
(43107, 14448, 'action created', '2025-09-06 19:02:39', '2025-09-06 15:02:39'),
(43108, 14449, 'action created', '2025-09-06 19:02:40', '2025-09-06 15:02:40'),
(43109, 14450, 'action created', '2025-09-06 19:02:40', '2025-09-06 15:02:40'),
(43110, 14451, 'action created', '2025-09-06 19:02:40', '2025-09-06 15:02:40'),
(43111, 14452, 'action created', '2025-09-06 19:02:40', '2025-09-06 15:02:40'),
(42414, 14199, 'action started via WP Cron', '2025-08-17 06:33:55', '2025-08-17 02:33:55'),
(42415, 14199, 'action complete via WP Cron', '2025-08-17 06:33:55', '2025-08-17 02:33:55'),
(42416, 14203, 'action created', '2025-08-17 06:33:55', '2025-08-17 02:33:55'),
(42417, 14200, 'action started via WP Cron', '2025-08-17 06:33:55', '2025-08-17 02:33:55'),
(42418, 14200, 'action complete via WP Cron', '2025-08-17 06:33:55', '2025-08-17 02:33:55'),
(42419, 14204, 'action created', '2025-08-17 06:33:55', '2025-08-17 02:33:55'),
(42420, 14201, 'action started via WP Cron', '2025-08-17 06:33:55', '2025-08-17 02:33:55'),
(42421, 14201, 'action complete via WP Cron', '2025-08-17 06:33:55', '2025-08-17 02:33:55'),
(42422, 14205, 'action created', '2025-08-17 06:33:55', '2025-08-17 02:33:55'),
(42423, 14175, 'action started via WP Cron', '2025-08-17 11:04:21', '2025-08-17 07:04:21'),
(42733, 14350, 'action created', '2025-09-05 03:10:44', '2025-09-04 23:10:44'),
(42673, 14290, 'action created', '2025-09-05 03:10:42', '2025-09-04 23:10:42'),
(42672, 14289, 'action created', '2025-09-05 03:10:42', '2025-09-04 23:10:42'),
(42671, 14288, 'action complete via WP Cron', '2025-09-05 03:10:08', '2025-09-04 23:10:08'),
(42669, 14288, 'action created', '2025-09-05 03:09:15', '2025-09-04 23:09:15'),
(42670, 14288, 'action started via WP Cron', '2025-09-05 03:10:08', '2025-09-04 23:10:08'),
(42653, 14282, 'action created', '2025-09-03 23:40:13', '2025-09-03 19:40:13'),
(42666, 14287, 'action created', '2025-09-05 03:09:03', '2025-09-04 23:09:03'),
(42651, 14278, 'action started via WP Cron', '2025-09-03 23:40:13', '2025-09-03 19:40:13'),
(42650, 14281, 'action created', '2025-09-03 23:40:13', '2025-09-03 19:40:13'),
(42649, 14277, 'action complete via WP Cron', '2025-09-03 23:40:13', '2025-09-03 19:40:13'),
(42648, 14277, 'action started via WP Cron', '2025-09-03 23:40:13', '2025-09-03 19:40:13'),
(42654, 14279, 'action started via WP Cron', '2025-09-05 02:18:53', '2025-09-04 22:18:53'),
(42655, 14279, 'action complete via WP Cron', '2025-09-05 02:18:53', '2025-09-04 22:18:53'),
(42656, 14283, 'action created', '2025-09-05 02:18:53', '2025-09-04 22:18:53'),
(42657, 14280, 'action started via WP Cron', '2025-09-05 02:18:53', '2025-09-04 22:18:53'),
(42658, 14280, 'action complete via WP Cron', '2025-09-05 02:18:53', '2025-09-04 22:18:53'),
(42535, 14212, 'action complete via WP Cron', '2025-08-26 06:38:31', '2025-08-26 02:38:31'),
(42534, 14212, 'action started via WP Cron', '2025-08-26 06:38:31', '2025-08-26 02:38:31'),
(42553, 14245, 'action complete via WP Cron', '2025-08-27 12:26:26', '2025-08-27 08:26:26'),
(42538, 14239, 'action complete via WP Cron', '2025-08-26 10:08:59', '2025-08-26 06:08:59'),
(42776, 14351, 'action complete via Async Request', '2025-09-05 03:11:11', '2025-09-04 23:11:11'),
(42544, 14241, 'action complete via WP Cron', '2025-08-26 10:08:59', '2025-08-26 06:08:59'),
(42777, 14293, 'action started via Async Request', '2025-09-05 03:11:11', '2025-09-04 23:11:11'),
(42778, 14293, 'action complete via Async Request', '2025-09-05 03:11:11', '2025-09-04 23:11:11'),
(42779, 14312, 'action started via Async Request', '2025-09-05 03:11:11', '2025-09-04 23:11:11'),
(42780, 14312, 'action complete via Async Request', '2025-09-05 03:11:11', '2025-09-04 23:11:11'),
(42781, 14332, 'action started via Async Request', '2025-09-05 03:11:11', '2025-09-04 23:11:11'),
(42612, 14263, 'action started via WP Cron', '2025-08-31 17:58:42', '2025-08-31 13:58:42'),
(42613, 14263, 'action complete via WP Cron', '2025-08-31 17:58:42', '2025-08-31 13:58:42'),
(41942, 14045, 'action created', '2025-07-10 20:10:36', '2025-07-10 16:10:36'),
(42265, 14122, 'action failed via Async Request: Scheduled action for wpforms_admin_addons_cache_update will not be executed as no callbacks are registered.', '2025-08-05 06:33:09', '2025-08-05 02:33:09'),
(43155, 14496, 'action created', '2025-09-06 19:02:47', '2025-09-06 15:02:47'),
(43156, 14497, 'action created', '2025-09-06 19:02:47', '2025-09-06 15:02:47'),
(43157, 14498, 'action created', '2025-09-06 19:02:47', '2025-09-06 15:02:47'),
(43158, 14499, 'action created', '2025-09-06 19:02:48', '2025-09-06 15:02:48'),
(29457, 9884, 'action created', '2023-07-20 04:50:18', '2023-07-20 00:50:18'),
(43950, 14723, 'action complete via Async Request', '2025-09-06 19:03:26', '2025-09-06 15:03:26'),
(43949, 14723, 'action started via Async Request', '2025-09-06 19:03:26', '2025-09-06 15:03:26'),
(43946, 14722, 'action started via Async Request', '2025-09-06 19:03:26', '2025-09-06 15:03:26'),
(43947, 14722, 'action complete via Async Request', '2025-09-06 19:03:26', '2025-09-06 15:03:26'),
(43948, 14727, 'action created', '2025-09-06 19:03:26', '2025-09-06 15:03:26'),
(43814, 14685, 'action created', '2025-09-06 19:03:19', '2025-09-06 15:03:19'),
(43811, 14682, 'action created', '2025-09-06 19:03:18', '2025-09-06 15:03:18'),
(43812, 14683, 'action created', '2025-09-06 19:03:19', '2025-09-06 15:03:19'),
(43813, 14684, 'action created', '2025-09-06 19:03:19', '2025-09-06 15:03:19'),
(43800, 14673, 'action complete via Async Request', '2025-09-06 19:03:18', '2025-09-06 15:03:18'),
(43799, 14673, 'action started via Async Request', '2025-09-06 19:03:18', '2025-09-06 15:03:18'),
(43793, 14670, 'action complete via Async Request', '2025-09-06 19:03:17', '2025-09-06 15:03:17'),
(43794, 14671, 'action started via Async Request', '2025-09-06 19:03:17', '2025-09-06 15:03:17'),
(43795, 14671, 'action complete via Async Request', '2025-09-06 19:03:17', '2025-09-06 15:03:17'),
(43380, 14472, 'action complete via Async Request', '2025-09-06 19:03:14', '2025-09-06 15:03:14'),
(43267, 14608, 'action created', '2025-09-06 19:03:07', '2025-09-06 15:03:07'),
(43268, 14609, 'action created', '2025-09-06 19:03:07', '2025-09-06 15:03:07'),
(43269, 14610, 'action created', '2025-09-06 19:03:07', '2025-09-06 15:03:07'),
(43270, 14611, 'action created', '2025-09-06 19:03:07', '2025-09-06 15:03:07'),
(43271, 14612, 'action created', '2025-09-06 19:03:07', '2025-09-06 15:03:07'),
(43272, 14613, 'action created', '2025-09-06 19:03:08', '2025-09-06 15:03:08'),
(43273, 14614, 'action created', '2025-09-06 19:03:08', '2025-09-06 15:03:08'),
(43274, 14615, 'action created', '2025-09-06 19:03:08', '2025-09-06 15:03:08'),
(43266, 14607, 'action created', '2025-09-06 19:03:06', '2025-09-06 15:03:06'),
(43238, 14579, 'action created', '2025-09-06 19:03:01', '2025-09-06 15:03:01'),
(43236, 14577, 'action created', '2025-09-06 19:03:01', '2025-09-06 15:03:01'),
(43237, 14578, 'action created', '2025-09-06 19:03:01', '2025-09-06 15:03:01'),
(29775, 9884, 'action started via WP Cron', '2023-07-21 04:51:39', '2023-07-21 00:51:39'),
(29776, 9884, 'action failed via WP Cron: Scheduled action for aioseo_cache_prune will not be executed as no callbacks are registered.', '2023-07-21 04:51:39', '2023-07-21 00:51:39'),
(43945, 14721, 'action complete via Async Request', '2025-09-06 19:03:26', '2025-09-06 15:03:26'),
(43944, 14721, 'action started via Async Request', '2025-09-06 19:03:26', '2025-09-06 15:03:26'),
(43942, 14720, 'action started via Async Request', '2025-09-06 19:03:26', '2025-09-06 15:03:26'),
(43943, 14720, 'action complete via Async Request', '2025-09-06 19:03:26', '2025-09-06 15:03:26'),
(43691, 14622, 'action started via Async Request', '2025-09-06 19:03:17', '2025-09-06 15:03:17'),
(43543, 14551, 'action complete via Async Request', '2025-09-06 19:03:15', '2025-09-06 15:03:15'),
(43523, 14542, 'action started via Async Request', '2025-09-06 19:03:15', '2025-09-06 15:03:15'),
(43477, 14519, 'action complete via Async Request', '2025-09-06 19:03:15', '2025-09-06 15:03:15'),
(43432, 14497, 'action complete via Async Request', '2025-09-06 19:03:15', '2025-09-06 15:03:15'),
(43241, 14582, 'action created', '2025-09-06 19:03:02', '2025-09-06 15:03:02'),
(43240, 14581, 'action created', '2025-09-06 19:03:02', '2025-09-06 15:03:02'),
(43222, 14563, 'action created', '2025-09-06 19:02:58', '2025-09-06 15:02:58'),
(43223, 14564, 'action created', '2025-09-06 19:02:58', '2025-09-06 15:02:58'),
(43212, 14553, 'action created', '2025-09-06 19:02:56', '2025-09-06 15:02:56'),
(43162, 14503, 'action created', '2025-09-06 19:02:48', '2025-09-06 15:02:48'),
(43163, 14504, 'action created', '2025-09-06 19:02:48', '2025-09-06 15:02:48'),
(43164, 14505, 'action created', '2025-09-06 19:02:48', '2025-09-06 15:02:48'),
(43165, 14506, 'action created', '2025-09-06 19:02:48', '2025-09-06 15:02:48'),
(29987, 10060, 'action created', '2023-07-23 04:56:27', '2023-07-23 00:56:27'),
(30012, 10060, 'action started via WP Cron', '2023-07-24 04:57:02', '2023-07-24 00:57:02'),
(30176, 10069, 'This action appears to be consistently failing. A new instance will not be scheduled.', '2023-07-25 05:01:48', '2023-07-25 01:01:48'),
(30174, 10069, 'action started via WP Cron', '2023-07-25 05:01:48', '2023-07-25 01:01:48'),
(30175, 10069, 'action failed via WP Cron: Scheduled action for aioseo_cache_prune will not be executed as no callbacks are registered.', '2023-07-25 05:01:48', '2023-07-25 01:01:48'),
(5950, 2025, 'action failed via Async Request: Scheduled action for action_scheduler/migration_hook will not be executed as no callbacks are registered.', '2023-05-22 19:19:24', '2023-05-22 19:19:24'),
(5948, 2025, 'action created', '2023-05-22 19:18:12', '2023-05-22 19:18:12'),
(5949, 2025, 'action started via Async Request', '2023-05-22 19:19:24', '2023-05-22 19:19:24'),
(43872, 14687, 'action started via Async Request', '2025-09-06 19:03:25', '2025-09-06 15:03:25'),
(43873, 14687, 'action complete via Async Request', '2025-09-06 19:03:25', '2025-09-06 15:03:25'),
(43869, 14685, 'action complete via Async Request', '2025-09-06 19:03:25', '2025-09-06 15:03:25'),
(43870, 14686, 'action started via Async Request', '2025-09-06 19:03:25', '2025-09-06 15:03:25'),
(43871, 14686, 'action complete via Async Request', '2025-09-06 19:03:25', '2025-09-06 15:03:25'),
(43731, 14641, 'action complete via Async Request', '2025-09-06 19:03:17', '2025-09-06 15:03:17'),
(43464, 14513, 'action started via Async Request', '2025-09-06 19:03:15', '2025-09-06 15:03:15'),
(43465, 14513, 'action complete via Async Request', '2025-09-06 19:03:15', '2025-09-06 15:03:15'),
(43451, 14507, 'action started via Async Request', '2025-09-06 19:03:15', '2025-09-06 15:03:15'),
(43444, 14503, 'action complete via Async Request', '2025-09-06 19:03:15', '2025-09-06 15:03:15'),
(43445, 14504, 'action started via Async Request', '2025-09-06 19:03:15', '2025-09-06 15:03:15'),
(43446, 14504, 'action complete via Async Request', '2025-09-06 19:03:15', '2025-09-06 15:03:15'),
(43447, 14505, 'action started via Async Request', '2025-09-06 19:03:15', '2025-09-06 15:03:15'),
(43448, 14505, 'action complete via Async Request', '2025-09-06 19:03:15', '2025-09-06 15:03:15'),
(43449, 14506, 'action started via Async Request', '2025-09-06 19:03:15', '2025-09-06 15:03:15'),
(43450, 14506, 'action complete via Async Request', '2025-09-06 19:03:15', '2025-09-06 15:03:15'),
(43429, 14496, 'action started via Async Request', '2025-09-06 19:03:15', '2025-09-06 15:03:15'),
(43428, 14495, 'action complete via Async Request', '2025-09-06 19:03:15', '2025-09-06 15:03:15'),
(43192, 14533, 'action created', '2025-09-06 19:02:53', '2025-09-06 15:02:53'),
(43151, 14492, 'action created', '2025-09-06 19:02:47', '2025-09-06 15:02:47'),
(43152, 14493, 'action created', '2025-09-06 19:02:47', '2025-09-06 15:02:47'),
(43153, 14494, 'action created', '2025-09-06 19:02:47', '2025-09-06 15:02:47'),
(43154, 14495, 'action created', '2025-09-06 19:02:47', '2025-09-06 15:02:47'),
(42767, 14370, 'action started via Async Request', '2025-09-05 03:11:11', '2025-09-04 23:11:11'),
(42768, 14370, 'action complete via Async Request', '2025-09-05 03:11:11', '2025-09-04 23:11:11'),
(42769, 14292, 'action started via Async Request', '2025-09-05 03:11:11', '2025-09-04 23:11:11'),
(42770, 14292, 'action complete via Async Request', '2025-09-05 03:11:11', '2025-09-04 23:11:11'),
(42173, 14122, 'action created', '2025-07-29 06:33:06', '2025-07-29 02:33:06'),
(42749, 14366, 'action created', '2025-09-05 03:10:44', '2025-09-04 23:10:44'),
(42750, 14367, 'action created', '2025-09-05 03:10:44', '2025-09-04 23:10:44'),
(42751, 14368, 'action created', '2025-09-05 03:10:44', '2025-09-04 23:10:44'),
(42752, 14369, 'action created', '2025-09-05 03:10:44', '2025-09-04 23:10:44'),
(42753, 14370, 'action created', '2025-09-05 03:10:44', '2025-09-04 23:10:44'),
(42754, 14371, 'action created', '2025-09-05 03:10:48', '2025-09-04 23:10:48'),
(42755, 14289, 'action started via Async Request', '2025-09-05 03:11:11', '2025-09-04 23:11:11'),
(42756, 14289, 'action complete via Async Request', '2025-09-05 03:11:11', '2025-09-04 23:11:11'),
(42757, 14290, 'action started via Async Request', '2025-09-05 03:11:11', '2025-09-04 23:11:11'),
(42758, 14290, 'action complete via Async Request', '2025-09-05 03:11:11', '2025-09-04 23:11:11'),
(42759, 14291, 'action started via Async Request', '2025-09-05 03:11:11', '2025-09-04 23:11:11'),
(42760, 14291, 'action complete via Async Request', '2025-09-05 03:11:11', '2025-09-04 23:11:11'),
(42761, 14310, 'action started via Async Request', '2025-09-05 03:11:11', '2025-09-04 23:11:11'),
(42762, 14310, 'action complete via Async Request', '2025-09-05 03:11:11', '2025-09-04 23:11:11'),
(42763, 14328, 'action started via Async Request', '2025-09-05 03:11:11', '2025-09-04 23:11:11'),
(42764, 14328, 'action complete via Async Request', '2025-09-05 03:11:11', '2025-09-04 23:11:11'),
(42765, 14350, 'action started via Async Request', '2025-09-05 03:11:11', '2025-09-04 23:11:11'),
(42766, 14350, 'action complete via Async Request', '2025-09-05 03:11:11', '2025-09-04 23:11:11'),
(42300, 14161, 'action started via WP Cron', '2025-08-07 13:42:54', '2025-08-07 09:42:54'),
(42311, 14168, 'action created', '2025-08-08 13:46:40', '2025-08-08 09:46:40'),
(42301, 14161, 'action complete via WP Cron', '2025-08-07 13:42:54', '2025-08-07 09:42:54'),
(42330, 14143, 'action started via WP Cron', '2025-08-10 08:45:19', '2025-08-10 04:45:19'),
(42331, 14143, 'action complete via WP Cron', '2025-08-10 08:45:19', '2025-08-10 04:45:19'),
(42332, 14175, 'action created', '2025-08-10 08:45:19', '2025-08-10 04:45:19'),
(42333, 14144, 'action started via WP Cron', '2025-08-10 08:45:19', '2025-08-10 04:45:19'),
(42334, 14144, 'action complete via WP Cron', '2025-08-10 08:45:19', '2025-08-10 04:45:19'),
(43112, 14453, 'action created', '2025-09-06 19:02:40', '2025-09-06 15:02:40'),
(43103, 14444, 'action created', '2025-09-06 19:02:39', '2025-09-06 15:02:39'),
(43104, 14445, 'action created', '2025-09-06 19:02:39', '2025-09-06 15:02:39'),
(42358, 14180, 'action complete via WP Cron', '2025-08-12 02:17:14', '2025-08-11 22:17:14'),
(42317, 14170, 'action created', '2025-08-09 14:50:14', '2025-08-09 10:50:14'),
(42313, 14165, 'action complete via WP Cron', '2025-08-08 13:46:40', '2025-08-08 09:46:40'),
(42314, 14169, 'action created', '2025-08-08 13:46:40', '2025-08-08 09:46:40'),
(42310, 14164, 'action complete via WP Cron', '2025-08-08 13:46:40', '2025-08-08 09:46:40'),
(42323, 14172, 'action created', '2025-08-09 14:50:14', '2025-08-09 10:50:14'),
(43142, 14483, 'action created', '2025-09-06 19:02:45', '2025-09-06 15:02:45'),
(43141, 14482, 'action created', '2025-09-06 19:02:45', '2025-09-06 15:02:45'),
(30013, 10060, 'action failed via WP Cron: Scheduled action for aioseo_cache_prune will not be executed as no callbacks are registered.', '2023-07-24 04:57:02', '2023-07-24 00:57:02'),
(44036, 14744, 'action complete via Async Request', '2025-09-06 19:03:33', '2025-09-06 15:03:33'),
(44037, 14745, 'action started via Async Request', '2025-09-06 19:03:33', '2025-09-06 15:03:33'),
(44038, 14745, 'action complete via Async Request', '2025-09-06 19:03:33', '2025-09-06 15:03:33'),
(44039, 14746, 'action started via Async Request', '2025-09-06 19:03:33', '2025-09-06 15:03:33'),
(44040, 14746, 'action complete via Async Request', '2025-09-06 19:03:33', '2025-09-06 15:03:33'),
(44041, 14747, 'action started via Async Request', '2025-09-06 19:03:33', '2025-09-06 15:03:33'),
(44042, 14747, 'action complete via Async Request', '2025-09-06 19:03:33', '2025-09-06 15:03:33'),
(44043, 14748, 'action started via Async Request', '2025-09-06 19:03:33', '2025-09-06 15:03:33'),
(44044, 14748, 'action complete via Async Request', '2025-09-06 19:03:33', '2025-09-06 15:03:33'),
(44045, 14749, 'action started via Async Request', '2025-09-06 19:03:33', '2025-09-06 15:03:33'),
(44046, 14749, 'action complete via Async Request', '2025-09-06 19:03:33', '2025-09-06 15:03:33'),
(44047, 14750, 'action started via Async Request', '2025-09-06 19:03:33', '2025-09-06 15:03:33'),
(44048, 14750, 'action complete via Async Request', '2025-09-06 19:03:33', '2025-09-06 15:03:33'),
(44049, 14751, 'action started via Async Request', '2025-09-06 19:03:33', '2025-09-06 15:03:33'),
(44050, 14751, 'action complete via Async Request', '2025-09-06 19:03:33', '2025-09-06 15:03:33'),
(44051, 14752, 'action started via Async Request', '2025-09-06 19:03:33', '2025-09-06 15:03:33'),
(44052, 14752, 'action complete via Async Request', '2025-09-06 19:03:33', '2025-09-06 15:03:33'),
(44053, 14753, 'action started via Async Request', '2025-09-06 19:03:33', '2025-09-06 15:03:33'),
(44054, 14753, 'action complete via Async Request', '2025-09-06 19:03:33', '2025-09-06 15:03:33'),
(44055, 14754, 'action started via Async Request', '2025-09-06 19:03:33', '2025-09-06 15:03:33'),
(44056, 14754, 'action complete via Async Request', '2025-09-06 19:03:33', '2025-09-06 15:03:33'),
(44057, 14755, 'action started via Async Request', '2025-09-06 19:03:33', '2025-09-06 15:03:33'),
(44058, 14755, 'action complete via Async Request', '2025-09-06 19:03:33', '2025-09-06 15:03:33'),
(44059, 14756, 'action started via Async Request', '2025-09-06 19:03:33', '2025-09-06 15:03:33'),
(44060, 14756, 'action complete via Async Request', '2025-09-06 19:03:33', '2025-09-06 15:03:33'),
(44061, 14757, 'action started via Async Request', '2025-09-06 19:03:33', '2025-09-06 15:03:33'),
(44062, 14757, 'action complete via Async Request', '2025-09-06 19:03:33', '2025-09-06 15:03:33'),
(44063, 14758, 'action started via Async Request', '2025-09-06 19:03:33', '2025-09-06 15:03:33'),
(44064, 14758, 'action complete via Async Request', '2025-09-06 19:03:33', '2025-09-06 15:03:33'),
(44065, 14759, 'action started via Async Request', '2025-09-06 19:03:33', '2025-09-06 15:03:33'),
(44066, 14759, 'action complete via Async Request', '2025-09-06 19:03:33', '2025-09-06 15:03:33'),
(44067, 14760, 'action started via Async Request', '2025-09-06 19:03:33', '2025-09-06 15:03:33'),
(44068, 14760, 'action complete via Async Request', '2025-09-06 19:03:33', '2025-09-06 15:03:33'),
(44069, 14761, 'action started via Async Request', '2025-09-06 19:03:33', '2025-09-06 15:03:33'),
(44070, 14761, 'action complete via Async Request', '2025-09-06 19:03:33', '2025-09-06 15:03:33'),
(44071, 14762, 'action started via Async Request', '2025-09-06 19:03:33', '2025-09-06 15:03:33'),
(44072, 14762, 'action complete via Async Request', '2025-09-06 19:03:33', '2025-09-06 15:03:33'),
(44073, 14763, 'action started via Async Request', '2025-09-06 19:03:33', '2025-09-06 15:03:33'),
(44074, 14763, 'action complete via Async Request', '2025-09-06 19:03:33', '2025-09-06 15:03:33'),
(44075, 14764, 'action started via Async Request', '2025-09-06 19:03:33', '2025-09-06 15:03:33'),
(44076, 14764, 'action complete via Async Request', '2025-09-06 19:03:33', '2025-09-06 15:03:33'),
(44077, 14765, 'action started via Async Request', '2025-09-06 19:03:33', '2025-09-06 15:03:33'),
(44078, 14765, 'action complete via Async Request', '2025-09-06 19:03:33', '2025-09-06 15:03:33'),
(44079, 14766, 'action started via Async Request', '2025-09-06 19:03:33', '2025-09-06 15:03:33'),
(44080, 14766, 'action complete via Async Request', '2025-09-06 19:03:33', '2025-09-06 15:03:33'),
(44081, 14767, 'action started via Async Request', '2025-09-06 19:03:33', '2025-09-06 15:03:33'),
(44082, 14767, 'action complete via Async Request', '2025-09-06 19:03:33', '2025-09-06 15:03:33'),
(44083, 14768, 'action started via Async Request', '2025-09-06 19:03:33', '2025-09-06 15:03:33'),
(44084, 14768, 'action complete via Async Request', '2025-09-06 19:03:33', '2025-09-06 15:03:33'),
(44085, 14769, 'action started via Async Request', '2025-09-06 19:03:33', '2025-09-06 15:03:33'),
(44086, 14769, 'action complete via Async Request', '2025-09-06 19:03:33', '2025-09-06 15:03:33'),
(44087, 14770, 'action started via Async Request', '2025-09-06 19:03:33', '2025-09-06 15:03:33'),
(44088, 14770, 'action complete via Async Request', '2025-09-06 19:03:33', '2025-09-06 15:03:33'),
(44089, 14771, 'action started via Async Request', '2025-09-06 19:03:33', '2025-09-06 15:03:33'),
(44090, 14771, 'action complete via Async Request', '2025-09-06 19:03:33', '2025-09-06 15:03:33'),
(44091, 14435, 'action started via WP Cron', '2025-09-06 19:08:18', '2025-09-06 15:08:18'),
(44092, 14435, 'action complete via WP Cron', '2025-09-06 19:08:18', '2025-09-06 15:08:18'),
(44093, 14772, 'action created', '2025-09-06 19:08:18', '2025-09-06 15:08:18'),
(44094, 14438, 'action started via WP Cron', '2025-09-06 19:15:39', '2025-09-06 15:15:39'),
(44095, 14438, 'action complete via WP Cron', '2025-09-06 19:15:39', '2025-09-06 15:15:39'),
(44096, 14773, 'action created', '2025-09-06 19:15:39', '2025-09-06 15:15:39'),
(44097, 14772, 'action started via WP Cron', '2025-09-06 20:34:56', '2025-09-06 16:34:56'),
(44098, 14772, 'action complete via WP Cron', '2025-09-06 20:34:56', '2025-09-06 16:34:56'),
(44099, 14774, 'action created', '2025-09-06 20:34:56', '2025-09-06 16:34:56'),
(44100, 14773, 'action started via WP Cron', '2025-09-06 20:34:56', '2025-09-06 16:34:56'),
(44101, 14773, 'action complete via WP Cron', '2025-09-06 20:34:56', '2025-09-06 16:34:56'),
(44102, 14775, 'action created', '2025-09-06 20:34:56', '2025-09-06 16:34:56'),
(44103, 14408, 'action started via WP Cron', '2025-09-06 20:56:10', '2025-09-06 16:56:10'),
(44104, 14408, 'action complete via WP Cron', '2025-09-06 20:56:10', '2025-09-06 16:56:10'),
(44105, 14776, 'action created', '2025-09-06 20:56:10', '2025-09-06 16:56:10'),
(44106, 14409, 'action started via WP Cron', '2025-09-06 20:56:10', '2025-09-06 16:56:10'),
(44107, 14409, 'action complete via WP Cron', '2025-09-06 20:56:10', '2025-09-06 16:56:10'),
(44108, 14777, 'action created', '2025-09-06 20:56:10', '2025-09-06 16:56:10'),
(44109, 14778, 'action created', '2025-09-06 21:16:43', '2025-09-06 17:16:43'),
(44110, 14778, 'action started via WP Cron', '2025-09-06 21:19:37', '2025-09-06 17:19:37'),
(44111, 14778, 'action complete via WP Cron', '2025-09-06 21:19:37', '2025-09-06 17:19:37'),
(44112, 14779, 'action created', '2025-09-06 21:25:55', '2025-09-06 17:25:55'),
(44113, 14780, 'action created', '2025-09-06 21:25:55', '2025-09-06 17:25:55'),
(44114, 14781, 'action created', '2025-09-06 21:25:55', '2025-09-06 17:25:55'),
(44115, 14782, 'action created', '2025-09-06 21:25:55', '2025-09-06 17:25:55'),
(44116, 14783, 'action created', '2025-09-06 21:25:55', '2025-09-06 17:25:55'),
(44117, 14784, 'action created', '2025-09-06 21:25:56', '2025-09-06 17:25:56'),
(44118, 14785, 'action created', '2025-09-06 21:25:56', '2025-09-06 17:25:56'),
(44119, 14786, 'action created', '2025-09-06 21:25:56', '2025-09-06 17:25:56'),
(44120, 14787, 'action created', '2025-09-06 21:25:56', '2025-09-06 17:25:56'),
(44121, 14788, 'action created', '2025-09-06 21:25:56', '2025-09-06 17:25:56'),
(44122, 14789, 'action created', '2025-09-06 21:25:56', '2025-09-06 17:25:56'),
(44123, 14790, 'action created', '2025-09-06 21:25:56', '2025-09-06 17:25:56'),
(44124, 14791, 'action created', '2025-09-06 21:25:56', '2025-09-06 17:25:56'),
(44125, 14792, 'action created', '2025-09-06 21:25:56', '2025-09-06 17:25:56'),
(44126, 14793, 'action created', '2025-09-06 21:25:56', '2025-09-06 17:25:56'),
(44127, 14794, 'action created', '2025-09-06 21:25:56', '2025-09-06 17:25:56'),
(44128, 14795, 'action created', '2025-09-06 21:25:57', '2025-09-06 17:25:57'),
(44129, 14796, 'action created', '2025-09-06 21:25:57', '2025-09-06 17:25:57'),
(44130, 14797, 'action created', '2025-09-06 21:25:57', '2025-09-06 17:25:57'),
(44131, 14798, 'action created', '2025-09-06 21:25:57', '2025-09-06 17:25:57'),
(44132, 14799, 'action created', '2025-09-06 21:25:57', '2025-09-06 17:25:57'),
(44133, 14800, 'action created', '2025-09-06 21:25:57', '2025-09-06 17:25:57'),
(44134, 14801, 'action created', '2025-09-06 21:25:57', '2025-09-06 17:25:57'),
(44135, 14802, 'action created', '2025-09-06 21:25:57', '2025-09-06 17:25:57'),
(44136, 14803, 'action created', '2025-09-06 21:25:57', '2025-09-06 17:25:57'),
(44137, 14804, 'action created', '2025-09-06 21:25:57', '2025-09-06 17:25:57'),
(44138, 14805, 'action created', '2025-09-06 21:25:57', '2025-09-06 17:25:57'),
(44139, 14806, 'action created', '2025-09-06 21:25:57', '2025-09-06 17:25:57'),
(44140, 14807, 'action created', '2025-09-06 21:25:58', '2025-09-06 17:25:58'),
(44141, 14808, 'action created', '2025-09-06 21:25:58', '2025-09-06 17:25:58'),
(44142, 14809, 'action created', '2025-09-06 21:25:58', '2025-09-06 17:25:58'),
(44143, 14810, 'action created', '2025-09-06 21:25:58', '2025-09-06 17:25:58'),
(44144, 14811, 'action created', '2025-09-06 21:25:58', '2025-09-06 17:25:58'),
(44145, 14812, 'action created', '2025-09-06 21:25:58', '2025-09-06 17:25:58'),
(44146, 14779, 'action started via Async Request', '2025-09-06 21:26:00', '2025-09-06 17:26:00'),
(44147, 14779, 'action complete via Async Request', '2025-09-06 21:26:00', '2025-09-06 17:26:00'),
(44148, 14780, 'action started via Async Request', '2025-09-06 21:26:00', '2025-09-06 17:26:00'),
(44149, 14780, 'action complete via Async Request', '2025-09-06 21:26:00', '2025-09-06 17:26:00'),
(44150, 14781, 'action started via Async Request', '2025-09-06 21:26:00', '2025-09-06 17:26:00'),
(44151, 14781, 'action complete via Async Request', '2025-09-06 21:26:00', '2025-09-06 17:26:00'),
(44152, 14782, 'action started via Async Request', '2025-09-06 21:26:00', '2025-09-06 17:26:00'),
(44153, 14782, 'action complete via Async Request', '2025-09-06 21:26:00', '2025-09-06 17:26:00'),
(44154, 14783, 'action started via Async Request', '2025-09-06 21:26:00', '2025-09-06 17:26:00'),
(44155, 14783, 'action complete via Async Request', '2025-09-06 21:26:00', '2025-09-06 17:26:00'),
(44156, 14784, 'action started via Async Request', '2025-09-06 21:26:00', '2025-09-06 17:26:00'),
(44157, 14784, 'action complete via Async Request', '2025-09-06 21:26:00', '2025-09-06 17:26:00'),
(44158, 14785, 'action started via Async Request', '2025-09-06 21:26:00', '2025-09-06 17:26:00'),
(44159, 14785, 'action complete via Async Request', '2025-09-06 21:26:00', '2025-09-06 17:26:00'),
(44160, 14786, 'action started via Async Request', '2025-09-06 21:26:00', '2025-09-06 17:26:00'),
(44161, 14786, 'action complete via Async Request', '2025-09-06 21:26:00', '2025-09-06 17:26:00'),
(44162, 14787, 'action started via Async Request', '2025-09-06 21:26:00', '2025-09-06 17:26:00'),
(44163, 14787, 'action complete via Async Request', '2025-09-06 21:26:00', '2025-09-06 17:26:00'),
(44164, 14788, 'action started via Async Request', '2025-09-06 21:26:00', '2025-09-06 17:26:00'),
(44165, 14788, 'action complete via Async Request', '2025-09-06 21:26:00', '2025-09-06 17:26:00'),
(44166, 14789, 'action started via Async Request', '2025-09-06 21:26:00', '2025-09-06 17:26:00'),
(44167, 14789, 'action complete via Async Request', '2025-09-06 21:26:00', '2025-09-06 17:26:00'),
(44168, 14790, 'action started via Async Request', '2025-09-06 21:26:00', '2025-09-06 17:26:00'),
(44169, 14790, 'action complete via Async Request', '2025-09-06 21:26:00', '2025-09-06 17:26:00'),
(44170, 14791, 'action started via Async Request', '2025-09-06 21:26:00', '2025-09-06 17:26:00'),
(44171, 14791, 'action complete via Async Request', '2025-09-06 21:26:00', '2025-09-06 17:26:00'),
(44172, 14792, 'action started via Async Request', '2025-09-06 21:26:00', '2025-09-06 17:26:00'),
(44173, 14792, 'action complete via Async Request', '2025-09-06 21:26:00', '2025-09-06 17:26:00'),
(44174, 14793, 'action started via Async Request', '2025-09-06 21:26:00', '2025-09-06 17:26:00'),
(44175, 14793, 'action complete via Async Request', '2025-09-06 21:26:00', '2025-09-06 17:26:00'),
(44176, 14794, 'action started via Async Request', '2025-09-06 21:26:00', '2025-09-06 17:26:00'),
(44177, 14794, 'action complete via Async Request', '2025-09-06 21:26:00', '2025-09-06 17:26:00'),
(44178, 14795, 'action started via Async Request', '2025-09-06 21:26:00', '2025-09-06 17:26:00'),
(44179, 14795, 'action complete via Async Request', '2025-09-06 21:26:00', '2025-09-06 17:26:00'),
(44180, 14796, 'action started via Async Request', '2025-09-06 21:26:00', '2025-09-06 17:26:00'),
(44181, 14796, 'action complete via Async Request', '2025-09-06 21:26:00', '2025-09-06 17:26:00'),
(44182, 14797, 'action started via Async Request', '2025-09-06 21:26:00', '2025-09-06 17:26:00'),
(44183, 14797, 'action complete via Async Request', '2025-09-06 21:26:00', '2025-09-06 17:26:00'),
(44184, 14798, 'action started via Async Request', '2025-09-06 21:26:00', '2025-09-06 17:26:00'),
(44185, 14798, 'action complete via Async Request', '2025-09-06 21:26:00', '2025-09-06 17:26:00'),
(44186, 14799, 'action started via Async Request', '2025-09-06 21:26:00', '2025-09-06 17:26:00'),
(44187, 14799, 'action complete via Async Request', '2025-09-06 21:26:00', '2025-09-06 17:26:00'),
(44188, 14800, 'action started via Async Request', '2025-09-06 21:26:00', '2025-09-06 17:26:00'),
(44189, 14800, 'action complete via Async Request', '2025-09-06 21:26:00', '2025-09-06 17:26:00'),
(44190, 14801, 'action started via Async Request', '2025-09-06 21:26:00', '2025-09-06 17:26:00'),
(44191, 14801, 'action complete via Async Request', '2025-09-06 21:26:00', '2025-09-06 17:26:00'),
(44192, 14802, 'action started via Async Request', '2025-09-06 21:26:00', '2025-09-06 17:26:00'),
(44193, 14802, 'action complete via Async Request', '2025-09-06 21:26:00', '2025-09-06 17:26:00'),
(44194, 14803, 'action started via Async Request', '2025-09-06 21:26:00', '2025-09-06 17:26:00'),
(44195, 14803, 'action complete via Async Request', '2025-09-06 21:26:00', '2025-09-06 17:26:00'),
(44196, 14804, 'action started via Async Request', '2025-09-06 21:26:00', '2025-09-06 17:26:00'),
(44197, 14804, 'action complete via Async Request', '2025-09-06 21:26:00', '2025-09-06 17:26:00'),
(44198, 14805, 'action started via Async Request', '2025-09-06 21:26:00', '2025-09-06 17:26:00'),
(44199, 14805, 'action complete via Async Request', '2025-09-06 21:26:00', '2025-09-06 17:26:00'),
(44200, 14806, 'action started via Async Request', '2025-09-06 21:26:00', '2025-09-06 17:26:00'),
(44201, 14806, 'action complete via Async Request', '2025-09-06 21:26:00', '2025-09-06 17:26:00'),
(44202, 14807, 'action started via Async Request', '2025-09-06 21:26:00', '2025-09-06 17:26:00'),
(44203, 14807, 'action complete via Async Request', '2025-09-06 21:26:00', '2025-09-06 17:26:00'),
(44204, 14808, 'action started via Async Request', '2025-09-06 21:26:00', '2025-09-06 17:26:00'),
(44205, 14808, 'action complete via Async Request', '2025-09-06 21:26:00', '2025-09-06 17:26:00'),
(44206, 14809, 'action started via Async Request', '2025-09-06 21:26:00', '2025-09-06 17:26:00'),
(44207, 14809, 'action complete via Async Request', '2025-09-06 21:26:00', '2025-09-06 17:26:00'),
(44208, 14810, 'action started via Async Request', '2025-09-06 21:26:00', '2025-09-06 17:26:00'),
(44209, 14810, 'action complete via Async Request', '2025-09-06 21:26:00', '2025-09-06 17:26:00'),
(44210, 14811, 'action started via Async Request', '2025-09-06 21:26:00', '2025-09-06 17:26:00'),
(44211, 14811, 'action complete via Async Request', '2025-09-06 21:26:00', '2025-09-06 17:26:00'),
(44212, 14812, 'action started via Async Request', '2025-09-06 21:26:00', '2025-09-06 17:26:00'),
(44213, 14812, 'action complete via Async Request', '2025-09-06 21:26:00', '2025-09-06 17:26:00'),
(44214, 14774, 'action started via WP Cron', '2025-09-06 21:36:16', '2025-09-06 17:36:16'),
(44215, 14774, 'action complete via WP Cron', '2025-09-06 21:36:16', '2025-09-06 17:36:16'),
(44216, 14813, 'action created', '2025-09-06 21:36:16', '2025-09-06 17:36:16'),
(44217, 14775, 'action started via WP Cron', '2025-09-06 21:36:16', '2025-09-06 17:36:16'),
(44218, 14775, 'action complete via WP Cron', '2025-09-06 21:36:16', '2025-09-06 17:36:16'),
(44219, 14814, 'action created', '2025-09-06 21:36:16', '2025-09-06 17:36:16'),
(43850, 14721, 'action created', '2025-09-06 19:03:24', '2025-09-06 15:03:24'),
(43851, 14722, 'action created', '2025-09-06 19:03:24', '2025-09-06 15:03:24'),
(43852, 14677, 'action started via Async Request', '2025-09-06 19:03:25', '2025-09-06 15:03:25'),
(43847, 14718, 'action created', '2025-09-06 19:03:24', '2025-09-06 15:03:24'),
(43848, 14719, 'action created', '2025-09-06 19:03:24', '2025-09-06 15:03:24'),
(43849, 14720, 'action created', '2025-09-06 19:03:24', '2025-09-06 15:03:24'),
(43842, 14713, 'action created', '2025-09-06 19:03:23', '2025-09-06 15:03:23'),
(43843, 14714, 'action created', '2025-09-06 19:03:23', '2025-09-06 15:03:23'),
(43844, 14715, 'action created', '2025-09-06 19:03:23', '2025-09-06 15:03:23'),
(43845, 14716, 'action created', '2025-09-06 19:03:23', '2025-09-06 15:03:23'),
(43846, 14717, 'action created', '2025-09-06 19:03:24', '2025-09-06 15:03:24'),
(43788, 14668, 'action started via Async Request', '2025-09-06 19:03:17', '2025-09-06 15:03:17'),
(43787, 14667, 'action complete via Async Request', '2025-09-06 19:03:17', '2025-09-06 15:03:17'),
(43719, 14636, 'action started via Async Request', '2025-09-06 19:03:17', '2025-09-06 15:03:17'),
(43718, 14635, 'action complete via Async Request', '2025-09-06 19:03:17', '2025-09-06 15:03:17'),
(43716, 14634, 'action complete via Async Request', '2025-09-06 19:03:17', '2025-09-06 15:03:17'),
(43717, 14635, 'action started via Async Request', '2025-09-06 19:03:17', '2025-09-06 15:03:17'),
(43715, 14634, 'action started via Async Request', '2025-09-06 19:03:17', '2025-09-06 15:03:17'),
(43687, 14620, 'action started via Async Request', '2025-09-06 19:03:17', '2025-09-06 15:03:17'),
(43556, 14558, 'action started via Async Request', '2025-09-06 19:03:15', '2025-09-06 15:03:15'),
(43557, 14558, 'action complete via Async Request', '2025-09-06 19:03:15', '2025-09-06 15:03:15'),
(43558, 14559, 'action started via Async Request', '2025-09-06 19:03:15', '2025-09-06 15:03:15'),
(43559, 14559, 'action complete via Async Request', '2025-09-06 19:03:15', '2025-09-06 15:03:15'),
(43560, 14665, 'action created', '2025-09-06 19:03:15', '2025-09-06 15:03:15'),
(43561, 14560, 'action started via Async Request', '2025-09-06 19:03:16', '2025-09-06 15:03:16'),
(43562, 14560, 'action complete via Async Request', '2025-09-06 19:03:16', '2025-09-06 15:03:16'),
(43563, 14561, 'action started via Async Request', '2025-09-06 19:03:16', '2025-09-06 15:03:16'),
(43564, 14561, 'action complete via Async Request', '2025-09-06 19:03:16', '2025-09-06 15:03:16'),
(43565, 14562, 'action started via Async Request', '2025-09-06 19:03:16', '2025-09-06 15:03:16'),
(43566, 14562, 'action complete via Async Request', '2025-09-06 19:03:16', '2025-09-06 15:03:16'),
(43567, 14563, 'action started via Async Request', '2025-09-06 19:03:16', '2025-09-06 15:03:16'),
(43568, 14563, 'action complete via Async Request', '2025-09-06 19:03:16', '2025-09-06 15:03:16'),
(43569, 14564, 'action started via Async Request', '2025-09-06 19:03:16', '2025-09-06 15:03:16'),
(43570, 14564, 'action complete via Async Request', '2025-09-06 19:03:16', '2025-09-06 15:03:16'),
(43571, 14565, 'action started via Async Request', '2025-09-06 19:03:16', '2025-09-06 15:03:16'),
(43572, 14565, 'action complete via Async Request', '2025-09-06 19:03:16', '2025-09-06 15:03:16');
INSERT INTO `iaZ8d_actionscheduler_logs` VALUES
(43573, 14666, 'action created', '2025-09-06 19:03:16', '2025-09-06 15:03:16'),
(43574, 14566, 'action started via Async Request', '2025-09-06 19:03:16', '2025-09-06 15:03:16'),
(43575, 14566, 'action complete via Async Request', '2025-09-06 19:03:16', '2025-09-06 15:03:16'),
(43576, 14567, 'action started via Async Request', '2025-09-06 19:03:16', '2025-09-06 15:03:16'),
(43577, 14567, 'action complete via Async Request', '2025-09-06 19:03:16', '2025-09-06 15:03:16'),
(43578, 14568, 'action started via Async Request', '2025-09-06 19:03:16', '2025-09-06 15:03:16'),
(43579, 14568, 'action complete via Async Request', '2025-09-06 19:03:16', '2025-09-06 15:03:16'),
(43580, 14569, 'action started via Async Request', '2025-09-06 19:03:16', '2025-09-06 15:03:16'),
(43581, 14569, 'action complete via Async Request', '2025-09-06 19:03:16', '2025-09-06 15:03:16'),
(43582, 14570, 'action started via Async Request', '2025-09-06 19:03:16', '2025-09-06 15:03:16'),
(43583, 14570, 'action complete via Async Request', '2025-09-06 19:03:16', '2025-09-06 15:03:16'),
(43584, 14571, 'action started via Async Request', '2025-09-06 19:03:16', '2025-09-06 15:03:16'),
(43585, 14571, 'action complete via Async Request', '2025-09-06 19:03:16', '2025-09-06 15:03:16'),
(43586, 14572, 'action started via Async Request', '2025-09-06 19:03:16', '2025-09-06 15:03:16'),
(43587, 14572, 'action complete via Async Request', '2025-09-06 19:03:16', '2025-09-06 15:03:16'),
(43588, 14573, 'action started via Async Request', '2025-09-06 19:03:16', '2025-09-06 15:03:16'),
(43589, 14573, 'action complete via Async Request', '2025-09-06 19:03:16', '2025-09-06 15:03:16'),
(43590, 14574, 'action started via Async Request', '2025-09-06 19:03:16', '2025-09-06 15:03:16'),
(43591, 14574, 'action complete via Async Request', '2025-09-06 19:03:16', '2025-09-06 15:03:16'),
(43592, 14575, 'action started via Async Request', '2025-09-06 19:03:16', '2025-09-06 15:03:16'),
(43593, 14575, 'action complete via Async Request', '2025-09-06 19:03:16', '2025-09-06 15:03:16'),
(43594, 14576, 'action started via Async Request', '2025-09-06 19:03:16', '2025-09-06 15:03:16'),
(43595, 14667, 'action created', '2025-09-06 19:03:16', '2025-09-06 15:03:16'),
(43596, 14576, 'action complete via Async Request', '2025-09-06 19:03:16', '2025-09-06 15:03:16'),
(43597, 14577, 'action started via Async Request', '2025-09-06 19:03:16', '2025-09-06 15:03:16'),
(43598, 14577, 'action complete via Async Request', '2025-09-06 19:03:16', '2025-09-06 15:03:16'),
(43599, 14578, 'action started via Async Request', '2025-09-06 19:03:16', '2025-09-06 15:03:16'),
(43600, 14578, 'action complete via Async Request', '2025-09-06 19:03:16', '2025-09-06 15:03:16'),
(43601, 14579, 'action started via Async Request', '2025-09-06 19:03:16', '2025-09-06 15:03:16'),
(43602, 14579, 'action complete via Async Request', '2025-09-06 19:03:16', '2025-09-06 15:03:16'),
(43603, 14580, 'action started via Async Request', '2025-09-06 19:03:16', '2025-09-06 15:03:16'),
(43604, 14580, 'action complete via Async Request', '2025-09-06 19:03:16', '2025-09-06 15:03:16'),
(43605, 14581, 'action started via Async Request', '2025-09-06 19:03:16', '2025-09-06 15:03:16'),
(43606, 14581, 'action complete via Async Request', '2025-09-06 19:03:16', '2025-09-06 15:03:16'),
(43607, 14582, 'action started via Async Request', '2025-09-06 19:03:16', '2025-09-06 15:03:16'),
(43608, 14582, 'action complete via Async Request', '2025-09-06 19:03:16', '2025-09-06 15:03:16'),
(43609, 14583, 'action started via Async Request', '2025-09-06 19:03:16', '2025-09-06 15:03:16'),
(43610, 14583, 'action complete via Async Request', '2025-09-06 19:03:16', '2025-09-06 15:03:16'),
(43611, 14584, 'action started via Async Request', '2025-09-06 19:03:16', '2025-09-06 15:03:16'),
(43612, 14584, 'action complete via Async Request', '2025-09-06 19:03:16', '2025-09-06 15:03:16'),
(43613, 14585, 'action started via Async Request', '2025-09-06 19:03:16', '2025-09-06 15:03:16'),
(43614, 14585, 'action complete via Async Request', '2025-09-06 19:03:16', '2025-09-06 15:03:16'),
(43615, 14586, 'action started via Async Request', '2025-09-06 19:03:16', '2025-09-06 15:03:16'),
(43616, 14586, 'action complete via Async Request', '2025-09-06 19:03:16', '2025-09-06 15:03:16'),
(43617, 14587, 'action started via Async Request', '2025-09-06 19:03:16', '2025-09-06 15:03:16'),
(43618, 14587, 'action complete via Async Request', '2025-09-06 19:03:16', '2025-09-06 15:03:16'),
(43619, 14588, 'action started via Async Request', '2025-09-06 19:03:16', '2025-09-06 15:03:16'),
(43620, 14588, 'action complete via Async Request', '2025-09-06 19:03:16', '2025-09-06 15:03:16'),
(43621, 14589, 'action started via Async Request', '2025-09-06 19:03:16', '2025-09-06 15:03:16'),
(43622, 14589, 'action complete via Async Request', '2025-09-06 19:03:16', '2025-09-06 15:03:16'),
(43623, 14590, 'action started via Async Request', '2025-09-06 19:03:16', '2025-09-06 15:03:16'),
(43624, 14590, 'action complete via Async Request', '2025-09-06 19:03:16', '2025-09-06 15:03:16'),
(43625, 14591, 'action started via Async Request', '2025-09-06 19:03:16', '2025-09-06 15:03:16'),
(43626, 14591, 'action complete via Async Request', '2025-09-06 19:03:16', '2025-09-06 15:03:16'),
(43627, 14592, 'action started via Async Request', '2025-09-06 19:03:16', '2025-09-06 15:03:16'),
(43628, 14592, 'action complete via Async Request', '2025-09-06 19:03:16', '2025-09-06 15:03:16'),
(43629, 14668, 'action created', '2025-09-06 19:03:16', '2025-09-06 15:03:16'),
(43630, 14593, 'action started via Async Request', '2025-09-06 19:03:16', '2025-09-06 15:03:16'),
(43631, 14593, 'action complete via Async Request', '2025-09-06 19:03:16', '2025-09-06 15:03:16'),
(43632, 14594, 'action started via Async Request', '2025-09-06 19:03:16', '2025-09-06 15:03:16'),
(43633, 14594, 'action complete via Async Request', '2025-09-06 19:03:16', '2025-09-06 15:03:16'),
(43634, 14595, 'action started via Async Request', '2025-09-06 19:03:16', '2025-09-06 15:03:16'),
(43635, 14595, 'action complete via Async Request', '2025-09-06 19:03:16', '2025-09-06 15:03:16'),
(43636, 14596, 'action started via Async Request', '2025-09-06 19:03:16', '2025-09-06 15:03:16'),
(43637, 14596, 'action complete via Async Request', '2025-09-06 19:03:16', '2025-09-06 15:03:16'),
(43638, 14597, 'action started via Async Request', '2025-09-06 19:03:16', '2025-09-06 15:03:16'),
(43639, 14597, 'action complete via Async Request', '2025-09-06 19:03:16', '2025-09-06 15:03:16'),
(43640, 14598, 'action started via Async Request', '2025-09-06 19:03:16', '2025-09-06 15:03:16'),
(43641, 14598, 'action complete via Async Request', '2025-09-06 19:03:16', '2025-09-06 15:03:16'),
(43642, 14599, 'action started via Async Request', '2025-09-06 19:03:16', '2025-09-06 15:03:16'),
(43643, 14599, 'action complete via Async Request', '2025-09-06 19:03:16', '2025-09-06 15:03:16'),
(43644, 14600, 'action started via Async Request', '2025-09-06 19:03:16', '2025-09-06 15:03:16'),
(43645, 14600, 'action complete via Async Request', '2025-09-06 19:03:16', '2025-09-06 15:03:16'),
(43646, 14601, 'action started via Async Request', '2025-09-06 19:03:16', '2025-09-06 15:03:16'),
(43647, 14601, 'action complete via Async Request', '2025-09-06 19:03:16', '2025-09-06 15:03:16'),
(43648, 14669, 'action created', '2025-09-06 19:03:16', '2025-09-06 15:03:16'),
(43649, 14602, 'action started via Async Request', '2025-09-06 19:03:16', '2025-09-06 15:03:16'),
(43650, 14602, 'action complete via Async Request', '2025-09-06 19:03:16', '2025-09-06 15:03:16'),
(43651, 14603, 'action started via Async Request', '2025-09-06 19:03:16', '2025-09-06 15:03:16'),
(43652, 14603, 'action complete via Async Request', '2025-09-06 19:03:16', '2025-09-06 15:03:16'),
(43653, 14604, 'action started via Async Request', '2025-09-06 19:03:16', '2025-09-06 15:03:16'),
(43654, 14604, 'action complete via Async Request', '2025-09-06 19:03:16', '2025-09-06 15:03:16'),
(43655, 14605, 'action started via Async Request', '2025-09-06 19:03:16', '2025-09-06 15:03:16'),
(43656, 14605, 'action complete via Async Request', '2025-09-06 19:03:16', '2025-09-06 15:03:16'),
(43657, 14606, 'action started via Async Request', '2025-09-06 19:03:16', '2025-09-06 15:03:16'),
(43658, 14606, 'action complete via Async Request', '2025-09-06 19:03:16', '2025-09-06 15:03:16'),
(43659, 14607, 'action started via Async Request', '2025-09-06 19:03:16', '2025-09-06 15:03:16'),
(43660, 14607, 'action complete via Async Request', '2025-09-06 19:03:16', '2025-09-06 15:03:16'),
(43661, 14608, 'action started via Async Request', '2025-09-06 19:03:16', '2025-09-06 15:03:16'),
(43662, 14608, 'action complete via Async Request', '2025-09-06 19:03:16', '2025-09-06 15:03:16'),
(43663, 14609, 'action started via Async Request', '2025-09-06 19:03:16', '2025-09-06 15:03:16'),
(43664, 14609, 'action complete via Async Request', '2025-09-06 19:03:16', '2025-09-06 15:03:16'),
(43665, 14610, 'action started via Async Request', '2025-09-06 19:03:16', '2025-09-06 15:03:16'),
(43666, 14610, 'action complete via Async Request', '2025-09-06 19:03:16', '2025-09-06 15:03:16'),
(43667, 14611, 'action started via Async Request', '2025-09-06 19:03:16', '2025-09-06 15:03:16'),
(43668, 14611, 'action complete via Async Request', '2025-09-06 19:03:16', '2025-09-06 15:03:16'),
(43669, 14612, 'action started via Async Request', '2025-09-06 19:03:16', '2025-09-06 15:03:16'),
(43670, 14612, 'action complete via Async Request', '2025-09-06 19:03:16', '2025-09-06 15:03:16'),
(43671, 14613, 'action started via Async Request', '2025-09-06 19:03:16', '2025-09-06 15:03:16'),
(43672, 14613, 'action complete via Async Request', '2025-09-06 19:03:16', '2025-09-06 15:03:16'),
(43673, 14670, 'action created', '2025-09-06 19:03:16', '2025-09-06 15:03:16'),
(43674, 14614, 'action started via Async Request', '2025-09-06 19:03:16', '2025-09-06 15:03:16'),
(43675, 14614, 'action complete via Async Request', '2025-09-06 19:03:16', '2025-09-06 15:03:16'),
(43676, 14671, 'action created', '2025-09-06 19:03:16', '2025-09-06 15:03:16'),
(43677, 14615, 'action started via Async Request', '2025-09-06 19:03:16', '2025-09-06 15:03:16'),
(43678, 14615, 'action complete via Async Request', '2025-09-06 19:03:16', '2025-09-06 15:03:16'),
(43679, 14616, 'action started via Async Request', '2025-09-06 19:03:16', '2025-09-06 15:03:16'),
(43680, 14616, 'action complete via Async Request', '2025-09-06 19:03:16', '2025-09-06 15:03:16'),
(43681, 14617, 'action started via Async Request', '2025-09-06 19:03:17', '2025-09-06 15:03:17'),
(43682, 14617, 'action complete via Async Request', '2025-09-06 19:03:17', '2025-09-06 15:03:17'),
(43683, 14618, 'action started via Async Request', '2025-09-06 19:03:17', '2025-09-06 15:03:17'),
(43684, 14618, 'action complete via Async Request', '2025-09-06 19:03:17', '2025-09-06 15:03:17'),
(43685, 14619, 'action started via Async Request', '2025-09-06 19:03:17', '2025-09-06 15:03:17'),
(43686, 14619, 'action complete via Async Request', '2025-09-06 19:03:17', '2025-09-06 15:03:17'),
(43507, 14534, 'action started via Async Request', '2025-09-06 19:03:15', '2025-09-06 15:03:15'),
(43476, 14519, 'action started via Async Request', '2025-09-06 19:03:15', '2025-09-06 15:03:15'),
(43475, 14518, 'action complete via Async Request', '2025-09-06 19:03:15', '2025-09-06 15:03:15'),
(43473, 14517, 'action complete via Async Request', '2025-09-06 19:03:15', '2025-09-06 15:03:15'),
(43466, 14514, 'action started via Async Request', '2025-09-06 19:03:15', '2025-09-06 15:03:15'),
(43467, 14514, 'action complete via Async Request', '2025-09-06 19:03:15', '2025-09-06 15:03:15'),
(43468, 14515, 'action started via Async Request', '2025-09-06 19:03:15', '2025-09-06 15:03:15'),
(43469, 14515, 'action complete via Async Request', '2025-09-06 19:03:15', '2025-09-06 15:03:15'),
(43470, 14516, 'action started via Async Request', '2025-09-06 19:03:15', '2025-09-06 15:03:15'),
(43471, 14516, 'action complete via Async Request', '2025-09-06 19:03:15', '2025-09-06 15:03:15'),
(43472, 14517, 'action started via Async Request', '2025-09-06 19:03:15', '2025-09-06 15:03:15'),
(43443, 14503, 'action started via Async Request', '2025-09-06 19:03:15', '2025-09-06 15:03:15'),
(43442, 14502, 'action complete via Async Request', '2025-09-06 19:03:15', '2025-09-06 15:03:15'),
(43239, 14580, 'action created', '2025-09-06 19:03:02', '2025-09-06 15:03:02'),
(43207, 14548, 'action created', '2025-09-06 19:02:55', '2025-09-06 15:02:55'),
(43208, 14549, 'action created', '2025-09-06 19:02:56', '2025-09-06 15:02:56'),
(43209, 14550, 'action created', '2025-09-06 19:02:56', '2025-09-06 15:02:56'),
(43210, 14551, 'action created', '2025-09-06 19:02:56', '2025-09-06 15:02:56'),
(43203, 14544, 'action created', '2025-09-06 19:02:55', '2025-09-06 15:02:55'),
(43204, 14545, 'action created', '2025-09-06 19:02:55', '2025-09-06 15:02:55'),
(43205, 14546, 'action created', '2025-09-06 19:02:55', '2025-09-06 15:02:55'),
(43206, 14547, 'action created', '2025-09-06 19:02:55', '2025-09-06 15:02:55'),
(43201, 14542, 'action created', '2025-09-06 19:02:54', '2025-09-06 15:02:54'),
(43202, 14543, 'action created', '2025-09-06 19:02:54', '2025-09-06 15:02:54'),
(43176, 14517, 'action created', '2025-09-06 19:02:50', '2025-09-06 15:02:50'),
(43177, 14518, 'action created', '2025-09-06 19:02:50', '2025-09-06 15:02:50'),
(43178, 14519, 'action created', '2025-09-06 19:02:50', '2025-09-06 15:02:50'),
(43179, 14520, 'action created', '2025-09-06 19:02:51', '2025-09-06 15:02:51'),
(43180, 14521, 'action created', '2025-09-06 19:02:51', '2025-09-06 15:02:51'),
(43181, 14522, 'action created', '2025-09-06 19:02:51', '2025-09-06 15:02:51'),
(43182, 14523, 'action created', '2025-09-06 19:02:51', '2025-09-06 15:02:51'),
(43183, 14524, 'action created', '2025-09-06 19:02:51', '2025-09-06 15:02:51'),
(43184, 14525, 'action created', '2025-09-06 19:02:51', '2025-09-06 15:02:51'),
(42732, 14349, 'action created', '2025-09-05 03:10:44', '2025-09-04 23:10:44'),
(42236, 14143, 'action created', '2025-08-03 07:37:45', '2025-08-03 03:37:45'),
(43146, 14487, 'action created', '2025-09-06 19:02:46', '2025-09-06 15:02:46'),
(42597, 14237, 'action started via WP Cron', '2025-08-31 12:09:05', '2025-08-31 08:09:05'),
(42598, 14237, 'action complete via WP Cron', '2025-08-31 12:09:05', '2025-08-31 08:09:05'),
(42631, 14270, 'action complete via WP Cron', '2025-09-02 23:01:01', '2025-09-02 19:01:01'),
(42630, 14270, 'action started via WP Cron', '2025-09-02 23:01:01', '2025-09-02 19:01:01'),
(42615, 14266, 'action started via WP Cron', '2025-09-01 20:45:43', '2025-09-01 16:45:43'),
(42616, 14266, 'action complete via WP Cron', '2025-09-01 20:45:43', '2025-09-01 16:45:43'),
(42589, 14257, 'action complete via WP Cron', '2025-08-30 17:23:13', '2025-08-30 13:23:13'),
(42588, 14257, 'action started via WP Cron', '2025-08-30 17:23:13', '2025-08-30 13:23:13'),
(42308, 14167, 'action created', '2025-08-08 13:46:40', '2025-08-08 09:46:40'),
(42293, 14162, 'action created', '2025-08-07 13:42:54', '2025-08-07 09:42:54'),
(42292, 14158, 'action complete via WP Cron', '2025-08-07 13:42:54', '2025-08-07 09:42:54'),
(42312, 14165, 'action started via WP Cron', '2025-08-08 13:46:40', '2025-08-08 09:46:40'),
(42296, 14163, 'action created', '2025-08-07 13:42:54', '2025-08-07 09:42:54'),
(42295, 14159, 'action complete via WP Cron', '2025-08-07 13:42:54', '2025-08-07 09:42:54'),
(42305, 14166, 'action created', '2025-08-08 13:46:40', '2025-08-08 09:46:40'),
(42299, 14164, 'action created', '2025-08-07 13:42:54', '2025-08-07 09:42:54'),
(43144, 14485, 'action created', '2025-09-06 19:02:45', '2025-09-06 15:02:45'),
(42335, 14176, 'action created', '2025-08-10 08:45:19', '2025-08-10 04:45:19'),
(42387, 14190, 'action started via WP Cron', '2025-08-15 06:01:53', '2025-08-15 02:01:53'),
(42307, 14163, 'action complete via WP Cron', '2025-08-08 13:46:40', '2025-08-08 09:46:40'),
(42306, 14163, 'action started via WP Cron', '2025-08-08 13:46:40', '2025-08-08 09:46:40'),
(42329, 14174, 'action created', '2025-08-09 21:35:52', '2025-08-09 17:35:52'),
(42304, 14162, 'action complete via WP Cron', '2025-08-08 13:46:40', '2025-08-08 09:46:40'),
(42303, 14162, 'action started via WP Cron', '2025-08-08 13:46:40', '2025-08-08 09:46:40'),
(42626, 14273, 'action created', '2025-09-01 20:45:43', '2025-09-01 16:45:43'),
(42627, 14243, 'action started via WP Cron', '2025-09-02 08:03:29', '2025-09-02 04:03:29'),
(42620, 14271, 'action created', '2025-09-01 20:45:43', '2025-09-01 16:45:43'),
(42619, 14267, 'action complete via WP Cron', '2025-09-01 20:45:43', '2025-09-01 16:45:43'),
(42642, 14275, 'action started via WP Cron', '2025-09-03 23:40:13', '2025-09-03 19:40:13'),
(42643, 14275, 'action complete via WP Cron', '2025-09-03 23:40:13', '2025-09-03 19:40:13'),
(42644, 14279, 'action created', '2025-09-03 23:40:13', '2025-09-03 19:40:13'),
(42645, 14276, 'action started via WP Cron', '2025-09-03 23:40:13', '2025-09-03 19:40:13'),
(42646, 14276, 'action complete via WP Cron', '2025-09-03 23:40:13', '2025-09-03 19:40:13'),
(42647, 14280, 'action created', '2025-09-03 23:40:13', '2025-09-03 19:40:13'),
(42665, 14286, 'action created', '2025-09-05 02:18:54', '2025-09-04 22:18:54'),
(42959, 14386, 'action complete via WP Cron', '2025-09-05 17:38:20', '2025-09-05 13:38:20'),
(43072, 14400, 'action complete via WP Cron', '2025-09-06 17:52:21', '2025-09-06 13:52:21'),
(42723, 14340, 'action created', '2025-09-05 03:10:44', '2025-09-04 23:10:44'),
(42722, 14339, 'action created', '2025-09-05 03:10:44', '2025-09-04 23:10:44'),
(42668, 14287, 'action complete via Async Request', '2025-09-05 03:09:06', '2025-09-04 23:09:06'),
(42667, 14287, 'action started via Async Request', '2025-09-05 03:09:06', '2025-09-04 23:09:06'),
(42962, 14389, 'action created', '2025-09-05 17:38:25', '2025-09-05 13:38:25'),
(42963, 14389, 'action started via Async Request', '2025-09-05 17:38:32', '2025-09-05 13:38:32'),
(42964, 14390, 'action created', '2025-09-05 17:38:32', '2025-09-05 13:38:32'),
(42443, 14212, 'action created', '2025-08-19 06:37:54', '2025-08-19 02:37:54'),
(42444, 14208, 'action started via WP Cron', '2025-08-19 06:37:54', '2025-08-19 02:37:54'),
(42445, 14208, 'action complete via WP Cron', '2025-08-19 06:37:54', '2025-08-19 02:37:54'),
(42446, 14213, 'action created', '2025-08-19 06:37:54', '2025-08-19 02:37:54'),
(42447, 14209, 'action started via WP Cron', '2025-08-19 06:37:54', '2025-08-19 02:37:54'),
(42368, 14187, 'action created', '2025-08-13 02:27:23', '2025-08-12 22:27:23'),
(42369, 14183, 'action started via WP Cron', '2025-08-13 02:27:23', '2025-08-12 22:27:23'),
(42370, 14183, 'action complete via WP Cron', '2025-08-13 02:27:23', '2025-08-12 22:27:23'),
(42371, 14188, 'action created', '2025-08-13 02:27:23', '2025-08-12 22:27:23'),
(42364, 14181, 'action complete via WP Cron', '2025-08-13 02:27:23', '2025-08-12 22:27:23'),
(42357, 14180, 'action started via WP Cron', '2025-08-12 02:17:14', '2025-08-11 22:17:14'),
(42348, 14177, 'action started via WP Cron', '2025-08-12 02:17:14', '2025-08-11 22:17:14'),
(42349, 14177, 'action complete via WP Cron', '2025-08-12 02:17:14', '2025-08-11 22:17:14'),
(42350, 14181, 'action created', '2025-08-12 02:17:14', '2025-08-11 22:17:14'),
(42351, 14178, 'action started via WP Cron', '2025-08-12 02:17:14', '2025-08-11 22:17:14'),
(42352, 14178, 'action complete via WP Cron', '2025-08-12 02:17:14', '2025-08-11 22:17:14'),
(42353, 14182, 'action created', '2025-08-12 02:17:14', '2025-08-11 22:17:14'),
(42354, 14179, 'action started via WP Cron', '2025-08-12 02:17:14', '2025-08-11 22:17:14'),
(42355, 14179, 'action complete via WP Cron', '2025-08-12 02:17:14', '2025-08-11 22:17:14'),
(42356, 14183, 'action created', '2025-08-12 02:17:14', '2025-08-11 22:17:14'),
(42239, 14144, 'action created', '2025-08-03 07:37:45', '2025-08-03 03:37:45'),
(42674, 14291, 'action created', '2025-09-05 03:10:42', '2025-09-04 23:10:42'),
(42266, 14153, 'action created', '2025-08-05 06:33:09', '2025-08-05 02:33:09'),
(43147, 14488, 'action created', '2025-09-06 19:02:46', '2025-09-06 15:02:46'),
(43148, 14489, 'action created', '2025-09-06 19:02:46', '2025-09-06 15:02:46'),
(43149, 14490, 'action created', '2025-09-06 19:02:46', '2025-09-06 15:02:46'),
(43150, 14491, 'action created', '2025-09-06 19:02:46', '2025-09-06 15:02:46'),
(42636, 14272, 'action started via WP Cron', '2025-09-02 23:01:01', '2025-09-02 19:01:01'),
(42634, 14271, 'action complete via WP Cron', '2025-09-02 23:01:01', '2025-09-02 19:01:01'),
(42635, 14276, 'action created', '2025-09-02 23:01:01', '2025-09-02 19:01:01'),
(42322, 14168, 'action complete via WP Cron', '2025-08-09 14:50:14', '2025-08-09 10:50:14'),
(42321, 14168, 'action started via WP Cron', '2025-08-09 14:50:14', '2025-08-09 10:50:14'),
(43143, 14484, 'action created', '2025-09-06 19:02:45', '2025-09-06 15:02:45'),
(42320, 14171, 'action created', '2025-08-09 14:50:14', '2025-08-09 10:50:14'),
(42319, 14167, 'action complete via WP Cron', '2025-08-09 14:50:14', '2025-08-09 10:50:14'),
(42316, 14166, 'action complete via WP Cron', '2025-08-09 14:50:14', '2025-08-09 10:50:14'),
(42315, 14166, 'action started via WP Cron', '2025-08-09 14:50:14', '2025-08-09 10:50:14'),
(43114, 14455, 'action created', '2025-09-06 19:02:41', '2025-09-06 15:02:41'),
(43115, 14456, 'action created', '2025-09-06 19:02:41', '2025-09-06 15:02:41'),
(43116, 14457, 'action created', '2025-09-06 19:02:41', '2025-09-06 15:02:41'),
(43117, 14458, 'action created', '2025-09-06 19:02:41', '2025-09-06 15:02:41'),
(43118, 14459, 'action created', '2025-09-06 19:02:41', '2025-09-06 15:02:41'),
(43119, 14460, 'action created', '2025-09-06 19:02:41', '2025-09-06 15:02:41'),
(43120, 14461, 'action created', '2025-09-06 19:02:42', '2025-09-06 15:02:42'),
(43121, 14462, 'action created', '2025-09-06 19:02:42', '2025-09-06 15:02:42'),
(43122, 14463, 'action created', '2025-09-06 19:02:42', '2025-09-06 15:02:42'),
(43123, 14464, 'action created', '2025-09-06 19:02:42', '2025-09-06 15:02:42'),
(43124, 14465, 'action created', '2025-09-06 19:02:42', '2025-09-06 15:02:42'),
(43125, 14466, 'action created', '2025-09-06 19:02:43', '2025-09-06 15:02:43'),
(43126, 14467, 'action created', '2025-09-06 19:02:43', '2025-09-06 15:02:43'),
(43127, 14468, 'action created', '2025-09-06 19:02:43', '2025-09-06 15:02:43'),
(43128, 14469, 'action created', '2025-09-06 19:02:43', '2025-09-06 15:02:43'),
(43129, 14470, 'action created', '2025-09-06 19:02:43', '2025-09-06 15:02:43'),
(43130, 14471, 'action created', '2025-09-06 19:02:43', '2025-09-06 15:02:43'),
(43131, 14472, 'action created', '2025-09-06 19:02:44', '2025-09-06 15:02:44'),
(43132, 14473, 'action created', '2025-09-06 19:02:44', '2025-09-06 15:02:44'),
(43133, 14474, 'action created', '2025-09-06 19:02:44', '2025-09-06 15:02:44'),
(43134, 14475, 'action created', '2025-09-06 19:02:44', '2025-09-06 15:02:44'),
(43135, 14476, 'action created', '2025-09-06 19:02:44', '2025-09-06 15:02:44'),
(43136, 14477, 'action created', '2025-09-06 19:02:45', '2025-09-06 15:02:45'),
(43137, 14478, 'action created', '2025-09-06 19:02:45', '2025-09-06 15:02:45'),
(43138, 14479, 'action created', '2025-09-06 19:02:45', '2025-09-06 15:02:45'),
(43139, 14480, 'action created', '2025-09-06 19:02:45', '2025-09-06 15:02:45'),
(43140, 14481, 'action created', '2025-09-06 19:02:45', '2025-09-06 15:02:45'),
(10170, 3438, 'action created', '2023-05-31 17:05:44', '2023-05-31 17:05:44'),
(10173, 3438, 'action started via Async Request', '2023-05-31 17:06:22', '2023-05-31 17:06:22'),
(10174, 3438, 'action failed via Async Request: Scheduled action for woocommerce_run_on_woocommerce_admin_updated will not be executed as no callbacks are registered.', '2023-05-31 17:06:22', '2023-05-31 17:06:22'),
(44013, 14733, 'action started via Async Request', '2025-09-06 19:03:33', '2025-09-06 15:03:33'),
(43694, 14623, 'action complete via Async Request', '2025-09-06 19:03:17', '2025-09-06 15:03:17'),
(43548, 14554, 'action started via Async Request', '2025-09-06 19:03:15', '2025-09-06 15:03:15'),
(43549, 14554, 'action complete via Async Request', '2025-09-06 19:03:15', '2025-09-06 15:03:15'),
(43526, 14543, 'action complete via Async Request', '2025-09-06 19:03:15', '2025-09-06 15:03:15'),
(43525, 14543, 'action started via Async Request', '2025-09-06 19:03:15', '2025-09-06 15:03:15'),
(43431, 14497, 'action started via Async Request', '2025-09-06 19:03:15', '2025-09-06 15:03:15'),
(43430, 14496, 'action complete via Async Request', '2025-09-06 19:03:15', '2025-09-06 15:03:15'),
(43278, 14619, 'action created', '2025-09-06 19:03:09', '2025-09-06 15:03:09'),
(43279, 14620, 'action created', '2025-09-06 19:03:09', '2025-09-06 15:03:09'),
(43276, 14617, 'action created', '2025-09-06 19:03:09', '2025-09-06 15:03:09'),
(43277, 14618, 'action created', '2025-09-06 19:03:09', '2025-09-06 15:03:09'),
(43213, 14554, 'action created', '2025-09-06 19:02:56', '2025-09-06 15:02:56'),
(43214, 14555, 'action created', '2025-09-06 19:02:56', '2025-09-06 15:02:56'),
(43199, 14540, 'action created', '2025-09-06 19:02:54', '2025-09-06 15:02:54'),
(43175, 14516, 'action created', '2025-09-06 19:02:50', '2025-09-06 15:02:50'),
(43168, 14509, 'action created', '2025-09-06 19:02:49', '2025-09-06 15:02:49'),
(43166, 14507, 'action created', '2025-09-06 19:02:49', '2025-09-06 15:02:49'),
(42546, 14242, 'action started via WP Cron', '2025-08-26 10:08:59', '2025-08-26 06:08:59'),
(42545, 14246, 'action created', '2025-08-26 10:08:59', '2025-08-26 06:08:59'),
(42557, 14250, 'action created', '2025-08-27 12:26:26', '2025-08-27 08:26:26'),
(42741, 14358, 'action created', '2025-09-05 03:10:44', '2025-09-04 23:10:44'),
(42568, 14250, 'action complete via WP Cron', '2025-08-28 15:17:57', '2025-08-28 11:17:57'),
(42569, 14254, 'action created', '2025-08-28 15:17:57', '2025-08-28 11:17:57'),
(42570, 14251, 'action started via WP Cron', '2025-08-28 15:17:57', '2025-08-28 11:17:57'),
(42571, 14251, 'action complete via WP Cron', '2025-08-28 15:17:57', '2025-08-28 11:17:57'),
(42537, 14239, 'action started via WP Cron', '2025-08-26 10:08:59', '2025-08-26 06:08:59'),
(42560, 14251, 'action created', '2025-08-27 12:26:26', '2025-08-27 08:26:26'),
(42559, 14247, 'action complete via WP Cron', '2025-08-27 12:26:26', '2025-08-27 08:26:26'),
(42774, 14331, 'action complete via Async Request', '2025-09-05 03:11:11', '2025-09-04 23:11:11'),
(42775, 14351, 'action started via Async Request', '2025-09-05 03:11:11', '2025-09-04 23:11:11'),
(42518, 14237, 'action created', '2025-08-24 11:30:45', '2025-08-24 07:30:45'),
(42519, 14207, 'action started via WP Cron', '2025-08-24 11:30:45', '2025-08-24 07:30:45'),
(42520, 14207, 'action complete via WP Cron', '2025-08-24 11:30:45', '2025-08-24 07:30:45'),
(42506, 14233, 'action created', '2025-08-24 09:07:46', '2025-08-24 05:07:46'),
(42525, 14234, 'action started via WP Cron', '2025-08-25 09:08:29', '2025-08-25 05:08:29'),
(42509, 14234, 'action created', '2025-08-24 09:07:46', '2025-08-24 05:07:46'),
(42510, 14231, 'action started via WP Cron', '2025-08-24 09:07:46', '2025-08-24 05:07:46'),
(42511, 14231, 'action complete via WP Cron', '2025-08-24 09:07:46', '2025-08-24 05:07:46'),
(42558, 14247, 'action started via WP Cron', '2025-08-27 12:26:26', '2025-08-27 08:26:26'),
(42541, 14240, 'action complete via WP Cron', '2025-08-26 10:08:59', '2025-08-26 06:08:59'),
(42542, 14245, 'action created', '2025-08-26 10:08:59', '2025-08-26 06:08:59'),
(42543, 14241, 'action started via WP Cron', '2025-08-26 10:08:59', '2025-08-26 06:08:59'),
(42481, 14221, 'action complete via WP Cron', '2025-08-22 08:05:38', '2025-08-22 04:05:38'),
(42482, 14225, 'action created', '2025-08-22 08:05:38', '2025-08-22 04:05:38'),
(42483, 14222, 'action started via WP Cron', '2025-08-22 08:05:38', '2025-08-22 04:05:38'),
(42484, 14222, 'action complete via WP Cron', '2025-08-22 08:05:38', '2025-08-22 04:05:38'),
(42772, 14311, 'action complete via Async Request', '2025-09-05 03:11:11', '2025-09-04 23:11:11'),
(42773, 14331, 'action started via Async Request', '2025-09-05 03:11:11', '2025-09-04 23:11:11'),
(42499, 14227, 'action complete via WP Cron', '2025-08-23 08:59:00', '2025-08-23 04:59:00'),
(42500, 14231, 'action created', '2025-08-23 08:59:00', '2025-08-23 04:59:00'),
(42501, 14228, 'action started via WP Cron', '2025-08-23 08:59:00', '2025-08-23 04:59:00'),
(42502, 14228, 'action complete via WP Cron', '2025-08-23 08:59:00', '2025-08-23 04:59:00'),
(42513, 14232, 'action started via WP Cron', '2025-08-24 09:07:46', '2025-08-24 05:07:46'),
(42514, 14232, 'action complete via WP Cron', '2025-08-24 09:07:47', '2025-08-24 05:07:47'),
(42515, 14236, 'action created', '2025-08-24 09:07:47', '2025-08-24 05:07:47'),
(42516, 14206, 'action started via WP Cron', '2025-08-24 11:30:45', '2025-08-24 07:30:45'),
(42517, 14206, 'action complete via WP Cron', '2025-08-24 11:30:45', '2025-08-24 07:30:45'),
(42505, 14229, 'action complete via WP Cron', '2025-08-24 09:07:46', '2025-08-24 05:07:46'),
(42498, 14227, 'action started via WP Cron', '2025-08-23 08:59:00', '2025-08-23 04:59:00'),
(42497, 14230, 'action created', '2025-08-23 08:59:00', '2025-08-23 04:59:00'),
(42496, 14226, 'action complete via WP Cron', '2025-08-23 08:59:00', '2025-08-23 04:59:00'),
(42493, 14225, 'action complete via WP Cron', '2025-08-23 08:59:00', '2025-08-23 04:59:00'),
(42494, 14229, 'action created', '2025-08-23 08:59:00', '2025-08-23 04:59:00'),
(42495, 14226, 'action started via WP Cron', '2025-08-23 08:59:00', '2025-08-23 04:59:00'),
(42521, 14238, 'action created', '2025-08-24 11:30:45', '2025-08-24 07:30:45'),
(42530, 14241, 'action created', '2025-08-25 09:08:29', '2025-08-25 05:08:29'),
(42504, 14229, 'action started via WP Cron', '2025-08-24 09:07:46', '2025-08-24 05:07:46'),
(42586, 14256, 'action complete via WP Cron', '2025-08-30 17:23:13', '2025-08-30 13:23:13'),
(42585, 14256, 'action started via WP Cron', '2025-08-30 17:23:13', '2025-08-30 13:23:13'),
(42738, 14355, 'action created', '2025-09-05 03:10:44', '2025-09-04 23:10:44'),
(42739, 14356, 'action created', '2025-09-05 03:10:44', '2025-09-04 23:10:44'),
(42522, 14233, 'action started via WP Cron', '2025-08-25 09:08:29', '2025-08-25 05:08:29'),
(42507, 14230, 'action started via WP Cron', '2025-08-24 09:07:46', '2025-08-24 05:07:46'),
(42508, 14230, 'action complete via WP Cron', '2025-08-24 09:07:46', '2025-08-24 05:07:46'),
(42430, 14202, 'action complete via WP Cron', '2025-08-18 06:37:22', '2025-08-18 02:37:22'),
(43043, 14390, 'action started via WP Cron', '2025-09-06 05:03:59', '2025-09-06 01:03:59'),
(43044, 14390, 'action complete via WP Cron', '2025-09-06 05:03:59', '2025-09-06 01:03:59'),
(43045, 14422, 'action created', '2025-09-06 05:03:59', '2025-09-06 01:03:59'),
(42413, 14202, 'action created', '2025-08-17 06:33:55', '2025-08-17 02:33:55'),
(42411, 14198, 'action started via WP Cron', '2025-08-17 06:33:55', '2025-08-17 02:33:55'),
(42412, 14198, 'action complete via WP Cron', '2025-08-17 06:33:55', '2025-08-17 02:33:55'),
(42437, 14210, 'action created', '2025-08-18 06:37:22', '2025-08-18 02:37:22'),
(42438, 14205, 'action started via WP Cron', '2025-08-18 06:37:22', '2025-08-18 02:37:22'),
(42439, 14205, 'action complete via WP Cron', '2025-08-18 06:37:22', '2025-08-18 02:37:22'),
(42440, 14211, 'action created', '2025-08-18 06:37:22', '2025-08-18 02:37:22'),
(43046, 14399, 'action started via WP Cron', '2025-09-06 06:22:13', '2025-09-06 02:22:13'),
(43047, 14399, 'action complete via WP Cron', '2025-09-06 06:22:13', '2025-09-06 02:22:13'),
(43071, 14431, 'action created', '2025-09-06 17:52:21', '2025-09-06 13:52:21'),
(43070, 14400, 'action started via WP Cron', '2025-09-06 17:52:21', '2025-09-06 13:52:21'),
(42297, 14160, 'action started via WP Cron', '2025-08-07 13:42:54', '2025-08-07 09:42:54'),
(42298, 14160, 'action complete via WP Cron', '2025-08-07 13:42:54', '2025-08-07 09:42:54'),
(43059, 14425, 'action complete via WP Cron', '2025-09-06 15:24:38', '2025-09-06 11:24:38'),
(43058, 14425, 'action started via WP Cron', '2025-09-06 15:24:38', '2025-09-06 11:24:38'),
(42290, 14161, 'action created', '2025-08-06 13:13:30', '2025-08-06 09:13:30'),
(42424, 14175, 'action complete via WP Cron', '2025-08-17 11:04:21', '2025-08-17 07:04:21'),
(43056, 14413, 'action complete via WP Cron', '2025-09-06 12:35:51', '2025-09-06 08:35:51'),
(43057, 14426, 'action created', '2025-09-06 12:35:51', '2025-09-06 08:35:51'),
(43073, 14432, 'action created', '2025-09-06 17:52:21', '2025-09-06 13:52:21'),
(43048, 14423, 'action created', '2025-09-06 06:22:13', '2025-09-06 02:22:13'),
(43049, 14421, 'action started via WP Cron', '2025-09-06 06:22:13', '2025-09-06 02:22:13'),
(43050, 14421, 'action complete via WP Cron', '2025-09-06 06:22:13', '2025-09-06 02:22:13'),
(43051, 14424, 'action created', '2025-09-06 06:22:13', '2025-09-06 02:22:13'),
(43052, 14424, 'action started via WP Cron', '2025-09-06 12:35:51', '2025-09-06 08:35:51'),
(43053, 14424, 'action complete via WP Cron', '2025-09-06 12:35:51', '2025-09-06 08:35:51'),
(43054, 14425, 'action created', '2025-09-06 12:35:51', '2025-09-06 08:35:51'),
(43055, 14413, 'action started via WP Cron', '2025-09-06 12:35:51', '2025-09-06 08:35:51'),
(42528, 14235, 'action started via WP Cron', '2025-08-25 09:08:29', '2025-08-25 05:08:29'),
(42529, 14235, 'action complete via WP Cron', '2025-08-25 09:08:29', '2025-08-25 05:08:29'),
(42454, 14211, 'action complete via WP Cron', '2025-08-19 06:37:54', '2025-08-19 02:37:54'),
(42455, 14216, 'action created', '2025-08-19 06:37:54', '2025-08-19 02:37:54'),
(43040, 14414, 'action started via WP Cron', '2025-09-06 05:03:59', '2025-09-06 01:03:59'),
(42450, 14210, 'action started via WP Cron', '2025-08-19 06:37:54', '2025-08-19 02:37:54'),
(43042, 14421, 'action created', '2025-09-06 05:03:59', '2025-09-06 01:03:59'),
(43041, 14414, 'action complete via WP Cron', '2025-09-06 05:03:59', '2025-09-06 01:03:59'),
(42442, 14185, 'action complete via WP Cron', '2025-08-19 06:37:54', '2025-08-19 02:37:54'),
(43039, 14420, 'action created', '2025-09-06 05:03:59', '2025-09-06 01:03:59'),
(43038, 14381, 'action complete via WP Cron', '2025-09-06 05:03:59', '2025-09-06 01:03:59'),
(42468, 14217, 'action started via WP Cron', '2025-08-21 07:58:37', '2025-08-21 03:58:37'),
(42469, 14217, 'action complete via WP Cron', '2025-08-21 07:58:37', '2025-08-21 03:58:37'),
(42470, 14221, 'action created', '2025-08-21 07:58:37', '2025-08-21 03:58:37'),
(42471, 14218, 'action started via WP Cron', '2025-08-21 07:58:37', '2025-08-21 03:58:37'),
(42472, 14218, 'action complete via WP Cron', '2025-08-21 07:58:37', '2025-08-21 03:58:37'),
(42473, 14222, 'action created', '2025-08-21 07:58:37', '2025-08-21 03:58:37'),
(42474, 14219, 'action started via WP Cron', '2025-08-21 07:58:37', '2025-08-21 03:58:37'),
(42328, 14045, 'action complete via WP Cron', '2025-08-09 21:35:52', '2025-08-09 17:35:52'),
(42318, 14167, 'action started via WP Cron', '2025-08-09 14:50:14', '2025-08-09 10:50:14'),
(42309, 14164, 'action started via WP Cron', '2025-08-08 13:46:40', '2025-08-08 09:46:40'),
(42324, 14169, 'action started via WP Cron', '2025-08-09 14:50:14', '2025-08-09 10:50:14'),
(42325, 14169, 'action complete via WP Cron', '2025-08-09 14:50:14', '2025-08-09 10:50:14'),
(42326, 14173, 'action created', '2025-08-09 14:50:14', '2025-08-09 10:50:14'),
(42327, 14045, 'action started via WP Cron', '2025-08-09 21:35:51', '2025-08-09 17:35:51'),
(42453, 14211, 'action started via WP Cron', '2025-08-19 06:37:54', '2025-08-19 02:37:54'),
(42452, 14215, 'action created', '2025-08-19 06:37:54', '2025-08-19 02:37:54'),
(43037, 14381, 'action started via WP Cron', '2025-09-06 05:03:59', '2025-09-06 01:03:59'),
(42449, 14214, 'action created', '2025-08-19 06:37:54', '2025-08-19 02:37:54'),
(42429, 14202, 'action started via WP Cron', '2025-08-18 06:37:22', '2025-08-18 02:37:22'),
(42451, 14210, 'action complete via WP Cron', '2025-08-19 06:37:54', '2025-08-19 02:37:54'),
(42441, 14185, 'action started via WP Cron', '2025-08-19 06:37:54', '2025-08-19 02:37:54'),
(42436, 14204, 'action complete via WP Cron', '2025-08-18 06:37:22', '2025-08-18 02:37:22'),
(42448, 14209, 'action complete via WP Cron', '2025-08-19 06:37:54', '2025-08-19 02:37:54'),
(42466, 14216, 'action complete via WP Cron', '2025-08-20 07:10:54', '2025-08-20 03:10:54'),
(42467, 14220, 'action created', '2025-08-20 07:10:54', '2025-08-20 03:10:54'),
(42825, 14299, 'action started via Async Request', '2025-09-05 03:11:11', '2025-09-04 23:11:11'),
(42826, 14299, 'action complete via Async Request', '2025-09-05 03:11:11', '2025-09-04 23:11:11'),
(42827, 14318, 'action started via Async Request', '2025-09-05 03:11:11', '2025-09-04 23:11:11'),
(42828, 14318, 'action complete via Async Request', '2025-09-05 03:11:11', '2025-09-04 23:11:11'),
(42829, 14338, 'action started via Async Request', '2025-09-05 03:11:11', '2025-09-04 23:11:11'),
(42830, 14338, 'action complete via Async Request', '2025-09-05 03:11:11', '2025-09-04 23:11:11'),
(42831, 14358, 'action started via Async Request', '2025-09-05 03:11:11', '2025-09-04 23:11:11'),
(42832, 14358, 'action complete via Async Request', '2025-09-05 03:11:11', '2025-09-04 23:11:11'),
(42833, 14300, 'action started via Async Request', '2025-09-05 03:11:11', '2025-09-04 23:11:11'),
(42834, 14300, 'action complete via Async Request', '2025-09-05 03:11:11', '2025-09-04 23:11:11'),
(42835, 14319, 'action started via Async Request', '2025-09-05 03:11:11', '2025-09-04 23:11:11'),
(42836, 14319, 'action complete via Async Request', '2025-09-05 03:11:11', '2025-09-04 23:11:11'),
(42837, 14339, 'action started via Async Request', '2025-09-05 03:11:11', '2025-09-04 23:11:11'),
(42838, 14339, 'action complete via Async Request', '2025-09-05 03:11:11', '2025-09-04 23:11:11'),
(42839, 14359, 'action started via Async Request', '2025-09-05 03:11:11', '2025-09-04 23:11:11'),
(42840, 14359, 'action complete via Async Request', '2025-09-05 03:11:11', '2025-09-04 23:11:11'),
(42841, 14301, 'action started via Async Request', '2025-09-05 03:11:11', '2025-09-04 23:11:11'),
(42842, 14301, 'action complete via Async Request', '2025-09-05 03:11:11', '2025-09-04 23:11:11'),
(42843, 14320, 'action started via Async Request', '2025-09-05 03:11:11', '2025-09-04 23:11:11'),
(42844, 14320, 'action complete via Async Request', '2025-09-05 03:11:11', '2025-09-04 23:11:11'),
(42845, 14340, 'action started via Async Request', '2025-09-05 03:11:11', '2025-09-04 23:11:11'),
(42846, 14340, 'action complete via Async Request', '2025-09-05 03:11:11', '2025-09-04 23:11:11'),
(42847, 14360, 'action started via Async Request', '2025-09-05 03:11:11', '2025-09-04 23:11:11'),
(42848, 14360, 'action complete via Async Request', '2025-09-05 03:11:11', '2025-09-04 23:11:11'),
(42849, 14302, 'action started via Async Request', '2025-09-05 03:11:11', '2025-09-04 23:11:11'),
(42850, 14302, 'action complete via Async Request', '2025-09-05 03:11:11', '2025-09-04 23:11:11'),
(42851, 14321, 'action started via Async Request', '2025-09-05 03:11:11', '2025-09-04 23:11:11'),
(42852, 14321, 'action complete via Async Request', '2025-09-05 03:11:11', '2025-09-04 23:11:11'),
(42853, 14341, 'action started via Async Request', '2025-09-05 03:11:11', '2025-09-04 23:11:11'),
(42854, 14341, 'action complete via Async Request', '2025-09-05 03:11:11', '2025-09-04 23:11:11'),
(42855, 14361, 'action started via Async Request', '2025-09-05 03:11:11', '2025-09-04 23:11:11'),
(42856, 14361, 'action complete via Async Request', '2025-09-05 03:11:11', '2025-09-04 23:11:11'),
(42857, 14303, 'action started via Async Request', '2025-09-05 03:11:11', '2025-09-04 23:11:11'),
(42858, 14303, 'action complete via Async Request', '2025-09-05 03:11:11', '2025-09-04 23:11:11'),
(42859, 14322, 'action started via Async Request', '2025-09-05 03:11:11', '2025-09-04 23:11:11'),
(42860, 14322, 'action complete via Async Request', '2025-09-05 03:11:11', '2025-09-04 23:11:11'),
(42861, 14342, 'action started via Async Request', '2025-09-05 03:11:11', '2025-09-04 23:11:11'),
(42862, 14342, 'action complete via Async Request', '2025-09-05 03:11:11', '2025-09-04 23:11:11'),
(42863, 14362, 'action started via Async Request', '2025-09-05 03:11:11', '2025-09-04 23:11:11'),
(42864, 14362, 'action complete via Async Request', '2025-09-05 03:11:11', '2025-09-04 23:11:11'),
(42865, 14304, 'action started via Async Request', '2025-09-05 03:11:11', '2025-09-04 23:11:11'),
(42866, 14304, 'action complete via Async Request', '2025-09-05 03:11:11', '2025-09-04 23:11:11'),
(42867, 14323, 'action started via Async Request', '2025-09-05 03:11:11', '2025-09-04 23:11:11'),
(42868, 14323, 'action complete via Async Request', '2025-09-05 03:11:11', '2025-09-04 23:11:11'),
(42869, 14343, 'action started via Async Request', '2025-09-05 03:11:11', '2025-09-04 23:11:11'),
(42870, 14343, 'action complete via Async Request', '2025-09-05 03:11:11', '2025-09-04 23:11:11'),
(42871, 14363, 'action started via Async Request', '2025-09-05 03:11:11', '2025-09-04 23:11:11'),
(42872, 14363, 'action complete via Async Request', '2025-09-05 03:11:11', '2025-09-04 23:11:11'),
(42873, 14305, 'action started via Async Request', '2025-09-05 03:11:11', '2025-09-04 23:11:11'),
(42874, 14305, 'action complete via Async Request', '2025-09-05 03:11:11', '2025-09-04 23:11:11'),
(42875, 14324, 'action started via Async Request', '2025-09-05 03:11:11', '2025-09-04 23:11:11'),
(42876, 14324, 'action complete via Async Request', '2025-09-05 03:11:11', '2025-09-04 23:11:11'),
(42877, 14344, 'action started via Async Request', '2025-09-05 03:11:11', '2025-09-04 23:11:11'),
(42878, 14344, 'action complete via Async Request', '2025-09-05 03:11:12', '2025-09-04 23:11:12'),
(42879, 14364, 'action started via Async Request', '2025-09-05 03:11:12', '2025-09-04 23:11:12'),
(42880, 14364, 'action complete via Async Request', '2025-09-05 03:11:12', '2025-09-04 23:11:12'),
(42881, 14306, 'action started via Async Request', '2025-09-05 03:11:12', '2025-09-04 23:11:12'),
(42882, 14306, 'action complete via Async Request', '2025-09-05 03:11:12', '2025-09-04 23:11:12'),
(42883, 14325, 'action started via Async Request', '2025-09-05 03:11:12', '2025-09-04 23:11:12'),
(42884, 14325, 'action complete via Async Request', '2025-09-05 03:11:12', '2025-09-04 23:11:12'),
(42885, 14345, 'action started via Async Request', '2025-09-05 03:11:12', '2025-09-04 23:11:12'),
(42886, 14345, 'action complete via Async Request', '2025-09-05 03:11:12', '2025-09-04 23:11:12'),
(42887, 14365, 'action started via Async Request', '2025-09-05 03:11:12', '2025-09-04 23:11:12'),
(42888, 14365, 'action complete via Async Request', '2025-09-05 03:11:12', '2025-09-04 23:11:12'),
(42889, 14307, 'action started via Async Request', '2025-09-05 03:11:12', '2025-09-04 23:11:12'),
(42890, 14307, 'action complete via Async Request', '2025-09-05 03:11:12', '2025-09-04 23:11:12'),
(42891, 14326, 'action started via Async Request', '2025-09-05 03:11:12', '2025-09-04 23:11:12'),
(42892, 14326, 'action complete via Async Request', '2025-09-05 03:11:12', '2025-09-04 23:11:12'),
(42893, 14346, 'action started via Async Request', '2025-09-05 03:11:12', '2025-09-04 23:11:12'),
(42894, 14346, 'action complete via Async Request', '2025-09-05 03:11:12', '2025-09-04 23:11:12'),
(42895, 14366, 'action started via Async Request', '2025-09-05 03:11:12', '2025-09-04 23:11:12'),
(42896, 14366, 'action complete via Async Request', '2025-09-05 03:11:12', '2025-09-04 23:11:12'),
(42897, 14308, 'action started via Async Request', '2025-09-05 03:11:12', '2025-09-04 23:11:12'),
(42898, 14308, 'action complete via Async Request', '2025-09-05 03:11:12', '2025-09-04 23:11:12'),
(42899, 14327, 'action started via Async Request', '2025-09-05 03:11:12', '2025-09-04 23:11:12'),
(42900, 14327, 'action complete via Async Request', '2025-09-05 03:11:12', '2025-09-04 23:11:12'),
(42901, 14347, 'action started via Async Request', '2025-09-05 03:11:12', '2025-09-04 23:11:12'),
(42902, 14347, 'action complete via Async Request', '2025-09-05 03:11:12', '2025-09-04 23:11:12'),
(42903, 14367, 'action started via Async Request', '2025-09-05 03:11:12', '2025-09-04 23:11:12'),
(42904, 14367, 'action complete via Async Request', '2025-09-05 03:11:12', '2025-09-04 23:11:12'),
(42905, 14309, 'action started via Async Request', '2025-09-05 03:11:12', '2025-09-04 23:11:12'),
(42906, 14309, 'action complete via Async Request', '2025-09-05 03:11:12', '2025-09-04 23:11:12'),
(42907, 14329, 'action started via Async Request', '2025-09-05 03:11:12', '2025-09-04 23:11:12'),
(42908, 14329, 'action complete via Async Request', '2025-09-05 03:11:12', '2025-09-04 23:11:12'),
(42909, 14348, 'action started via Async Request', '2025-09-05 03:11:12', '2025-09-04 23:11:12'),
(42910, 14348, 'action complete via Async Request', '2025-09-05 03:11:12', '2025-09-04 23:11:12'),
(42911, 14368, 'action started via Async Request', '2025-09-05 03:11:12', '2025-09-04 23:11:12'),
(42912, 14368, 'action complete via Async Request', '2025-09-05 03:11:12', '2025-09-04 23:11:12'),
(42913, 14330, 'action started via Async Request', '2025-09-05 03:11:12', '2025-09-04 23:11:12'),
(42914, 14330, 'action complete via Async Request', '2025-09-05 03:11:12', '2025-09-04 23:11:12'),
(42915, 14349, 'action started via Async Request', '2025-09-05 03:11:12', '2025-09-04 23:11:12'),
(42916, 14349, 'action complete via Async Request', '2025-09-05 03:11:12', '2025-09-04 23:11:12'),
(42917, 14369, 'action started via Async Request', '2025-09-05 03:11:12', '2025-09-04 23:11:12'),
(42918, 14369, 'action complete via Async Request', '2025-09-05 03:11:12', '2025-09-04 23:11:12'),
(42932, 14376, 'action started via WP Cron', '2025-09-05 03:13:35', '2025-09-04 23:13:35'),
(42931, 14380, 'action created', '2025-09-05 03:13:35', '2025-09-04 23:13:35'),
(42930, 14375, 'action complete via WP Cron', '2025-09-05 03:13:35', '2025-09-04 23:13:35'),
(42929, 14375, 'action started via WP Cron', '2025-09-05 03:13:35', '2025-09-04 23:13:35'),
(42923, 14374, 'action created', '2025-09-05 03:11:22', '2025-09-04 23:11:22'),
(42924, 14375, 'action created', '2025-09-05 03:11:26', '2025-09-04 23:11:26'),
(42925, 14376, 'action created', '2025-09-05 03:11:26', '2025-09-04 23:11:26'),
(42926, 14377, 'action created', '2025-09-05 03:11:26', '2025-09-04 23:11:26'),
(42927, 14378, 'action created', '2025-09-05 03:11:26', '2025-09-04 23:11:26'),
(42928, 14379, 'action created', '2025-09-05 03:11:26', '2025-09-04 23:11:26'),
(42933, 14376, 'action complete via WP Cron', '2025-09-05 03:13:35', '2025-09-04 23:13:35'),
(42934, 14381, 'action created', '2025-09-05 03:13:35', '2025-09-04 23:13:35'),
(42935, 14377, 'action started via WP Cron', '2025-09-05 03:13:35', '2025-09-04 23:13:35'),
(42936, 14377, 'action complete via WP Cron', '2025-09-05 03:13:35', '2025-09-04 23:13:35'),
(42937, 14378, 'action started via WP Cron', '2025-09-05 03:13:35', '2025-09-04 23:13:35'),
(42938, 14378, 'action complete via WP Cron', '2025-09-05 03:13:35', '2025-09-04 23:13:35'),
(42939, 14379, 'action started via WP Cron', '2025-09-05 03:13:35', '2025-09-04 23:13:35'),
(42940, 14379, 'action complete via WP Cron', '2025-09-05 03:13:35', '2025-09-04 23:13:35'),
(42941, 14371, 'action started via WP Cron', '2025-09-05 03:13:35', '2025-09-04 23:13:35'),
(42942, 14382, 'action created', '2025-09-05 03:13:35', '2025-09-04 23:13:35'),
(42943, 14371, 'action complete via WP Cron', '2025-09-05 03:13:35', '2025-09-04 23:13:35'),
(42944, 14383, 'action created', '2025-09-05 03:13:35', '2025-09-04 23:13:35'),
(42945, 14374, 'action started via WP Cron', '2025-09-05 03:13:35', '2025-09-04 23:13:35'),
(42946, 14384, 'action created', '2025-09-05 03:13:35', '2025-09-04 23:13:35'),
(42947, 14374, 'action complete via WP Cron', '2025-09-05 03:13:35', '2025-09-04 23:13:35'),
(42948, 14382, 'action started via WP Cron', '2025-09-05 03:13:35', '2025-09-04 23:13:35'),
(42949, 14382, 'action complete via WP Cron', '2025-09-05 03:13:36', '2025-09-04 23:13:36'),
(42950, 14384, 'action started via WP Cron', '2025-09-05 03:13:36', '2025-09-04 23:13:36'),
(42951, 14384, 'action complete via WP Cron', '2025-09-05 03:13:37', '2025-09-04 23:13:37'),
(42952, 14383, 'action started via WP Cron', '2025-09-05 06:09:38', '2025-09-05 02:09:38'),
(42953, 14383, 'action complete via WP Cron', '2025-09-05 06:09:38', '2025-09-05 02:09:38'),
(42954, 14385, 'action created', '2025-09-05 06:09:38', '2025-09-05 02:09:38'),
(43004, 14396, 'action started via WP Cron', '2025-09-05 20:39:53', '2025-09-05 16:39:53'),
(43005, 14396, 'action complete via WP Cron', '2025-09-05 20:39:53', '2025-09-05 16:39:53'),
(43006, 14409, 'action created', '2025-09-05 20:39:53', '2025-09-05 16:39:53'),
(43007, 14405, 'action started via WP Cron', '2025-09-05 21:32:09', '2025-09-05 17:32:09'),
(43008, 14405, 'action complete via WP Cron', '2025-09-05 21:32:09', '2025-09-05 17:32:09'),
(43009, 14410, 'action created', '2025-09-05 21:32:10', '2025-09-05 17:32:10'),
(43010, 14410, 'action started via WP Cron', '2025-09-05 22:32:53', '2025-09-05 18:32:53'),
(43011, 14410, 'action complete via WP Cron', '2025-09-05 22:32:53', '2025-09-05 18:32:53'),
(43012, 14411, 'action created', '2025-09-05 22:32:53', '2025-09-05 18:32:53'),
(43013, 14411, 'action started via WP Cron', '2025-09-05 23:33:16', '2025-09-05 19:33:16'),
(43014, 14411, 'action complete via WP Cron', '2025-09-05 23:33:16', '2025-09-05 19:33:16'),
(43015, 14412, 'action created', '2025-09-05 23:33:16', '2025-09-05 19:33:16'),
(43016, 14394, 'action started via WP Cron', '2025-09-05 23:39:20', '2025-09-05 19:39:20'),
(43017, 14394, 'action complete via WP Cron', '2025-09-05 23:39:20', '2025-09-05 19:39:20'),
(43018, 14413, 'action created', '2025-09-05 23:39:20', '2025-09-05 19:39:20'),
(43019, 14412, 'action started via WP Cron', '2025-09-06 02:15:28', '2025-09-05 22:15:28'),
(43020, 14412, 'action complete via WP Cron', '2025-09-06 02:15:28', '2025-09-05 22:15:28'),
(43021, 14414, 'action created', '2025-09-06 02:15:28', '2025-09-05 22:15:28'),
(43022, 14283, 'action started via WP Cron', '2025-09-06 05:03:59', '2025-09-06 01:03:59'),
(43023, 14283, 'action complete via WP Cron', '2025-09-06 05:03:59', '2025-09-06 01:03:59'),
(43024, 14415, 'action created', '2025-09-06 05:03:59', '2025-09-06 01:03:59'),
(43025, 14284, 'action started via WP Cron', '2025-09-06 05:03:59', '2025-09-06 01:03:59'),
(43026, 14284, 'action complete via WP Cron', '2025-09-06 05:03:59', '2025-09-06 01:03:59'),
(43027, 14416, 'action created', '2025-09-06 05:03:59', '2025-09-06 01:03:59'),
(43028, 14285, 'action started via WP Cron', '2025-09-06 05:03:59', '2025-09-06 01:03:59'),
(43029, 14285, 'action complete via WP Cron', '2025-09-06 05:03:59', '2025-09-06 01:03:59'),
(43030, 14417, 'action created', '2025-09-06 05:03:59', '2025-09-06 01:03:59'),
(43031, 14286, 'action started via WP Cron', '2025-09-06 05:03:59', '2025-09-06 01:03:59'),
(43032, 14286, 'action complete via WP Cron', '2025-09-06 05:03:59', '2025-09-06 01:03:59'),
(43033, 14418, 'action created', '2025-09-06 05:03:59', '2025-09-06 01:03:59'),
(43034, 14380, 'action started via WP Cron', '2025-09-06 05:03:59', '2025-09-06 01:03:59'),
(43035, 14380, 'action complete via WP Cron', '2025-09-06 05:03:59', '2025-09-06 01:03:59'),
(43036, 14419, 'action created', '2025-09-06 05:03:59', '2025-09-06 01:03:59'),
(42367, 14182, 'action complete via WP Cron', '2025-08-13 02:27:23', '2025-08-12 22:27:23'),
(42366, 14182, 'action started via WP Cron', '2025-08-13 02:27:23', '2025-08-12 22:27:23'),
(42377, 14190, 'action created', '2025-08-14 05:49:06', '2025-08-14 01:49:06'),
(42374, 14189, 'action created', '2025-08-13 02:27:23', '2025-08-12 22:27:23'),
(42373, 14184, 'action complete via WP Cron', '2025-08-13 02:27:23', '2025-08-12 22:27:23'),
(43097, 14440, 'action complete via WP Cron', '2025-09-06 18:16:34', '2025-09-06 14:16:34'),
(43098, 14423, 'action started via WP Cron', '2025-09-06 18:22:14', '2025-09-06 14:22:14'),
(43099, 14423, 'action complete via WP Cron', '2025-09-06 18:22:14', '2025-09-06 14:22:14'),
(43100, 14441, 'action created', '2025-09-06 18:22:14', '2025-09-06 14:22:14'),
(42287, 14160, 'action created', '2025-08-06 13:13:29', '2025-08-06 09:13:29'),
(43066, 14429, 'action created', '2025-09-06 17:52:20', '2025-09-06 13:52:20'),
(42291, 14158, 'action started via WP Cron', '2025-08-07 13:42:54', '2025-08-07 09:42:54'),
(42284, 14159, 'action created', '2025-08-06 13:13:29', '2025-08-06 09:13:29'),
(43068, 14402, 'action complete via WP Cron', '2025-09-06 17:52:21', '2025-09-06 13:52:21'),
(42294, 14159, 'action started via WP Cron', '2025-08-07 13:42:54', '2025-08-07 09:42:54'),
(43067, 14402, 'action started via WP Cron', '2025-09-06 17:52:20', '2025-09-06 13:52:20'),
(42961, 14388, 'action created', '2025-09-05 17:38:25', '2025-09-05 13:38:25'),
(42960, 14387, 'action created', '2025-09-05 17:38:20', '2025-09-05 13:38:20'),
(43065, 14401, 'action complete via WP Cron', '2025-09-06 17:52:20', '2025-09-06 13:52:20'),
(42958, 14386, 'action started via WP Cron', '2025-09-05 17:38:20', '2025-09-05 13:38:20'),
(42955, 14385, 'action started via WP Cron', '2025-09-05 12:36:26', '2025-09-05 08:36:26'),
(42956, 14385, 'action complete via WP Cron', '2025-09-05 12:36:26', '2025-09-05 08:36:26'),
(42957, 14386, 'action created', '2025-09-05 12:36:26', '2025-09-05 08:36:26'),
(42818, 14298, 'action complete via Async Request', '2025-09-05 03:11:11', '2025-09-04 23:11:11'),
(42390, 14191, 'action started via WP Cron', '2025-08-15 06:01:53', '2025-08-15 02:01:53'),
(42376, 14186, 'action complete via WP Cron', '2025-08-14 05:49:06', '2025-08-14 01:49:06'),
(42375, 14186, 'action started via WP Cron', '2025-08-14 05:49:06', '2025-08-14 01:49:06'),
(42393, 14192, 'action started via WP Cron', '2025-08-15 06:01:53', '2025-08-15 02:01:53'),
(42384, 14189, 'action started via WP Cron', '2025-08-14 05:49:06', '2025-08-14 01:49:06'),
(42385, 14189, 'action complete via WP Cron', '2025-08-14 05:49:06', '2025-08-14 01:49:06'),
(42337, 14170, 'action complete via WP Cron', '2025-08-10 22:01:22', '2025-08-10 18:01:22'),
(42338, 14177, 'action created', '2025-08-10 22:01:22', '2025-08-10 18:01:22'),
(42339, 14171, 'action started via WP Cron', '2025-08-10 22:01:22', '2025-08-10 18:01:22'),
(42340, 14171, 'action complete via WP Cron', '2025-08-10 22:01:22', '2025-08-10 18:01:22'),
(42341, 14178, 'action created', '2025-08-10 22:01:22', '2025-08-10 18:01:22'),
(42342, 14172, 'action started via WP Cron', '2025-08-10 22:01:22', '2025-08-10 18:01:22'),
(42343, 14172, 'action complete via WP Cron', '2025-08-10 22:01:22', '2025-08-10 18:01:22'),
(42344, 14179, 'action created', '2025-08-10 22:01:22', '2025-08-10 18:01:22'),
(42345, 14173, 'action started via WP Cron', '2025-08-10 22:01:22', '2025-08-10 18:01:22'),
(42346, 14173, 'action complete via WP Cron', '2025-08-10 22:01:22', '2025-08-10 18:01:22'),
(42347, 14180, 'action created', '2025-08-10 22:01:22', '2025-08-10 18:01:22'),
(43113, 14454, 'action created', '2025-09-06 19:02:41', '2025-09-06 15:02:41'),
(42359, 14184, 'action created', '2025-08-12 02:17:14', '2025-08-11 22:17:14'),
(42360, 14153, 'action started via WP Cron', '2025-08-12 06:36:48', '2025-08-12 02:36:48'),
(42363, 14181, 'action started via WP Cron', '2025-08-13 02:27:23', '2025-08-12 22:27:23'),
(42336, 14170, 'action started via WP Cron', '2025-08-10 22:01:22', '2025-08-10 18:01:22'),
(43106, 14447, 'action created', '2025-09-06 19:02:39', '2025-09-06 15:02:39'),
(43105, 14446, 'action created', '2025-09-06 19:02:39', '2025-09-06 15:02:39'),
(43096, 14440, 'action started via WP Cron', '2025-09-06 18:16:34', '2025-09-06 14:16:34'),
(42372, 14184, 'action started via WP Cron', '2025-08-13 02:27:23', '2025-08-12 22:27:23'),
(42379, 14187, 'action complete via WP Cron', '2025-08-14 05:49:06', '2025-08-14 01:49:06'),
(42378, 14187, 'action started via WP Cron', '2025-08-14 05:49:06', '2025-08-14 01:49:06'),
(43093, 14439, 'action started via WP Cron', '2025-09-06 18:16:34', '2025-09-06 14:16:34'),
(43094, 14440, 'action created', '2025-09-06 18:16:34', '2025-09-06 14:16:34'),
(42492, 14225, 'action started via WP Cron', '2025-08-23 08:59:00', '2025-08-23 04:59:00'),
(42480, 14221, 'action started via WP Cron', '2025-08-22 08:05:38', '2025-08-22 04:05:38'),
(42549, 14244, 'action started via WP Cron', '2025-08-27 12:26:26', '2025-08-27 08:26:26'),
(42457, 14213, 'action complete via WP Cron', '2025-08-20 07:10:54', '2025-08-20 03:10:54'),
(42456, 14213, 'action started via WP Cron', '2025-08-20 07:10:54', '2025-08-20 03:10:54'),
(42823, 14357, 'action started via Async Request', '2025-09-05 03:11:11', '2025-09-04 23:11:11'),
(42460, 14214, 'action complete via WP Cron', '2025-08-20 07:10:54', '2025-08-20 03:10:54'),
(42461, 14218, 'action created', '2025-08-20 07:10:54', '2025-08-20 03:10:54'),
(42462, 14215, 'action started via WP Cron', '2025-08-20 07:10:54', '2025-08-20 03:10:54'),
(42512, 14235, 'action created', '2025-08-24 09:07:46', '2025-08-24 05:07:46'),
(42788, 14313, 'action complete via Async Request', '2025-09-05 03:11:11', '2025-09-04 23:11:11'),
(42789, 14333, 'action started via Async Request', '2025-09-05 03:11:11', '2025-09-04 23:11:11'),
(42790, 14333, 'action complete via Async Request', '2025-09-05 03:11:11', '2025-09-04 23:11:11'),
(42791, 14353, 'action started via Async Request', '2025-09-05 03:11:11', '2025-09-04 23:11:11'),
(42792, 14353, 'action complete via Async Request', '2025-09-05 03:11:11', '2025-09-04 23:11:11'),
(42793, 14295, 'action started via Async Request', '2025-09-05 03:11:11', '2025-09-04 23:11:11'),
(42794, 14295, 'action complete via Async Request', '2025-09-05 03:11:11', '2025-09-04 23:11:11'),
(42795, 14314, 'action started via Async Request', '2025-09-05 03:11:11', '2025-09-04 23:11:11'),
(42796, 14314, 'action complete via Async Request', '2025-09-05 03:11:11', '2025-09-04 23:11:11'),
(42797, 14334, 'action started via Async Request', '2025-09-05 03:11:11', '2025-09-04 23:11:11'),
(42503, 14232, 'action created', '2025-08-23 08:59:00', '2025-08-23 04:59:00'),
(42807, 14355, 'action started via Async Request', '2025-09-05 03:11:11', '2025-09-04 23:11:11'),
(42808, 14355, 'action complete via Async Request', '2025-09-05 03:11:11', '2025-09-04 23:11:11'),
(42563, 14252, 'action created', '2025-08-28 15:17:57', '2025-08-28 11:17:57'),
(42564, 14249, 'action started via WP Cron', '2025-08-28 15:17:57', '2025-08-28 11:17:57'),
(42565, 14249, 'action complete via WP Cron', '2025-08-28 15:17:57', '2025-08-28 11:17:57'),
(42556, 14246, 'action complete via WP Cron', '2025-08-27 12:26:26', '2025-08-27 08:26:26'),
(42555, 14246, 'action started via WP Cron', '2025-08-27 12:26:26', '2025-08-27 08:26:26'),
(42721, 14338, 'action created', '2025-09-05 03:10:44', '2025-09-04 23:10:44'),
(42552, 14245, 'action started via WP Cron', '2025-08-27 12:26:26', '2025-08-27 08:26:26'),
(42747, 14364, 'action created', '2025-09-05 03:10:44', '2025-09-04 23:10:44'),
(42748, 14365, 'action created', '2025-09-05 03:10:44', '2025-09-04 23:10:44'),
(42572, 14255, 'action created', '2025-08-28 15:17:57', '2025-08-28 11:17:57'),
(42771, 14311, 'action started via Async Request', '2025-09-05 03:11:11', '2025-09-04 23:11:11'),
(42562, 14248, 'action complete via WP Cron', '2025-08-28 15:17:57', '2025-08-28 11:17:57'),
(42561, 14248, 'action started via WP Cron', '2025-08-28 15:17:57', '2025-08-28 11:17:57'),
(42573, 14252, 'action started via WP Cron', '2025-08-29 16:00:17', '2025-08-29 12:00:17'),
(42567, 14250, 'action started via WP Cron', '2025-08-28 15:17:57', '2025-08-28 11:17:57'),
(42566, 14253, 'action created', '2025-08-28 15:17:57', '2025-08-28 11:17:57'),
(42576, 14253, 'action started via WP Cron', '2025-08-29 16:00:17', '2025-08-29 12:00:17'),
(42577, 14253, 'action complete via WP Cron', '2025-08-29 16:00:17', '2025-08-29 12:00:17'),
(42578, 14257, 'action created', '2025-08-29 16:00:17', '2025-08-29 12:00:17'),
(42579, 14254, 'action started via WP Cron', '2025-08-29 16:00:17', '2025-08-29 12:00:17'),
(42580, 14254, 'action complete via WP Cron', '2025-08-29 16:00:17', '2025-08-29 12:00:17'),
(42581, 14258, 'action created', '2025-08-29 16:00:17', '2025-08-29 12:00:17'),
(42582, 14255, 'action started via WP Cron', '2025-08-29 16:00:17', '2025-08-29 12:00:17'),
(42583, 14255, 'action complete via WP Cron', '2025-08-29 16:00:18', '2025-08-29 12:00:18'),
(42584, 14259, 'action created', '2025-08-29 16:00:18', '2025-08-29 12:00:18'),
(42742, 14359, 'action created', '2025-09-05 03:10:44', '2025-09-04 23:10:44'),
(42743, 14360, 'action created', '2025-09-05 03:10:44', '2025-09-04 23:10:44'),
(42744, 14361, 'action created', '2025-09-05 03:10:44', '2025-09-04 23:10:44'),
(42745, 14362, 'action created', '2025-09-05 03:10:44', '2025-09-04 23:10:44'),
(42746, 14363, 'action created', '2025-09-05 03:10:44', '2025-09-04 23:10:44'),
(29985, 10052, 'action started via WP Cron', '2023-07-23 04:56:27', '2023-07-23 00:56:27'),
(29986, 10052, 'action failed via WP Cron: Scheduled action for aioseo_cache_prune will not be executed as no callbacks are registered.', '2023-07-23 04:56:27', '2023-07-23 00:56:27'),
(30014, 10069, 'action created', '2023-07-24 04:57:02', '2023-07-24 00:57:02'),
(43867, 14684, 'action complete via Async Request', '2025-09-06 19:03:25', '2025-09-06 15:03:25'),
(43868, 14685, 'action started via Async Request', '2025-09-06 19:03:25', '2025-09-06 15:03:25'),
(43853, 14677, 'action complete via Async Request', '2025-09-06 19:03:25', '2025-09-06 15:03:25'),
(43854, 14678, 'action started via Async Request', '2025-09-06 19:03:25', '2025-09-06 15:03:25'),
(43855, 14678, 'action complete via Async Request', '2025-09-06 19:03:25', '2025-09-06 15:03:25'),
(43856, 14679, 'action started via Async Request', '2025-09-06 19:03:25', '2025-09-06 15:03:25'),
(43857, 14679, 'action complete via Async Request', '2025-09-06 19:03:25', '2025-09-06 15:03:25'),
(43858, 14680, 'action started via Async Request', '2025-09-06 19:03:25', '2025-09-06 15:03:25'),
(43859, 14680, 'action complete via Async Request', '2025-09-06 19:03:25', '2025-09-06 15:03:25');
INSERT INTO `iaZ8d_actionscheduler_logs` VALUES
(43860, 14681, 'action started via Async Request', '2025-09-06 19:03:25', '2025-09-06 15:03:25'),
(43861, 14681, 'action complete via Async Request', '2025-09-06 19:03:25', '2025-09-06 15:03:25'),
(43862, 14682, 'action started via Async Request', '2025-09-06 19:03:25', '2025-09-06 15:03:25'),
(43863, 14682, 'action complete via Async Request', '2025-09-06 19:03:25', '2025-09-06 15:03:25'),
(43864, 14683, 'action started via Async Request', '2025-09-06 19:03:25', '2025-09-06 15:03:25'),
(43865, 14683, 'action complete via Async Request', '2025-09-06 19:03:25', '2025-09-06 15:03:25'),
(43866, 14684, 'action started via Async Request', '2025-09-06 19:03:25', '2025-09-06 15:03:25'),
(43748, 14649, 'action started via Async Request', '2025-09-06 19:03:17', '2025-09-06 15:03:17'),
(43749, 14649, 'action complete via Async Request', '2025-09-06 19:03:17', '2025-09-06 15:03:17'),
(43750, 14650, 'action started via Async Request', '2025-09-06 19:03:17', '2025-09-06 15:03:17'),
(43735, 14643, 'action started via Async Request', '2025-09-06 19:03:17', '2025-09-06 15:03:17'),
(43734, 14642, 'action complete via Async Request', '2025-09-06 19:03:17', '2025-09-06 15:03:17'),
(43688, 14620, 'action complete via Async Request', '2025-09-06 19:03:17', '2025-09-06 15:03:17'),
(43689, 14621, 'action started via Async Request', '2025-09-06 19:03:17', '2025-09-06 15:03:17'),
(43690, 14621, 'action complete via Async Request', '2025-09-06 19:03:17', '2025-09-06 15:03:17'),
(43542, 14551, 'action started via Async Request', '2025-09-06 19:03:15', '2025-09-06 15:03:15'),
(43541, 14550, 'action complete via Async Request', '2025-09-06 19:03:15', '2025-09-06 15:03:15'),
(43539, 14549, 'action complete via Async Request', '2025-09-06 19:03:15', '2025-09-06 15:03:15'),
(43540, 14550, 'action started via Async Request', '2025-09-06 19:03:15', '2025-09-06 15:03:15'),
(43536, 14548, 'action complete via Async Request', '2025-09-06 19:03:15', '2025-09-06 15:03:15'),
(43537, 14664, 'action created', '2025-09-06 19:03:15', '2025-09-06 15:03:15'),
(43538, 14549, 'action started via Async Request', '2025-09-06 19:03:15', '2025-09-06 15:03:15'),
(43535, 14548, 'action started via Async Request', '2025-09-06 19:03:15', '2025-09-06 15:03:15'),
(43522, 14541, 'action complete via Async Request', '2025-09-06 19:03:15', '2025-09-06 15:03:15'),
(43478, 14520, 'action started via Async Request', '2025-09-06 19:03:15', '2025-09-06 15:03:15'),
(43479, 14520, 'action complete via Async Request', '2025-09-06 19:03:15', '2025-09-06 15:03:15'),
(43480, 14521, 'action started via Async Request', '2025-09-06 19:03:15', '2025-09-06 15:03:15'),
(32898, 11029, 'action created', '2023-08-17 20:28:09', '2023-08-17 16:28:09'),
(32899, 11029, 'action started via WP Cron', '2023-08-17 20:29:09', '2023-08-17 16:29:09'),
(32900, 11029, 'action failed via WP Cron: Scheduled action for action_scheduler/migration_hook will not be executed as no callbacks are registered.', '2023-08-17 20:29:09', '2023-08-17 16:29:09');

-- --------------------------------------------------------

--
-- Table structure for table `iaZ8d_affiliate_wp_affiliatemeta`
--

CREATE TABLE `iaZ8d_affiliate_wp_affiliatemeta` (
  `meta_id` bigint(20) NOT NULL AUTO_INCREMENT,
  `affiliate_id` bigint(20) NOT NULL DEFAULT 0,
  `meta_key` varchar(255) DEFAULT NULL,
  `meta_value` longtext DEFAULT NULL,
  PRIMARY KEY (`meta_id`),
  KEY `affiliate_id` (`affiliate_id`),
  KEY `meta_key` (`meta_key`(191))
) ENGINE=MyISAM  DEFAULT CHARSET=utf8mb4 COLLATE=utf8mb4_unicode_ci;

--
-- Dumping data for table `iaZ8d_affiliate_wp_affiliatemeta`
--

INSERT INTO `iaZ8d_affiliate_wp_affiliatemeta` VALUES
(1, 1, 'referral_notifications', '1'),
(2, 1, 'recurring_rate_type', 'percentage'),
(3, 2, 'referral_notifications', '1'),
(4, 2, 'recurring_rate_type', ''),
(5, 3, 'referral_notifications', '1'),
(6, 4, 'referral_notifications', '1'),
(7, 3, 'recurring_rate_type', ''),
(8, 5, 'recurring_rate_type', ''),
(9, 5, 'recurring_rate', '0'),
(10, 5, 'recurring_referral_limit', '0'),
(11, 5, 'referral_notifications', '1');

-- --------------------------------------------------------

--
-- Table structure for table `iaZ8d_affiliate_wp_affiliates`
--

CREATE TABLE `iaZ8d_affiliate_wp_affiliates` (
  `affiliate_id` bigint(20) NOT NULL AUTO_INCREMENT,
  `rest_id` mediumtext NOT NULL,
  `user_id` bigint(20) NOT NULL,
  `rate` tinytext NOT NULL,
  `rate_type` tinytext NOT NULL,
  `flat_rate_basis` tinytext NOT NULL,
  `payment_email` mediumtext NOT NULL,
  `status` tinytext NOT NULL,
  `earnings` mediumtext NOT NULL,
  `unpaid_earnings` mediumtext NOT NULL,
  `referrals` bigint(20) NOT NULL,
  `visits` bigint(20) NOT NULL,
  `date_registered` datetime NOT NULL,
  PRIMARY KEY (`affiliate_id`),
  KEY `user_id` (`user_id`)
) ENGINE=MyISAM  DEFAULT CHARSET=utf8mb4 COLLATE=utf8mb4_unicode_ci;

--
-- Dumping data for table `iaZ8d_affiliate_wp_affiliates`
--

INSERT INTO `iaZ8d_affiliate_wp_affiliates` VALUES
(1, '', 1, '0', 'percentage', '', '', 'active', '0', '0', 0, 2, '2023-05-05 23:35:20'),
(3, '', 63, '0', '', '', '', 'active', '0', '0', 0, 0, '2023-07-20 16:40:15'),
(2, '', 4, '25', 'percentage', '', '', 'active', '0', '0', 0, 7, '2023-05-13 22:07:03'),
(4, '', 3, '', '', '', '', 'active', '0', '', 0, 0, '2023-07-20 17:50:12'),
(5, '', 65, '', '', '', '', 'active', '0', '', 0, 1, '2023-07-31 17:51:10');

-- --------------------------------------------------------

--
-- Table structure for table `iaZ8d_affiliate_wp_campaigns`
--

CREATE TABLE `iaZ8d_affiliate_wp_campaigns` (
  `campaign_id` bigint(20) NOT NULL AUTO_INCREMENT,
  `affiliate_id` bigint(20) NOT NULL,
  `campaign` varchar(50) NOT NULL,
  `visits` bigint(20) NOT NULL,
  `unique_visits` bigint(20) NOT NULL,
  `referrals` bigint(20) NOT NULL,
  `conversion_rate` float NOT NULL,
  `hash` varchar(32) NOT NULL,
  `rest_id` mediumtext NOT NULL,
  PRIMARY KEY (`campaign_id`),
  KEY `affiliate_id` (`affiliate_id`),
  KEY `hash` (`hash`)
) ENGINE=MyISAM  DEFAULT CHARSET=utf8mb4 COLLATE=utf8mb4_unicode_ci;

--
-- Dumping data for table `iaZ8d_affiliate_wp_campaigns`
--

INSERT INTO `iaZ8d_affiliate_wp_campaigns` VALUES
(1, 1, 'Advertisment2', 1, 1, 0, 0, '359bcc0e702395e10768db8be8135503', '');

-- --------------------------------------------------------

--
-- Table structure for table `iaZ8d_affiliate_wp_connections`
--

CREATE TABLE `iaZ8d_affiliate_wp_connections` (
  `connection_id` bigint(20) NOT NULL AUTO_INCREMENT,
  `date` varchar(191) NOT NULL,
  `group` bigint(20) DEFAULT NULL,
  `creative` bigint(20) DEFAULT NULL,
  `affiliate` bigint(20) DEFAULT NULL,
  PRIMARY KEY (`connection_id`)
) ENGINE=MyISAM DEFAULT CHARSET=utf8mb4 COLLATE=utf8mb4_unicode_ci;

-- --------------------------------------------------------

--
-- Table structure for table `iaZ8d_affiliate_wp_coupons`
--

CREATE TABLE `iaZ8d_affiliate_wp_coupons` (
  `coupon_id` bigint(20) NOT NULL AUTO_INCREMENT,
  `affiliate_id` bigint(20) NOT NULL,
  `coupon_code` varchar(191) NOT NULL,
  `type` tinytext NOT NULL,
  `locked` tinyint(1) NOT NULL,
  PRIMARY KEY (`coupon_id`),
  KEY `coupon_code` (`coupon_code`)
) ENGINE=MyISAM DEFAULT CHARSET=utf8mb4 COLLATE=utf8mb4_unicode_ci;

-- --------------------------------------------------------

--
-- Table structure for table `iaZ8d_affiliate_wp_creatives`
--

CREATE TABLE `iaZ8d_affiliate_wp_creatives` (
  `creative_id` bigint(20) NOT NULL AUTO_INCREMENT,
  `name` tinytext NOT NULL,
  `description` longtext NOT NULL,
  `url` varchar(255) NOT NULL,
  `text` tinytext NOT NULL,
  `image` varchar(255) NOT NULL,
  `attachment_id` bigint(20) NOT NULL,
  `status` tinytext NOT NULL,
  `date` datetime NOT NULL,
  `type` varchar(255) NOT NULL,
  `date_updated` datetime NOT NULL DEFAULT current_timestamp(),
  `start_date` datetime NOT NULL,
  `end_date` datetime NOT NULL,
  PRIMARY KEY (`creative_id`),
  KEY `creative_id` (`creative_id`)
) ENGINE=MyISAM DEFAULT CHARSET=utf8mb4 COLLATE=utf8mb4_unicode_ci;

-- --------------------------------------------------------

--
-- Table structure for table `iaZ8d_affiliate_wp_customermeta`
--

CREATE TABLE `iaZ8d_affiliate_wp_customermeta` (
  `meta_id` bigint(20) NOT NULL AUTO_INCREMENT,
  `affwp_customer_id` bigint(20) NOT NULL DEFAULT 0,
  `meta_key` varchar(255) DEFAULT NULL,
  `meta_value` longtext DEFAULT NULL,
  PRIMARY KEY (`meta_id`),
  KEY `affwp_customer_id` (`affwp_customer_id`),
  KEY `meta_key` (`meta_key`(191))
) ENGINE=MyISAM  DEFAULT CHARSET=utf8mb4 COLLATE=utf8mb4_unicode_ci;

--
-- Dumping data for table `iaZ8d_affiliate_wp_customermeta`
--

INSERT INTO `iaZ8d_affiliate_wp_customermeta` VALUES
(8, 7, 'affwp_lc_customer_email', 'Aspennutrition20@gmail.com'),
(2, 1, 'affiliate_id', '1'),
(3, 5, 'affiliate_id', '2'),
(4, 7, 'affiliate_id', '2'),
(5, 8, 'affiliate_id', '2'),
(6, 2, 'affiliate_id', '1'),
(7, 9, 'affwp_lc_customer_email', 'aclayton722@gmail.com'),
(9, 2, 'affwp_lc_customer_email', 'louchitown@gmail.com');

-- --------------------------------------------------------

--
-- Table structure for table `iaZ8d_affiliate_wp_customers`
--

CREATE TABLE `iaZ8d_affiliate_wp_customers` (
  `customer_id` bigint(20) NOT NULL AUTO_INCREMENT,
  `user_id` bigint(20) NOT NULL,
  `email` varchar(100) NOT NULL,
  `first_name` varchar(250) NOT NULL,
  `last_name` varchar(250) NOT NULL,
  `ip` varchar(250) NOT NULL,
  `date_created` datetime NOT NULL,
  PRIMARY KEY (`customer_id`),
  KEY `user_id` (`user_id`),
  KEY `email` (`email`)
) ENGINE=MyISAM  DEFAULT CHARSET=utf8mb4 COLLATE=utf8mb4_unicode_ci;

--
-- Dumping data for table `iaZ8d_affiliate_wp_customers`
--

INSERT INTO `iaZ8d_affiliate_wp_customers` VALUES
(1, 0, 'ilouischilds@gmail.com', 'Louis', 'Childs', '76.16.125.136', '2023-05-11 17:47:08'),
(2, 1, '88@eightyeightclub.com', '', '', '', '2023-05-11 17:53:16'),
(3, 3, 'Louchiano@gmail.com', '', '', '', '2023-05-22 18:20:17'),
(4, 65, 'aspennutrition@usa.com', '', '', '76.20.131.147', '2023-06-01 17:02:24'),
(5, 56, 'wali2010@aol.com', 'Wali', 'Ahmed', '76.20.131.147', '2023-07-14 18:13:01'),
(6, 44, 'skeeter5874@gmail.com', '', '', '', '2023-07-17 20:33:41'),
(7, 4, 'foxsales81@gmail.com', 'Dewayne', 'Adams', '76.20.131.147', '2023-07-17 20:34:14'),
(8, 63, 'lazgipz@gmail.com', 'LAZ', 'GIPZ', '76.20.131.147', '2023-07-20 16:40:15'),
(9, 64, 'aclayton@highendlansing.com', '', '', '', '2023-07-27 20:07:37');

-- --------------------------------------------------------

--
-- Table structure for table `iaZ8d_affiliate_wp_custom_links`
--

CREATE TABLE `iaZ8d_affiliate_wp_custom_links` (
  `custom_link_id` bigint(20) NOT NULL AUTO_INCREMENT,
  `affiliate_id` bigint(20) NOT NULL,
  `link` mediumtext NOT NULL,
  `campaign` tinytext NOT NULL DEFAULT '',
  `date_created` datetime NOT NULL DEFAULT current_timestamp(),
  PRIMARY KEY (`custom_link_id`),
  KEY `custom_link_id` (`custom_link_id`)
) ENGINE=MyISAM DEFAULT CHARSET=utf8mb4 COLLATE=utf8mb4_unicode_ci;

-- --------------------------------------------------------

--
-- Table structure for table `iaZ8d_affiliate_wp_groups`
--

CREATE TABLE `iaZ8d_affiliate_wp_groups` (
  `group_id` bigint(20) NOT NULL AUTO_INCREMENT,
  `type` varchar(191) NOT NULL,
  `title` varchar(191) NOT NULL,
  `meta` longtext NOT NULL,
  PRIMARY KEY (`group_id`)
) ENGINE=MyISAM  DEFAULT CHARSET=utf8mb4 COLLATE=utf8mb4_unicode_ci;

--
-- Dumping data for table `iaZ8d_affiliate_wp_groups`
--

INSERT INTO `iaZ8d_affiliate_wp_groups` VALUES
(1, 'affiliate-group', 'Testers', '{"description":"testers"}');

-- --------------------------------------------------------

--
-- Table structure for table `iaZ8d_affiliate_wp_lifetime_customers`
--

CREATE TABLE `iaZ8d_affiliate_wp_lifetime_customers` (
  `lifetime_customer_id` bigint(20) NOT NULL AUTO_INCREMENT,
  `affwp_customer_id` bigint(20) NOT NULL,
  `affiliate_id` bigint(20) NOT NULL,
  `date_created` datetime NOT NULL,
  PRIMARY KEY (`lifetime_customer_id`),
  KEY `affwp_customer_id` (`affwp_customer_id`)
) ENGINE=MyISAM  DEFAULT CHARSET=utf8 COLLATE=utf8_general_ci;

--
-- Dumping data for table `iaZ8d_affiliate_wp_lifetime_customers`
--

INSERT INTO `iaZ8d_affiliate_wp_lifetime_customers` VALUES
(1, 1, 1, '2023-05-11 17:47:08'),
(3, 5, 2, '2023-07-14 18:13:01'),
(5, 8, 2, '2023-07-20 16:40:15'),
(6, 2, 1, '2023-07-20 22:27:11'),
(7, 0, 1, '2023-08-17 20:47:16'),
(8, 0, 1, '2023-08-17 20:47:16'),
(9, 0, 1, '2023-08-18 00:00:52'),
(10, 0, 1, '2023-08-18 00:00:52'),
(11, 0, 1, '2023-08-22 17:45:42'),
(12, 0, 1, '2023-08-22 17:45:42');

-- --------------------------------------------------------

--
-- Table structure for table `iaZ8d_affiliate_wp_notifications`
--

CREATE TABLE `iaZ8d_affiliate_wp_notifications` (
  `id` bigint(20) unsigned NOT NULL AUTO_INCREMENT,
  `remote_id` bigint(20) unsigned DEFAULT NULL,
  `title` text NOT NULL,
  `content` longtext NOT NULL,
  `buttons` longtext DEFAULT NULL,
  `type` varchar(64) NOT NULL,
  `conditions` longtext DEFAULT NULL,
  `start` datetime DEFAULT NULL,
  `end` datetime DEFAULT NULL,
  `dismissed` tinyint(1) unsigned NOT NULL DEFAULT 0,
  `date_created` datetime NOT NULL DEFAULT current_timestamp(),
  `date_updated` datetime NOT NULL DEFAULT current_timestamp(),
  PRIMARY KEY (`id`),
  KEY `dismissed_start_end` (`dismissed`,`start`,`end`)
) ENGINE=MyISAM  DEFAULT CHARSET=utf8mb4 COLLATE=utf8mb4_unicode_520_ci;

--
-- Dumping data for table `iaZ8d_affiliate_wp_notifications`
--

INSERT INTO `iaZ8d_affiliate_wp_notifications` VALUES
(1, 162, '🔗 Introducing the Custom Link Generator', 'AffiliateWP''s new custom link generator offers affiliates a powerful and intuitive tool for managing their affiliate links. Affiliates can effortlessly generate any number of links, securely storing them for future use and sharing.\r\n\r\nAffiliates can now focus on what truly matters — promoting your business and driving conversions.', '[{"type":"primary","url":"https://affiliatewp.com/introducing-custom-link-generator-and-streamlined-creatives/?utm_source=wordpress&utm_medium=plugin-notification&utm_campaign=2.14.0-release&utm_content=learn-more","text":"Learn More"}]', 'success', '["personal","plus","professional","ultimate"]', '2024-09-10 18:45:31', NULL, 0, '2023-06-13 02:35:33', '2025-09-06 05:03:59'),
(2, 141, '🚀 Introducing Affiliate Groups + Private Creatives', 'Effortlessly organize your affiliates using Affiliate Groups! Set a default group for all new affiliates to join automatically, and reward your high-performing affiliate groups with a custom commission rate.\r\n\r\nPLUS, with Private Creatives, you can share your creatives exclusively with specific affiliates (and groups!), enabling tailored marketing campaigns and personalized incentives for improved performance.', '[{"type":"primary","url":"https://affiliatewp.com/maximize-affiliate-performance-with-affiliate-groups-and-private-creatives/?utm_source=wordpress&utm_medium=plugin-notification&utm_campaign=2.13.0-release&utm_content=learn-more","text":"Learn More"}]', 'success', '["personal","plus","professional","ultimate"]', '2024-09-10 18:45:31', NULL, 0, '2023-06-13 02:35:33', '2025-09-06 05:03:59'),
(3, 121, 'Maximize Your Marketing Efforts with Creative Categories', 'Streamline your affiliate program by organizing creatives into custom categories. Provide an effortless experience for your affiliates, allowing them to easily find and utilize the creatives they need for optimal engagement and conversions.', '[{"type":"primary","url":"https://affiliatewp.com/affiliate-creative-categories/?utm_source=wordpress&utm_medium=plugin-notification&utm_campaign=2.12.0-release&utm_content=learn-more","text":"Learn More"}]', 'success', '["personal","plus","professional","ultimate"]', '2024-09-10 18:45:31', NULL, 0, '2023-06-13 02:35:33', '2025-09-06 05:03:59'),
(4, 119, 'Unleash the Power of WPForms and Boost Affiliate Signups', 'Start using WPForms, the best WordPress form builder, to build and manage your affiliate registration forms. Our newest and most powerful way to create affiliate registration forms can revolutionize the way you attract and manage affiliates - you’ve got to check it out!', '[{"type":"primary","url":"https://affiliatewp.com/skyrocket-your-affiliate-registration-form-conversions-with-wpforms/?utm_source=wordpress&utm_medium=plugin-notification&utm_campaign=2.11.0-release&utm_content=learn-more","text":"Learn More"},{"type":"secondary","url":"https://affiliatewp.com/skyrocket-your-affiliate-registration-form-conversions-with-wpforms/?utm_source=wordpress&utm_medium=plugin-notification&utm_campaign=2.11.0-release&utm_content=start-now","text":"Start Now"}]', 'success', '["personal","plus","professional","ultimate"]', '2024-09-10 18:45:31', NULL, 0, '2023-06-13 02:35:33', '2025-09-06 05:03:59'),
(5, 109, 'Introducing Improved Affiliate Registration Form Customization + reCAPTCHA v3 Compatibility', 'We’ve made it even easier to customize your affiliate registration forms. Try out the new <strong>Registration Form Blocks</strong> and add <strong>reCAPTCHA v3</strong> to streamline your affiliate signup process today!', '[{"type":"primary","url":"https://affiliatewp.com/registration-forms-just-got-10x-easier-to-customize/?utm_source=wordpress&utm_medium=plugin-notification&utm_campaign=2.10.0-release&utm_content=learn-more","text":"Learn More"}]', 'success', '["personal","plus","professional","ultimate"]', '2024-09-10 18:45:31', NULL, 0, '2023-06-13 02:35:33', '2025-09-06 05:03:59'),
(6, 100, 'Introducing a Tutor LMS Integration + Updates to Email Summaries', 'You now have even more ways to add affiliate marketing to your LMS thanks to our new Tutor LMS integration, enabling you to grow course sales with all of our innovative affiliate features. Plus, we’ve got an exciting update to email summaries!', '[{"type":"primary","url":"https://affiliatewp.com/introducing-tutor-lms-integration-for-affiliatewp/?utm_source=wordpress&utm_medium=plugin-notification&utm_campaign=2.9.8-release&utm_content=learn-more","text":"Learn More"}]', 'success', '["personal","plus","professional","ultimate"]', '2024-09-10 18:45:31', NULL, 0, '2023-06-13 02:35:33', '2025-09-06 05:03:59'),
(7, 89, 'Protect Your Program with the New Fraud Prevention Pro Addon', '<span style="font-weight: 400;">Pro license holders have instant access to our new Fraud Prevention pro addon. Take control of your affiliate fraud prevention today by activating Fraud Prevention from the Addons page.</span>', '[{"type":"primary","url":"https://affiliatewp.com/introducing-fraud-prevention-addon/?utm_source=wordpress&utm_medium=plugin-notification&utm_campaign=fraud-prevention-addon&utm_content=learn-more-professional","text":"Learn More"}]', 'success', '["professional","ultimate"]', '2024-09-10 18:45:31', NULL, 0, '2023-06-13 02:35:33', '2025-09-06 05:03:59'),
(8, 86, 'Introducing Affiliate Email Summaries + LearnDash Integration', 'Automatically engage and motivate your affiliates with monthly email summaries. PLUS, easily integrate with the LearnDash learning management system and earn more money from your courses!', '[{"type":"primary","url":"https://affiliatewp.com/introducing-affiliatewp-2-9-7-affiliate-summaries-and-learndash-integration/?utm_source=WordPress&utm_medium=plugin-notification&utm_campaign=AffiliateWP 2.9.7&utm_content=Learn%20More","text":"Learn More"}]', 'success', '["personal","plus","professional","ultimate"]', '2024-09-10 18:45:31', NULL, 0, '2023-06-13 02:35:33', '2025-09-06 05:03:59'),
(9, 79, 'Introducing Terms of Use Generator + Monthly Email Summaries', 'Affiliate management just got easier! AffiliateWP now includes a Terms of Use Generator that creates your affiliate terms of use in seconds and Monthly Email Summaries to keep you up to date with your program’s performance. Click “Learn More” to get full details about AffiliateWP 2.9.6!', '[{"type":"primary","url":"https://affiliatewp.com/introducing-affiliatewp-2-9-6/?utm_source=WordPress&utm_medium=plugin-notification&utm_campaign=introducing-affiliatewp-2-9-6&utm_content=Learn%20More","text":"Learn More"}]', 'success', '["personal","plus","professional","ultimate"]', '2024-09-10 18:45:31', NULL, 0, '2023-06-13 02:35:33', '2025-09-06 05:03:59'),
(10, 61, 'Hello World: Welcome to AffiliateWP Notifications 👋', 'You’ve found our new Plugin Notification feature!\r\n\r\nThis is where we’ll send you all the important information you need.\r\n\r\nSo, for updates, new features, discounts, and supersecret tips, keep an eye on your new inbox!\r\n\r\nJust click the action buttons to engage further with the message, and hit dismiss when you’ve consumed all the pearls of wisdom.\r\n\r\nWe look forward to using this feature to help you grow your business.\r\n\r\nSincerely,\r\n\r\nThe AffiliateWP team.', '[{"type":"primary","url":"https://affiliatewp.com/announcing-plugin-notifications/?utm_source=WordPress&utm_medium=plugin-notification&utm_campaign=welcome-to-affiliatewp-notifications&utm_content=Learn%20More","text":"Learn More"}]', 'success', '["personal","plus","professional","ultimate"]', '2024-09-10 18:45:31', NULL, 0, '2023-06-13 02:35:33', '2025-09-06 05:03:59'),
(11, 172, 'Introducing Scheduled Creatives! 🕓', 'Gain unparalleled control over your marketing efforts with our latest feature. Scheduled Creatives allows you to effortlessly <strong>set start and end dates for each creative</strong>, ensuring they''re displayed to affiliates only within your specified timeframe.\r\n\r\nPerfectly synchronize your promotions with your broader marketing strategies for maximum impact.\r\n\r\nDiscover the convenience and effectiveness of Scheduled Creatives today!', '[{"type":"primary","url":"https://affiliatewp.com/introducing-scheduled-creatives/?utm_source=wordpress&utm_medium=plugin-notification&utm_campaign=scheduled-creatives&utm_content=learn-more-pro","text":"Learn More"}]', 'success', '["professional","ultimate"]', '2024-09-10 18:45:31', NULL, 0, '2023-07-17 04:44:17', '2025-09-06 05:03:59'),
(12, 201, 'Introducing the New Creatives Tab', 'Your affiliates can now swiftly toggle between list and grid views, sort creatives with ease by type, and enjoy uninterrupted scrolling. Plus, with our fresh detailed creative view, grabbing an image, or copying a creative’s HTML code is just a click away. All these improvements aim to help your affiliates swiftly locate the perfect creative, which can boost conversions and sales for you.', '[{"type":"primary","url":"https://affiliatewp.com/the-new-creatives-tab-in-affiliatewp/?utm_source=wordpress&utm_medium=plugin-notification&utm_campaign=2.16.0-release&utm_content=learn-more","text":"Learn More"}]', 'success', '["personal","plus","professional","ultimate"]', '2024-09-10 18:45:31', NULL, 0, '2023-09-12 02:37:00', '2025-09-06 05:03:59'),
(13, 213, 'Announcing QR Code Creatives! 🚀', 'Experience seamless online-offline promotions with our latest feature, QR Code Creatives. Affiliates can easily tap into the offline market, expanding their reach and boosting your sales.\r\n\r\nElevate branding with QR code customizations, enable your affiliates to share effortlessly, and ensure every scan leads to accurate rewards for your affiliates.', '[{"type":"primary","url":"https://affiliatewp.com/introducing-qr-code-creatives/?utm_source=wordpress&utm_medium=plugin-notification&utm_campaign=qr-code-creatives&utm_content=learn-more-pro","text":"Learn More"}]', 'success', '["professional","ultimate"]', '2024-09-10 18:45:31', NULL, 0, '2023-10-12 02:35:11', '2025-09-06 05:03:59'),
(14, 239, 'Grow Your Affiliate Base With the Affiliate Signup Widget', 'Now you can turn your best customers into affiliates with just one click.\r\n\r\nWith its easy setup and user-friendly interface, the Affiliate Signup Widget is designed to effortlessly grow your affiliate base.', '[{"type":"primary","url":"https://affiliatewp.com/affiliate-signup-widget/?utm_source=wordpress&utm_medium=plugin-notification&utm_campaign=affiliate-signup-widget&utm_content=learn-more-pro","text":"Learn More"}]', 'success', '["professional","ultimate"]', '2024-09-10 18:45:31', NULL, 0, '2023-11-30 06:15:20', '2025-09-06 05:03:59'),
(15, 243, 'Create Affiliate Registration Forms With Elementor!', 'AffiliateWP now integrates with Elementor, making custom affiliate registration forms a breeze.\r\n\r\nBuild affiliate registration forms that drive more affiliate sign-ups while perfectly aligning with your site''s existing styling.', '[{"type":"primary","url":"https://affiliatewp.com/docs/elementor/?utm_source=wordpress&utm_medium=plugin-notification&utm_campaign=elementor-integration&utm_content=get-started","text":"Get Started"},{"type":"secondary","url":"https://affiliatewp.com/affiliatewp-2-19-0-affiliate-form-creation-with-elementor/?utm_source=wordpress&utm_medium=plugin-notification&utm_campaign=elementor-integration&utm_content=learn-more","text":"Learn More"}]', 'success', '["personal","plus","professional","ultimate"]', '2024-09-10 18:45:31', NULL, 0, '2023-12-22 04:07:55', '2025-09-06 05:03:59'),
(16, 257, 'Introducing Affiliate Coupon Links for WooCommerce', 'With Affiliate Coupon Links, <strong>affiliates can easily share a link that embeds their coupon code</strong>, perfect for use across email, social media, blogs, messaging apps, and more.\r\n\r\nA simple click brings visitors directly to your site where <strong>discounts are automatically applied</strong>, enhancing the shopping experience and aiming to increase your conversion rates.\r\n\r\nExperience a new level of convenience and efficiency in your affiliate program starting today!', '[{"type":"primary","url":"https://affiliatewp.com/docs/advanced-coupons/?utm_source=wordpress&utm_medium=plugin-notification&utm_campaign=affiliate-coupon-links&utm_content=get-started","text":"Get Started"},{"type":"secondary","url":"https://affiliatewp.com/affiliate-coupon-links/?utm_source=wordpress&utm_medium=plugin-notification&utm_campaign=affiliate-coupon-links&utm_content=learn-more","text":"Learn More"}]', 'success', '["personal","plus","professional","ultimate"]', '2024-09-10 18:45:31', NULL, 0, '2024-02-12 11:25:55', '2025-09-06 05:03:59'),
(17, 280, 'Introducing Affiliate Link Discounts, Elementor Referral Tracking, and a new Thrive Apprentice integration', '<strong>Unlock instant savings for your customers</strong> with Affiliate Link Discounts, <strong>streamline lead generation</strong> through Elementor Referral Tracking, and <strong>simplify course promotion</strong> with the new Thrive Apprentice integration.', '[{"type":"primary","url":"https://affiliatewp.com/affiliate-link-discounts-elementor-referral-tracking-and-more/?utm_source=wordpress&utm_medium=plugin-notification&utm_campaign=affiliate-link-discounts-elementor-referral-tracking-thrive-apprentice-integration&utm_content=learn-more","text":"Learn More"}]', 'success', '["personal","plus","professional","ultimate"]', '2024-09-10 18:45:31', NULL, 0, '2024-03-09 02:32:33', '2025-09-06 05:03:59'),
(18, 288, 'New Multi-Tier Commissions Addon Ready for Action!', 'Unlock the full potential of your affiliate network with the Multi-Tier Commissions addon, now included in your plan! Empower and motivate your affiliates by enabling them to earn commissions from their recruits'' sales, propelling your program''s growth and profitability.\r\n\r\nActivate Multi-Tier Commissions today and watch your affiliate network''s expansion and success.', '[{"type":"primary","url":"https://affiliatewp.com/docs/multi-tier-commissions-guide/?utm_source=wordpress&utm_medium=plugin-notification&utm_campaign=multi-tier-commissions&utm_content=get-started-pro","text":"Get Started"},{"type":"secondary","url":"https://affiliatewp.com/introducing-multi-tier-commissions/?utm_source=wordpress&utm_medium=plugin-notification&utm_campaign=multi-tier-commissions&utm_content=learn-more-pro","text":"Learn More"}]', 'success', '["professional","ultimate"]', '2024-09-10 18:45:31', NULL, 0, '2024-03-25 02:32:10', '2025-09-06 05:03:59'),
(19, 316, 'Effortless Link Sharing to Empower Your Affiliates', 'Your affiliates can now effortlessly find, copy, and share their affiliate links on social media, via email, or as a QR code. These improvements make it simpler than ever for your affiliates to promote your site and drive new conversions.', '[{"type":"primary","url":"https://affiliatewp.com/effortless-link-sharing-to-empower-your-affiliates/?utm_source=wordpress&utm_medium=plugin-notification&utm_campaign=affiliate-link-sharing&utm_content=learn-more","text":"Learn More"}]', 'success', '["personal","plus","professional","ultimate"]', '2024-09-10 18:45:31', NULL, 0, '2024-07-17 06:34:27', '2025-09-06 05:03:59'),
(20, 318, 'New in Multi-Tier Commissions: The Forced Matrix Compensation Plan', 'Maximize your affiliate program''s potential with the new Forced Matrix Compensation Plan. Control network growth, encourage team collaboration, and create a balanced structure that benefits all affiliates. Available now in the Multi-Tier Commissions addon.', '[{"type":"primary","url":"https://affiliatewp.com/forced-matrix-compensation-plan-in-multi-tier-commissions/?utm_source=wordpress&utm_medium=plugin-notification&utm_campaign=forced-matrix-compensation-plan&utm_content=learn-more-pro","text":"Learn More"}]', 'success', '["professional","ultimate"]', '2024-09-10 18:45:31', NULL, 0, '2024-08-06 06:33:22', '2025-09-06 05:03:59'),
(21, 327, 'Leverage the Power of AI to Swiftly Review Affiliate Applications', 'AI will instantly recommend whether to accept or reject an affiliate and even craft tailored rejection messages. Save time, maintain quality, and strengthen your affiliate network.', '[{"type":"primary","url":"https://affiliatewp.com/use-ai-to-review-your-affiliates/?utm_source=wordpress&utm_medium=plugin-notification&utm_campaign=ai-affiliate-reviews&utm_content=learn-more","text":"Learn More"}]', 'success', '["personal","plus","professional","ultimate"]', '2024-09-10 18:45:31', NULL, 0, '2024-08-21 06:35:31', '2025-09-06 05:03:59'),
(22, 344, 'Multi-Currency Addon Now Available!', 'If your online store accepts multiple currencies, this addon is for you! Automatically convert commissions into your affiliate program’s base currency using real-time exchange rates, ensuring accurate payouts for your affiliates, regardless of the currency used at checkout.\r\n\r\nInstall the Multi-Currency addon now and scale your global affiliate network!', '[{"type":"primary","url":"https://affiliatewp.com/multi-currency-addon-calculate-affiliate-commissions-from-any-currency/?utm_source=wordpress&utm_medium=plugin-notification&utm_campaign=multi-currency-addon&utm_content=learn-more","text":"Learn More"}]', 'success', '["plus","professional","ultimate"]', '2024-09-10 18:45:31', NULL, 0, '2024-09-11 06:41:19', '2025-09-06 05:03:59');

-- --------------------------------------------------------

--
-- Table structure for table `iaZ8d_affiliate_wp_payouts`
--

CREATE TABLE `iaZ8d_affiliate_wp_payouts` (
  `payout_id` bigint(20) NOT NULL AUTO_INCREMENT,
  `affiliate_id` bigint(20) NOT NULL,
  `referrals` mediumtext NOT NULL,
  `amount` mediumtext NOT NULL,
  `owner` bigint(20) NOT NULL,
  `payout_method` tinytext NOT NULL,
  `service_account` tinytext NOT NULL,
  `service_id` bigint(20) NOT NULL,
  `service_invoice_link` varchar(255) NOT NULL,
  `description` longtext NOT NULL,
  `status` tinytext NOT NULL,
  `date` datetime NOT NULL,
  PRIMARY KEY (`payout_id`),
  KEY `affiliate_id` (`affiliate_id`),
  KEY `service_id` (`service_id`)
) ENGINE=MyISAM DEFAULT CHARSET=utf8mb4 COLLATE=utf8mb4_unicode_ci;

-- --------------------------------------------------------

--
-- Table structure for table `iaZ8d_affiliate_wp_referralmeta`
--

CREATE TABLE `iaZ8d_affiliate_wp_referralmeta` (
  `meta_id` bigint(20) NOT NULL AUTO_INCREMENT,
  `referral_id` bigint(20) NOT NULL DEFAULT 0,
  `meta_key` varchar(255) DEFAULT NULL,
  `meta_value` longtext DEFAULT NULL,
  PRIMARY KEY (`meta_id`),
  KEY `referral_id` (`referral_id`),
  KEY `meta_key` (`meta_key`(191))
) ENGINE=MyISAM DEFAULT CHARSET=utf8mb4 COLLATE=utf8mb4_unicode_ci;

-- --------------------------------------------------------

--
-- Table structure for table `iaZ8d_affiliate_wp_referrals`
--

CREATE TABLE `iaZ8d_affiliate_wp_referrals` (
  `referral_id` bigint(20) NOT NULL AUTO_INCREMENT,
  `affiliate_id` bigint(20) NOT NULL,
  `visit_id` bigint(20) NOT NULL,
  `rest_id` mediumtext NOT NULL,
  `customer_id` bigint(20) NOT NULL,
  `parent_id` bigint(20) NOT NULL,
  `description` longtext NOT NULL,
  `status` tinytext NOT NULL,
  `amount` mediumtext NOT NULL,
  `currency` char(3) NOT NULL,
  `custom` longtext NOT NULL,
  `context` tinytext NOT NULL,
  `campaign` varchar(50) NOT NULL,
  `type` varchar(30) NOT NULL,
  `flag` tinytext NOT NULL,
  `reference` mediumtext NOT NULL,
  `products` mediumtext NOT NULL,
  `payout_id` bigint(20) NOT NULL,
  `date` datetime NOT NULL,
  PRIMARY KEY (`referral_id`),
  KEY `affiliate_id` (`affiliate_id`)
) ENGINE=MyISAM  DEFAULT CHARSET=utf8mb4 COLLATE=utf8mb4_unicode_ci;

--
-- Dumping data for table `iaZ8d_affiliate_wp_referrals`
--

INSERT INTO `iaZ8d_affiliate_wp_referrals` VALUES
(1, 1, 1, '', 1, 0, 'Test Product', 'rejected', '0.03', 'USD', '', 'woocommerce', '', 'sale', '', '1226', 'a:1:{i:0;a:4:{s:4:"name";s:12:"Test Product";s:2:"id";i:1216;s:5:"price";i:1;s:15:"referral_amount";s:4:"0.03";}}', 0, '2023-05-11 17:47:08'),
(2, 0, 0, '', 4, 0, 'KEBO - 1oz, Brown (Variation ID 981)', 'rejected', '0.00', 'USD', '', 'woocommerce', '', 'sale', '', '1560', '', 0, '2023-06-01 17:02:24'),
(3, 1, 0, '', 1, 0, 'Test Product', 'rejected', '0.00', 'USD', 'a:1:{s:17:"lifetime_referral";b:1;}', 'woocommerce', '', 'sale', '', '2059', 'a:1:{i:0;a:4:{s:4:"name";s:12:"Test Product";s:2:"id";i:1216;s:5:"price";i:1;s:15:"referral_amount";s:1:"0";}}', 0, '2023-07-13 19:08:18'),
(4, 2, 4, '', 5, 0, 'GRIZZLY BEAR - 1 (Variation ID 1091)', 'rejected', '0.00', 'USD', '', 'woocommerce', '', 'sale', '', '2129', 'a:1:{i:0;a:4:{s:4:"name";s:56:"GRIZZLY BEAR - 1 (Variation ID 1091) (Variation ID 1091)";s:2:"id";i:1082;s:5:"price";i:6;s:15:"referral_amount";s:1:"0";}}', 0, '2023-07-14 18:13:01'),
(5, 2, -2, '', 7, 0, 'Dormin', 'rejected', '0.00', 'USD', '', 'woocommerce', '', 'sale', '', '2147', '', 0, '2023-07-17 20:34:14'),
(6, 2, -2, '', 5, 0, 'GOOD GOOD (Variation ID 1405)', 'rejected', '0.00', 'USD', '', 'woocommerce', '', 'sale', '', '2148', '', 0, '2023-07-17 20:48:44'),
(7, 1, 6, '', 1, 0, 'Dormin', 'rejected', '3.75', 'USD', 'a:1:{s:17:"lifetime_referral";b:1;}', 'woocommerce', '', 'sale', '', '2149', 'a:1:{i:0;a:4:{s:4:"name";s:6:"Dormin";s:2:"id";i:919;s:5:"price";i:15;s:15:"referral_amount";s:4:"3.75";}}', 0, '2023-07-17 21:04:30'),
(8, 2, 0, '', 7, 0, 'MANNITOL', 'rejected', '12.50', 'USD', 'a:1:{s:17:"lifetime_referral";b:1;}', 'woocommerce', '', 'sale', '', '2152', 'a:1:{i:0;a:4:{s:4:"name";s:8:"MANNITOL";s:2:"id";i:1049;s:5:"price";i:50;s:15:"referral_amount";s:4:"12.5";}}', 0, '2023-07-18 16:18:37'),
(9, 2, 0, '', 7, 0, 'KEBO - 1oz, Pink (Variation ID 985)', 'rejected', '15.00', 'USD', 'a:1:{s:17:"lifetime_referral";b:1;}', 'woocommerce', '', 'sale', '', '2155', 'a:1:{i:0;a:4:{s:4:"name";s:54:"KEBO - 1oz, Pink (Variation ID 985) (Variation ID 985)";s:2:"id";i:947;s:5:"price";i:60;s:15:"referral_amount";s:2:"15";}}', 0, '2023-07-18 17:20:55'),
(10, 2, 0, '', 7, 0, 'Rizzo - 1oz, Grey (Variation ID 1000), Rizzo - 1oz, Tan (Variation ID 1070), Rizzo - 1oz, White (Variation ID 996), Rizzo - 1oz, Pink (Variation ID 999), MB1 - 1oz, White (Variation ID 942), GRANNY - 1oz, White (Variation ID 2112)', 'rejected', '127.50', 'USD', 'a:1:{s:17:"lifetime_referral";b:1;}', 'woocommerce', '', 'sale', '', '2157', 'a:6:{i:0;a:4:{s:4:"name";s:57:"Rizzo - 1oz, Grey (Variation ID 1000) (Variation ID 1000)";s:2:"id";i:883;s:5:"price";i:300;s:15:"referral_amount";s:2:"75";}i:1;a:4:{s:4:"name";s:56:"Rizzo - 1oz, Tan (Variation ID 1070) (Variation ID 1070)";s:2:"id";i:883;s:5:"price";i:75;s:15:"referral_amount";s:5:"18.75";}i:2;a:4:{s:4:"name";s:56:"Rizzo - 1oz, White (Variation ID 996) (Variation ID 996)";s:2:"id";i:883;s:5:"price";i:45;s:15:"referral_amount";s:5:"11.25";}i:3;a:4:{s:4:"name";s:55:"Rizzo - 1oz, Pink (Variation ID 999) (Variation ID 999)";s:2:"id";i:883;s:5:"price";i:15;s:15:"referral_amount";s:4:"3.75";}i:4;a:4:{s:4:"name";s:54:"MB1 - 1oz, White (Variation ID 942) (Variation ID 942)";s:2:"id";i:918;s:5:"price";i:30;s:15:"referral_amount";s:3:"7.5";}i:5;a:4:{s:4:"name";s:59:"GRANNY - 1oz, White (Variation ID 2112) (Variation ID 2112)";s:2:"id";i:1083;s:5:"price";i:45;s:15:"referral_amount";s:5:"11.25";}}', 0, '2023-07-18 19:07:34'),
(11, 2, 0, '', 7, 0, 'Quinine HCL - Grey, 1oz (Variation ID 1296), Quinine HCL - Brown, 1oz (Variation ID 1294), Quinine HCL - White, 1oz (Variation ID 1302), GOOD GOOD (Variation ID 1414), GOOD GOOD (Variation ID 1407), Rizzo - 1oz, Blue (Variation ID 1002), GRANNY - 1oz, Tan (Variation ID 2114)', 'rejected', '30.00', 'USD', 'a:1:{s:17:"lifetime_referral";b:1;}', 'woocommerce', '', 'sale', '', '2158', 'a:7:{i:0;a:4:{s:4:"name";s:63:"Quinine HCL - Grey, 1oz (Variation ID 1296) (Variation ID 1296)";s:2:"id";i:1240;s:5:"price";i:15;s:15:"referral_amount";s:4:"3.75";}i:1;a:4:{s:4:"name";s:64:"Quinine HCL - Brown, 1oz (Variation ID 1294) (Variation ID 1294)";s:2:"id";i:1240;s:5:"price";i:15;s:15:"referral_amount";s:4:"3.75";}i:2;a:4:{s:4:"name";s:64:"Quinine HCL - White, 1oz (Variation ID 1302) (Variation ID 1302)";s:2:"id";i:1240;s:5:"price";i:30;s:15:"referral_amount";s:3:"7.5";}i:3;a:4:{s:4:"name";s:49:"GOOD GOOD (Variation ID 1414) (Variation ID 1414)";s:2:"id";i:1086;s:5:"price";i:15;s:15:"referral_amount";s:4:"3.75";}i:4;a:4:{s:4:"name";s:49:"GOOD GOOD (Variation ID 1407) (Variation ID 1407)";s:2:"id";i:1086;s:5:"price";i:15;s:15:"referral_amount";s:4:"3.75";}i:5;a:4:{s:4:"name";s:57:"Rizzo - 1oz, Blue (Variation ID 1002) (Variation ID 1002)";s:2:"id";i:883;s:5:"price";i:15;s:15:"referral_amount";s:4:"3.75";}i:6;a:4:{s:4:"name";s:57:"GRANNY - 1oz, Tan (Variation ID 2114) (Variation ID 2114)";s:2:"id";i:1083;s:5:"price";i:15;s:15:"referral_amount";s:4:"3.75";}}', 0, '2023-07-18 19:11:51'),
(12, 1, -2, '', 2, 0, 'Dormin', 'rejected', '0.00', 'USD', '', 'woocommerce', 'Advertisment2', 'sale', '', '2176', '', 0, '2023-07-20 22:27:11'),
(13, 1, 6, '', 1, 0, 'Dormin', 'rejected', '3.75', 'USD', 'a:1:{s:17:"lifetime_referral";b:1;}', 'woocommerce', '', 'sale', '', '2177', 'a:1:{i:0;a:4:{s:4:"name";s:6:"Dormin";s:2:"id";i:919;s:5:"price";i:15;s:15:"referral_amount";s:4:"3.75";}}', 0, '2023-07-20 22:29:08'),
(14, 1, 6, '', 1, 0, 'Dormin', 'rejected', '7.50', 'USD', 'a:1:{s:17:"lifetime_referral";b:1;}', 'woocommerce', '', 'sale', '', '2178', 'a:1:{i:0;a:4:{s:4:"name";s:6:"Dormin";s:2:"id";i:919;s:5:"price";i:30;s:15:"referral_amount";s:3:"7.5";}}', 0, '2023-07-20 22:42:34'),
(15, 1, -2, '', 2, 0, 'Dormin', 'rejected', '0.00', 'USD', '', 'woocommerce', 'Advertisment2', 'sale', '', '2181', '', 0, '2023-07-21 03:21:35'),
(16, 1, 0, '', 2, 0, 'Game Changer - 1oz, White (Variation ID 1039)', 'failed', '0.00', 'USD', '', 'woocommerce', '', 'sale', '', '2314', '', 0, '2023-07-31 19:28:24'),
(17, 1, 0, '', 2, 0, 'Dormin', 'failed', '0.00', 'USD', '', 'woocommerce', '', 'sale', '', '2487', '', 0, '2023-08-17 04:56:21'),
(18, 1, 0, '', 2, 0, 'Dormin', 'failed', '0.00', 'USD', '', 'woocommerce', '', 'sale', '', '2488', '', 0, '2023-08-17 04:56:54'),
(19, 1, 0, '', 0, 0, 'Lactose - 1 lb, White (Variation ID 1071)', 'failed', '0.00', 'USD', '', 'woocommerce', '', 'sale', '', '2496', '', 0, '2023-08-17 20:47:16'),
(20, 1, 0, '', 0, 0, 'GRIZZLY BEAR - 1 (Variation ID 1091)', 'failed', '0.00', 'USD', '', 'woocommerce', '', 'sale', '', '2497', '', 0, '2023-08-18 00:00:52'),
(21, 1, 0, '', 0, 0, 'Dormin', 'failed', '0.00', 'USD', '', 'woocommerce', '', 'sale', '', '2498', '', 0, '2023-08-22 17:45:42'),
(22, 1, 0, '', 1, 0, 'Test Product', 'failed', '0.00', 'USD', '', 'woocommerce', '', 'sale', '', '2525', '', 0, '2023-12-20 18:03:24');

-- --------------------------------------------------------

--
-- Table structure for table `iaZ8d_affiliate_wp_rest_consumers`
--

CREATE TABLE `iaZ8d_affiliate_wp_rest_consumers` (
  `consumer_id` bigint(20) NOT NULL AUTO_INCREMENT,
  `user_id` bigint(20) NOT NULL,
  `token` varchar(32) NOT NULL,
  `public_key` varchar(32) NOT NULL,
  `secret_key` varchar(32) NOT NULL,
  `status` tinytext NOT NULL,
  `date` datetime NOT NULL,
  PRIMARY KEY (`consumer_id`),
  KEY `user_id` (`user_id`)
) ENGINE=MyISAM DEFAULT CHARSET=utf8mb4 COLLATE=utf8mb4_unicode_ci;

-- --------------------------------------------------------

--
-- Table structure for table `iaZ8d_affiliate_wp_sales`
--

CREATE TABLE `iaZ8d_affiliate_wp_sales` (
  `referral_id` bigint(20) NOT NULL,
  `affiliate_id` bigint(20) NOT NULL,
  `order_total` mediumtext NOT NULL,
  PRIMARY KEY (`referral_id`),
  KEY `affiliate_id` (`affiliate_id`)
) ENGINE=MyISAM DEFAULT CHARSET=utf8mb4 COLLATE=utf8mb4_unicode_ci;

--
-- Dumping data for table `iaZ8d_affiliate_wp_sales`
--

INSERT INTO `iaZ8d_affiliate_wp_sales` VALUES
(1, 1, '1.00'),
(2, 0, '72.01'),
(3, 1, '18.97'),
(4, 2, '40.00'),
(5, 2, '49.47'),
(6, 2, '94.00'),
(7, 1, '49.47'),
(8, 2, '148.11'),
(9, 2, '60.00'),
(10, 2, '510.00'),
(11, 2, '185.96'),
(12, 1, '15.00'),
(13, 1, '49.47'),
(14, 1, '64.47'),
(15, 1, '49.47'),
(16, 1, '124.51'),
(17, 1, '49.62'),
(18, 1, '79.62'),
(19, 1, '53.59'),
(20, 1, '34.59'),
(21, 1, '43.61'),
(22, 1, '1.00');

-- --------------------------------------------------------

--
-- Table structure for table `iaZ8d_affiliate_wp_visits`
--

CREATE TABLE `iaZ8d_affiliate_wp_visits` (
  `visit_id` bigint(20) NOT NULL AUTO_INCREMENT,
  `affiliate_id` bigint(20) NOT NULL,
  `referral_id` bigint(20) NOT NULL,
  `rest_id` mediumtext NOT NULL,
  `url` mediumtext NOT NULL,
  `referrer` mediumtext NOT NULL,
  `campaign` varchar(50) NOT NULL,
  `context` varchar(50) NOT NULL,
  `flag` tinytext NOT NULL,
  `ip` tinytext NOT NULL,
  `date` datetime NOT NULL,
  PRIMARY KEY (`visit_id`),
  KEY `affiliate_id` (`affiliate_id`)
) ENGINE=MyISAM  DEFAULT CHARSET=utf8mb4 COLLATE=utf8mb4_unicode_ci;

--
-- Dumping data for table `iaZ8d_affiliate_wp_visits`
--

INSERT INTO `iaZ8d_affiliate_wp_visits` VALUES
(1, 1, 1, '', 'https://clone.foxbutter.com/', '', '', '', '', '76.16.125.136', '2023-05-11 17:42:28'),
(2, 2, 0, '', 'https://clone.foxbutter.com/', 'https://l.instagram.com/', '', '', '', '76.20.131.147', '2023-07-06 17:26:52'),
(3, 1, 0, '', 'https://clone.foxbutter.com/?campaign=Advertisment2', '', 'Advertisment2', '', '', '76.16.125.136', '2023-07-07 18:59:38'),
(4, 2, 4, '', 'https://clone.foxbutter.com/', '', '', '', '', '76.20.131.147', '2023-07-14 18:08:34'),
(5, 2, 0, '', 'https://clone.foxbutter.com/', '', '', '', '', '166.205.124.107', '2023-07-17 20:52:09'),
(6, 2, 14, '', 'https://clone.foxbutter.com/http://clone.foxbutter.com/', '', '', '', '', '76.16.125.136', '2023-07-17 20:55:26'),
(7, 5, 0, '', 'https://clone.foxbutter.com/', 'android-app://com.google.android.googlequicksearchbox/', '', '', '', '76.20.131.147', '2023-08-04 19:41:38'),
(8, 2, 0, '', 'https://www.clone.foxbutter.com/?fbclid=PAAaaRwvb6BnYxujxMcy7OeQDD2DRtnt-1h-Q5LIC61yuq3P_zRz3PD_UiZlg_aem_AbqB092QjpetPGCXcXS7i1kQQZQCVm_WyBa8zTOc9t30rK9BoJcp_Sx2wrZ8l1KjksI', 'https://l.instagram.com/', '', '', '', '47.218.89.102', '2023-08-04 22:41:16'),
(9, 2, 0, '', 'https://www.clone.foxbutter.com/?fbclid=PAAaYIILm6L82xqbL7FG-ZVoP5C-V6XWs0TrknUma2YyVfxMgBAB_ctEH-t6o_aem_Abqvxw19IVuidTVUazQf97lUEVXUe2Z5qYqHsfWQiegW0I6gMyGcpn26ptZStYrT64o', 'https://l.instagram.com/', '', '', '', '172.58.123.172', '2023-08-04 23:49:16'),
(10, 2, 0, '', 'https://www.clone.foxbutter.com/?fbclid=IwAR38eBD4w4D5EsqdFW1zHjz5nS31WWX0jtjP52ORLFy_m--2z5avEcSS8JE', 'https://www.facebook.com/', '', '', '', '173.252.127.1', '2023-08-15 16:48:11');

-- --------------------------------------------------------

--
-- Table structure for table `iaZ8d_aioseo_cache`
--

CREATE TABLE `iaZ8d_aioseo_cache` (
  `id` bigint(20) unsigned NOT NULL AUTO_INCREMENT,
  `key` varchar(80) NOT NULL,
  `value` longtext NOT NULL,
  `expiration` datetime DEFAULT NULL,
  `created` datetime NOT NULL,
  `updated` datetime NOT NULL,
  PRIMARY KEY (`id`),
  UNIQUE KEY `ndx_aioseo_cache_key` (`key`),
  KEY `ndx_aioseo_cache_expiration` (`expiration`)
) ENGINE=MyISAM  DEFAULT CHARSET=utf8mb4 COLLATE=utf8mb4_unicode_520_ci;

--
-- Dumping data for table `iaZ8d_aioseo_cache`
--

INSERT INTO `iaZ8d_aioseo_cache` VALUES
(64, 'attachment_url_to_post_id_98abc3d69764fb546381e4372c2bf75c64103fc8', 's:3:"908";', '2023-07-21 21:22:24', '2023-07-20 21:22:24', '2023-07-20 21:22:24'),
(38, 'license_features', 'a:21:{i:0;O:8:"stdClass":3:{s:13:"license_level";s:3:"pro";s:7:"section";s:6:"schema";s:7:"feature";s:5:"event";}i:1;O:8:"stdClass":3:{s:13:"license_level";s:5:"elite";s:7:"section";s:6:"schema";s:7:"feature";s:5:"event";}i:2;O:8:"stdClass":3:{s:13:"license_level";s:5:"elite";s:7:"section";s:6:"schema";s:7:"feature";s:11:"job-posting";}i:3;O:8:"stdClass":3:{s:13:"license_level";s:5:"elite";s:7:"section";s:5:"tools";s:7:"feature";s:29:"network-tools-site-activation";}i:4;O:8:"stdClass":3:{s:13:"license_level";s:5:"elite";s:7:"section";s:5:"tools";s:7:"feature";s:22:"network-tools-database";}i:5;O:8:"stdClass":3:{s:13:"license_level";s:5:"elite";s:7:"section";s:5:"tools";s:7:"feature";s:27:"network-tools-import-export";}i:6;O:8:"stdClass":3:{s:13:"license_level";s:5:"elite";s:7:"section";s:5:"tools";s:7:"feature";s:20:"network-tools-robots";}i:7;O:8:"stdClass":3:{s:13:"license_level";s:5:"elite";s:7:"section";s:17:"search-statistics";s:7:"feature";s:14:"seo-statistics";}i:8;O:8:"stdClass":3:{s:13:"license_level";s:5:"elite";s:7:"section";s:17:"search-statistics";s:7:"feature";s:16:"keyword-rankings";}i:9;O:8:"stdClass":3:{s:13:"license_level";s:5:"elite";s:7:"section";s:17:"search-statistics";s:7:"feature";s:22:"keyword-rankings-pages";}i:10;O:8:"stdClass":3:{s:13:"license_level";s:5:"elite";s:7:"section";s:17:"search-statistics";s:7:"feature";s:11:"post-detail";}i:11;O:8:"stdClass":3:{s:13:"license_level";s:5:"elite";s:7:"section";s:17:"search-statistics";s:7:"feature";s:22:"post-detail-page-speed";}i:12;O:8:"stdClass":3:{s:13:"license_level";s:5:"elite";s:7:"section";s:17:"search-statistics";s:7:"feature";s:26:"post-detail-seo-statistics";}i:13;O:8:"stdClass":3:{s:13:"license_level";s:5:"elite";s:7:"section";s:17:"search-statistics";s:7:"feature";s:20:"post-detail-keywords";}i:14;O:8:"stdClass":3:{s:13:"license_level";s:5:"elite";s:7:"section";s:17:"search-statistics";s:7:"feature";s:31:"post-detail-focus-keyword-trend";}i:15;O:8:"stdClass":3:{s:13:"license_level";s:5:"elite";s:7:"section";s:17:"search-statistics";s:7:"feature";s:16:"keyword-tracking";}i:16;O:8:"stdClass":3:{s:13:"license_level";s:5:"elite";s:7:"section";s:17:"search-statistics";s:7:"feature";s:28:"post-detail-keyword-tracking";}i:17;O:8:"stdClass":3:{s:13:"license_level";s:5:"elite";s:7:"section";s:17:"search-statistics";s:7:"feature";s:16:"content-rankings";}i:18;O:8:"stdClass":3:{s:13:"license_level";s:5:"elite";s:7:"section";s:13:"seo-revisions";s:7:"feature";s:12:"revisions:-1";}i:19;O:8:"stdClass":3:{s:13:"license_level";s:3:"pro";s:7:"section";s:13:"seo-revisions";s:7:"feature";s:12:"revisions:30";}i:20;O:8:"stdClass":3:{s:13:"license_level";s:4:"plus";s:7:"section";s:13:"seo-revisions";s:7:"feature";s:12:"revisions:15";}}', '2023-07-21 16:19:54', '2023-07-17 05:11:43', '2023-07-20 16:19:54'),
(39, 'attachment_url_to_post_id_070591bcef29c3bf83aa7f80e32ef527ad65958f', 's:4:"none";', '2023-07-20 21:58:37', '2023-07-17 16:13:58', '2023-07-19 21:58:37'),
(2, 'wp_notices', 'a:0:{}', '2023-07-21 22:38:31', '2023-07-12 19:26:41', '2023-07-20 22:38:31'),
(3, 'admin_notifications_update', 'i:1689898977;', '2023-07-21 00:22:57', '2023-07-12 19:26:48', '2023-07-20 00:22:57'),
(5, 'admin_help_docs', 's:71569:"{"categories":{"getting-started":"Getting Started","advanced-settings":"Advanced Settings","display-settings":"Display Settings","general-seo-topics":"General SEO Topics","feature-manager":"Feature Manager","installation":"Installation"},"docs":{"200603":{"title":"Viewing Detailed Search Statistics For Your Content","url":"https:\\/\\/aioseo.com\\/docs\\/viewing-detailed-search-statistics-for-your-content\\/","categories":["search-statistics"]},"200304":{"title":"Tracking Changes to Your SEO Using SEO Revisions","url":"https:\\/\\/aioseo.com\\/docs\\/tracking-changes-to-your-seo-using-seo-revisions\\/","categories":["seo-revisions"]},"188167":{"title":"WPCode Snippet Library","url":"https:\\/\\/aioseo.com\\/docs\\/wpcode-snippet-library\\/","categories":["tools"]},"186946":{"title":"aioseo_hide_version_number","url":"https:\\/\\/aioseo.com\\/docs\\/aioseo_hide_version_number\\/","categories":["filter-hooks"]},"178887":{"title":"Setting the Primary Term for Breadcrumbs","url":"https:\\/\\/aioseo.com\\/docs\\/setting-the-primary-term-for-breadcrumbs\\/","categories":["breadcrumbs"]},"178727":{"title":"Using Broken Link Checker to Find and Fix Broken Links and Images","url":"https:\\/\\/aioseo.com\\/docs\\/using-broken-link-checker-to-find-and-fix-broken-links-and-images\\/","categories":["broken-link-checker"]},"163922":{"title":"aioseo_schema_json_flags","url":"https:\\/\\/aioseo.com\\/docs\\/aioseo_schema_json_flags\\/","categories":["developer-documentation"]},"163519":{"title":"Using OpenAI to Generate SEO Titles and Meta Descriptions","url":"https:\\/\\/aioseo.com\\/docs\\/using-openai-to-generate-seo-titles-and-meta-descriptions\\/","categories":[]},"145363":{"title":"Using the Search Statistics in All in One SEO","url":"https:\\/\\/aioseo.com\\/docs\\/using-the-search-statistics-in-all-in-one-seo\\/","categories":["google-search-console","search-statistics"]},"145281":{"title":"Connecting Search Statistics to Google Search Console","url":"https:\\/\\/aioseo.com\\/docs\\/connecting-search-statistics-to-google-search-console\\/","categories":["google-search-console","search-statistics"]},"139798":{"title":"Checking Your SEO Using the SEO Preview","url":"https:\\/\\/aioseo.com\\/docs\\/checking-your-seo-using-the-seo-preview\\/","categories":["facebook-settings","post-page-settings","seo-preview","truseo","twitter-settings"]},"136509":{"title":"aioseo_sitemap_lastmod_disable","url":"https:\\/\\/aioseo.com\\/docs\\/aioseo_sitemap_lastmod_disable\\/","categories":["filter-hooks"]},"135249":{"title":"aioseo_sitemap_rss","url":"https:\\/\\/aioseo.com\\/docs\\/aioseo_sitemap_rss\\/","categories":["developer-documentation"]},"133251":{"title":"aioseo_user_profile_tab_disable","url":"https:\\/\\/aioseo.com\\/docs\\/aioseo_user_profile_tab_disable\\/","categories":["filter-hooks"]},"131885":{"title":"Setting Web Page Schema Markup in Your Content","url":"https:\\/\\/aioseo.com\\/docs\\/setting-web-page-schema-markup-in-your-content\\/","categories":["schema-settings"]},"129515":{"title":"Editing the .htaccess file Using All in One SEO","url":"https:\\/\\/aioseo.com\\/docs\\/editing-the-htaccess-file-using-all-in-one-seo\\/","categories":["file-editor","tools"]},"124292":{"title":"Using the Emojis in Titles and Descriptions","url":"https:\\/\\/aioseo.com\\/docs\\/using-the-emojis-in-titles-and-descriptions\\/","categories":["facebook-settings","post-page-settings","search-appearance","social-networks","twitter-settings"]},"123164":{"title":"Google Permissions for the AIOSEO Google Search Console Integration","url":"https:\\/\\/aioseo.com\\/docs\\/google-permissions-for-oauth\\/","categories":["google-search-console","search-statistics"]},"112137":{"title":"Setting the Schema Type for Individual Content","url":"https:\\/\\/aioseo.com\\/docs\\/setting-the-schema-type-for-individual-content\\/","categories":["schema-settings"]},"112145":{"title":"Configuring the Schema Settings in All in One SEO","url":"https:\\/\\/aioseo.com\\/docs\\/configuring-the-schema-settings-in-all-in-one-seo\\/","categories":["schema-settings"]},"112153":{"title":"A Guide to Schema.org Markup for Rich Snippets","url":"https:\\/\\/aioseo.com\\/docs\\/a-guide-to-schema-org-markup-for-rich-snippets\\/","categories":["schema-settings"]},"112438":{"title":"Creating Reusable Schema Templates in All in One SEO","url":"https:\\/\\/aioseo.com\\/docs\\/creating-reusable-schema-templates-in-all-in-one-seo\\/","categories":["schema-settings"]},"112428":{"title":"Creating Custom Schema Markup with All in One SEO","url":"https:\\/\\/aioseo.com\\/docs\\/creating-custom-schema-markup-with-all-in-one-seo\\/","categories":["schema-settings"]},"112889":{"title":"Setting Event Schema Markup in Your Content","url":"https:\\/\\/aioseo.com\\/docs\\/setting-event-schema-markup-in-your-content\\/","categories":["schema-settings"]},"112735":{"title":"Setting Dataset Schema Markup in Your Content","url":"https:\\/\\/aioseo.com\\/docs\\/setting-dataset-schema-markup-in-your-content\\/","categories":["schema-settings"]},"112711":{"title":"Setting Article Schema Markup in Your Content","url":"https:\\/\\/aioseo.com\\/docs\\/setting-article-schema-markup-in-your-content\\/","categories":["schema-settings"]},"112164":{"title":"Setting Course Schema Markup in Your Content","url":"https:\\/\\/aioseo.com\\/docs\\/setting-course-schema-markup-in-your-content\\/","categories":["schema-settings"]},"112933":{"title":"Setting Job Posting Schema Markup in Your Content","url":"https:\\/\\/aioseo.com\\/docs\\/setting-job-posting-schema-markup-in-your-content\\/","categories":["schema-settings"]},"112926":{"title":"Setting How-To Schema Markup in Your Content","url":"https:\\/\\/aioseo.com\\/docs\\/setting-how-to-schema-markup-in-your-content\\/","categories":["schema-settings"]},"112916":{"title":"Setting Fact Check Schema Markup in Your Content","url":"https:\\/\\/aioseo.com\\/docs\\/setting-fact-check-schema-markup-in-your-content\\/","categories":["schema-settings"]},"112727":{"title":"Setting Book Schema Markup in Your Content","url":"https:\\/\\/aioseo.com\\/docs\\/setting-book-schema-markup-in-your-content\\/","categories":["schema-settings"]},"112243":{"title":"Setting FAQ Schema Markup in Your Content","url":"https:\\/\\/aioseo.com\\/docs\\/setting-faq-page-schema-markup-in-your-content\\/","categories":["schema-settings"]},"112958":{"title":"Setting Service Schema Markup in Your Content","url":"https:\\/\\/aioseo.com\\/docs\\/setting-service-schema-markup-in-your-content\\/","categories":["schema-settings"]},"112949":{"title":"Setting Person Schema Markup in Your Content","url":"https:\\/\\/aioseo.com\\/docs\\/setting-person-schema-markup-in-your-content\\/","categories":["schema-settings"]},"112944":{"title":"Setting Music Schema Markup in Your Content","url":"https:\\/\\/aioseo.com\\/docs\\/setting-music-schema-markup-in-your-content\\/","categories":["schema-settings"]},"112941":{"title":"Setting Movie Schema Markup in Your Content","url":"https:\\/\\/aioseo.com\\/docs\\/setting-movie-schema-markup-in-your-content\\/","categories":["schema-settings"]},"112212":{"title":"Setting Recipe Schema Markup in Your Content","url":"https:\\/\\/aioseo.com\\/docs\\/setting-recipe-schema-markup-in-your-content\\/","categories":["schema-settings"]},"112962":{"title":"Setting Video Schema Markup in Your Content","url":"https:\\/\\/aioseo.com\\/docs\\/setting-video-schema-markup-in-your-content\\/","categories":["schema-settings"]},"112403":{"title":"Testing Your Schema in All in One SEO","url":"https:\\/\\/aioseo.com\\/docs\\/testing-your-schema-in-all-in-one-seo\\/","categories":["schema-settings"]},"112226":{"title":"Setting Software Application Schema Markup in Your Content","url":"https:\\/\\/aioseo.com\\/docs\\/setting-software-application-schema-markup-in-your-content\\/","categories":["schema-settings"]},"112197":{"title":"Setting Product Schema Markup in Your Content","url":"https:\\/\\/aioseo.com\\/docs\\/setting-product-schema-markup-in-your-content\\/","categories":["schema-settings"]},"119555":{"title":"How to Use the AIOSEO Feature Manager on a Multisite Network","url":"https:\\/\\/aioseo.com\\/docs\\/how-to-use-the-aioseo-feature-manager-on-a-multisite-network\\/","categories":["feature-manager","multisite-networks"]},"119550":{"title":"How to Reset the AIOSEO Site Settings on a Multisite Network","url":"https:\\/\\/aioseo.com\\/docs\\/how-to-reset-the-aioseo-site-settings-on-a-multisite-network\\/","categories":["multisite-networks","network-tools"]},"119543":{"title":"How to Backup and Restore AIOSEO Site Settings on a Multisite Network","url":"https:\\/\\/aioseo.com\\/docs\\/how-to-backup-and-restore-aioseo-site-settings-on-a-multisite-network\\/","categories":["multisite-networks","network-tools"]},"119531":{"title":"How to Import Settings from Other Plugins on a Multisite Network","url":"https:\\/\\/aioseo.com\\/docs\\/how-to-import-settings-from-other-plugins-on-a-multisite-network\\/","categories":["multisite-networks","network-tools"]},"119519":{"title":"How to Import and Export AIOSEO Settings and Meta Data on a Multisite Network","url":"https:\\/\\/aioseo.com\\/docs\\/how-to-import-and-export-aioseo-settings-and-meta-data-on-a-multisite-network\\/","categories":["multisite-networks","network-tools"]},"119497":{"title":"How to Add Your AIOSEO License Key on a WordPress Multisite Network","url":"https:\\/\\/aioseo.com\\/docs\\/how-to-add-your-aioseo-license-key-on-a-wordpress-multisite-network\\/","categories":["multisite-networks","network-settings"]},"111476":{"title":"Displaying a List of Locations on Your Site","url":"https:\\/\\/aioseo.com\\/docs\\/displaying-a-list-of-locations-on-your-site\\/","categories":["content-blocks","local-business-seo"]},"111473":{"title":"Displaying Your Business Location Information on Your Site","url":"https:\\/\\/aioseo.com\\/docs\\/displaying-your-business-location-information-on-your-site\\/","categories":["content-blocks","local-business-seo"]},"111459":{"title":"Displaying Opening Hours on Your Site","url":"https:\\/\\/aioseo.com\\/docs\\/displaying-opening-hours-on-your-site\\/","categories":["content-blocks","local-business-seo"]},"111455":{"title":"Adding a Map of Your Location to Your Site","url":"https:\\/\\/aioseo.com\\/docs\\/adding-a-map-of-your-location-to-your-site\\/","categories":["content-blocks","local-business-seo"]},"111450":{"title":"Adding Breadcrumbs to Your Site Using the AIOSEO Breadcrumbs Block","url":"https:\\/\\/aioseo.com\\/docs\\/adding-breadcrumbs-to-your-site-using-the-aioseo-breadcrumbs-block\\/","categories":["breadcrumbs","content-blocks"]},"109878":{"title":"Adding a Redirect When You Delete Content","url":"https:\\/\\/aioseo.com\\/docs\\/adding-a-redirect-when-you-delete-content\\/","categories":["redirection-manager"]},"109829":{"title":"Redirecting 404 Content Not Found Using All in One SEO","url":"https:\\/\\/aioseo.com\\/docs\\/redirecting-404-content-not-found-using-all-in-one-seo\\/","categories":["redirection-manager"]},"109916":{"title":"Using the Image SEO Features in All in One SEO","url":"https:\\/\\/aioseo.com\\/docs\\/using-the-image-seo-features-in-all-in-one-seo\\/","categories":["image-seo"]},"104857":{"title":"Adding a Table of Contents to Your Site Using All in One SEO","url":"https:\\/\\/aioseo.com\\/docs\\/adding-a-table-of-contents-to-your-site-using-all-in-one-seo\\/","categories":["content-blocks"]},"104616":{"title":"Adding FAQs to Your Site Using All in One SEO","url":"https:\\/\\/aioseo.com\\/docs\\/adding-faqs-to-your-site-using-all-in-one-seo\\/","categories":["content-blocks"]},"104595":{"title":"Automatic Redirects When Changing the Post Slug","url":"https:\\/\\/aioseo.com\\/docs\\/automatic-redirects-when-changing-the-post-slug\\/","categories":["redirection-manager"]},"103415":{"title":"Removing Published Date from Article Schema","url":"https:\\/\\/aioseo.com\\/docs\\/removing-published-date-from-article-schema\\/","categories":["developer-documentation"]},"101250":{"title":"Outputting AIOSEO''s data in the HEAD without using wp_head()","url":"https:\\/\\/aioseo.com\\/docs\\/outputting-aioseos-data-in-the-head-without-using-wp_head\\/","categories":["developer-documentation"]},"100154":{"title":"Automatic Redirects When You Delete Content","url":"https:\\/\\/aioseo.com\\/docs\\/automatic-redirects-when-you-delete-content\\/","categories":["redirection-manager"]},"98532":{"title":"Localizing AIOSEO Data via the Translations API","url":"https:\\/\\/aioseo.com\\/docs\\/localizing-aioseo-data-via-the-translations-api\\/","categories":["developer-documentation"]},"98576":{"title":"aioseo_sitemap_term","url":"https:\\/\\/aioseo.com\\/docs\\/aioseo_sitemap_term\\/","categories":["developer-documentation"]},"98575":{"title":"aioseo_sitemap_post","url":"https:\\/\\/aioseo.com\\/docs\\/aioseo_sitemap_post\\/","categories":["developer-documentation"]},"98566":{"title":"aioseo_save_term","url":"https:\\/\\/aioseo.com\\/docs\\/aioseo_save_term\\/","categories":["developer-documentation"]},"98565":{"title":"aioseo_save_post","url":"https:\\/\\/aioseo.com\\/docs\\/aioseo_save_post\\/","categories":["developer-documentation"]},"98557":{"title":"aioseo_get_term","url":"https:\\/\\/aioseo.com\\/docs\\/aioseo_get_term\\/","categories":["developer-documentation"]},"98554":{"title":"aioseo_get_post","url":"https:\\/\\/aioseo.com\\/docs\\/aioseo_get_post\\/","categories":["developer-documentation"]},"93967":{"title":"Importing URLs into the XML Sitemap","url":"https:\\/\\/aioseo.com\\/docs\\/importing-urls-into-the-xml-sitemap\\/","categories":["xml-sitemap"]},"93822":{"title":"How to Use Crawl Cleanup to Increase Search Engine Crawl Quota","url":"https:\\/\\/aioseo.com\\/docs\\/crawl-cleanup-best-practices\\/","categories":["advanced-settings"]},"90584":{"title":"How to Add a Temporary Administrator Login to Your Site","url":"https:\\/\\/aioseo.com\\/docs\\/how-to-add-a-temporary-administrator-login-to-your-site\\/","categories":["frequently-asked-questions","troubleshooting"]},"88927":{"title":"Dashboard Widgets in All in One SEO","url":"https:\\/\\/aioseo.com\\/docs\\/dashboard-widgets-in-all-in-one-seo\\/","categories":["dashboard"]},"86198":{"title":"How to Strip the Category Base in WordPress","url":"https:\\/\\/aioseo.com\\/docs\\/how-to-strip-the-category-base-in-wordpress\\/","categories":["category-tag-settings"]},"84322":{"title":"Running shortcodes in All in One SEO","url":"https:\\/\\/aioseo.com\\/docs\\/running-shortcodes\\/","categories":["advanced-settings"]},"84156":{"title":"Translating Your SEO with WPML","url":"https:\\/\\/aioseo.com\\/docs\\/translating-your-seo-with-wpml\\/","categories":["post-page-settings"]},"80219":{"title":"How to Verify Your Site with Microsoft Clarity","url":"https:\\/\\/aioseo.com\\/docs\\/how-to-verify-your-site-with-microsoft-clarity\\/","categories":["webmaster-tools"]},"79928":{"title":"How to Handle Issues With Installing All in One SEO Pro","url":"https:\\/\\/aioseo.com\\/docs\\/how-to-handle-issues-with-installing-all-in-one-seo-pro\\/","categories":["installation"]},"79149":{"title":"Fetching &amp; Updating AIOSEO Data via the WordPress REST API","url":"https:\\/\\/aioseo.com\\/docs\\/fetching-updating-aioseo-data-via-the-wordpress-rest-api\\/","categories":["developer-documentation","rest-api"]},"77593":{"title":"How To Fix JavaScript Errors","url":"https:\\/\\/aioseo.com\\/docs\\/how-to-fix-javascript-errors\\/","categories":["troubleshooting"]},"77589":{"title":"Browser Support Policy","url":"https:\\/\\/aioseo.com\\/docs\\/browser-support-policy\\/","categories":["frequently-asked-questions"]},"75143":{"title":"How to Redirect a Post from the Edit Post Screen","url":"https:\\/\\/aioseo.com\\/docs\\/how-to-redirect-a-post-from-the-edit-post-screen\\/","categories":["post-page-settings","redirection-manager"]},"75686":{"title":"Preventing the Modified Date for Content from Changing","url":"https:\\/\\/aioseo.com\\/docs\\/preventing-the-modified-date-for-content-from-changing\\/","categories":["post-page-settings"]},"73002":{"title":"Page Builder Integrations","url":"https:\\/\\/aioseo.com\\/docs\\/page-builder-integrations\\/","categories":["home-page-settings","post-page-settings","third-party-integrations","truseo"]},"73003":{"title":"Integrating with IndexNow to Instantly Re-index Your Content","url":"https:\\/\\/aioseo.com\\/docs\\/integrating-with-indexnow-to-instantly-re-index-your-content\\/","categories":["indexnow","webmaster-tools"]},"72711":{"title":"aioseo_page_builder_integration_disable","url":"https:\\/\\/aioseo.com\\/docs\\/aioseo_page_builder_integration_disable\\/","categories":["filter-hooks"]},"68444":{"title":"An Introduction to Link Assistant \\u2014 The Easy Way to Manage Onsite Links","url":"https:\\/\\/aioseo.com\\/docs\\/introduction-to-link-assistant\\/","categories":["link-assistant"]},"69559":{"title":"Using the Link Assistant in All in One SEO Pro","url":"https:\\/\\/aioseo.com\\/docs\\/link-assistant\\/","categories":["link-assistant"]},"69594":{"title":"Internal Links in the Links Report in Link Assistant","url":"https:\\/\\/aioseo.com\\/docs\\/internal-links-in-the-links-report-in-link-assistant\\/","categories":["link-assistant"]},"69596":{"title":"External Links in the Links Report in Link Assistant","url":"https:\\/\\/aioseo.com\\/docs\\/external-links-in-the-links-report-in-link-assistant\\/","categories":["link-assistant"]},"69921":{"title":"Link Suggestions in the Links Report in Link Assistant","url":"https:\\/\\/aioseo.com\\/docs\\/link-suggestions-in-the-links-report-in-link-assistant\\/","categories":["link-assistant"]},"69602":{"title":"Affiliate Links in the Links Report in Link Assistant","url":"https:\\/\\/aioseo.com\\/docs\\/affiliate-links-in-the-links-report-in-link-assistant\\/","categories":["link-assistant"]},"69761":{"title":"Using the Domains Report in Link Assistant","url":"https:\\/\\/aioseo.com\\/docs\\/using-the-domains-report-in-link-assistant\\/","categories":["link-assistant"]},"69770":{"title":"Link Assistant Settings","url":"https:\\/\\/aioseo.com\\/docs\\/link-assistant-settings\\/","categories":["link-assistant"]},"68431":{"title":"aioseo_sitemap_images","url":"https:\\/\\/aioseo.com\\/docs\\/aioseo_sitemap_images\\/","categories":["filter-hooks"]},"66833":{"title":"Why Is N\\/A Displayed Instead of a Score For My Content?","url":"https:\\/\\/aioseo.com\\/docs\\/why-is-na-displayed-instead-of-a-score-for-my-content\\/","categories":["frequently-asked-questions","truseo"]},"18824":{"title":"Local Business SEO for a Single Location","url":"https:\\/\\/aioseo.com\\/docs\\/local-business-seo-for-a-single-location\\/","categories":["local-business-seo","schema-settings"]},"35828":{"title":"Local Business SEO for Multiple Locations","url":"https:\\/\\/aioseo.com\\/docs\\/local-business-seo-for-multiple-locations\\/","categories":["local-business-seo"]},"58476":{"title":"aioseo_public_taxonomies","url":"https:\\/\\/aioseo.com\\/docs\\/aioseo_public_taxonomies\\/","categories":["filter-hooks"]},"58475":{"title":"aioseo_public_post_types","url":"https:\\/\\/aioseo.com\\/docs\\/aioseo_public_post_types\\/","categories":["filter-hooks"]},"64776":{"title":"How Long Does it Take For My Content to Appear on Google?","url":"https:\\/\\/aioseo.com\\/docs\\/how-long-does-it-take-for-my-content-to-appear-on-google\\/","categories":["frequently-asked-questions"]},"35926":{"title":"Adding a Location in Local SEO Addon","url":"https:\\/\\/aioseo.com\\/docs\\/adding-a-location-in-local-seo-addon\\/","categories":["local-business-seo"]},"61020":{"title":"How to Display a Favicon in Search Results","url":"https:\\/\\/aioseo.com\\/docs\\/how-to-display-a-favicon-in-search-results\\/","categories":["frequently-asked-questions","general-seo-topics"]},"35956":{"title":"Displaying Locations on Your Site","url":"https:\\/\\/aioseo.com\\/docs\\/displaying-locations-on-your-site\\/","categories":["local-business-seo"]},"56330":{"title":"aioseo_sitemap_indexes","url":"https:\\/\\/aioseo.com\\/docs\\/aioseo_sitemap_indexes\\/","categories":["filter-hooks"]},"56011":{"title":"Redirect Manager - Configuration Reload","url":"https:\\/\\/aioseo.com\\/docs\\/redirect-manager-configuration-reload\\/","categories":["redirection-manager"]},"52689":{"title":"aioseo_flyout_menu_enable","url":"https:\\/\\/aioseo.com\\/docs\\/aioseo_flyout_menu_disable\\/","categories":["filter-hooks"]},"45698":{"title":"Displaying your Business Information and Star Ratings on a Map","url":"https:\\/\\/aioseo.com\\/docs\\/using-places-on-your-maps\\/","categories":["local-business-seo"]},"49268":{"title":"aioseo_access_control_excluded_roles","url":"https:\\/\\/aioseo.com\\/docs\\/aioseo_access_control_excluded_roles\\/","categories":["filter-hooks"]},"44555":{"title":"Setting up Google Maps for Local SEO","url":"https:\\/\\/aioseo.com\\/docs\\/setting-up-google-maps\\/","categories":["local-business-seo"]},"48189":{"title":"How to Create an HTML Sitemap","url":"https:\\/\\/aioseo.com\\/docs\\/html-sitemap\\/","categories":["html-sitemap"]},"48365":{"title":"Using a Widget to Display Your HTML Sitemap","url":"https:\\/\\/aioseo.com\\/docs\\/using-a-widget-to-display-your-html-sitemap\\/","categories":["html-sitemap"]},"48361":{"title":"Using PHP Code to Display Your HTML Sitemap","url":"https:\\/\\/aioseo.com\\/docs\\/function-html-sitemap\\/","categories":["html-sitemap"]},"48260":{"title":"Using a Block to Display Your HTML Sitemap","url":"https:\\/\\/aioseo.com\\/docs\\/using-a-block-to-display-your-html-sitemap\\/","categories":["content-blocks","html-sitemap"]},"48222":{"title":"aioseo_breadcrumbs_separator_symbol","url":"https:\\/\\/aioseo.com\\/docs\\/aioseo_breadcrumbs_separator_symbol\\/","categories":["filter-hooks"]},"48227":{"title":"aioseo_breadcrumbs_template","url":"https:\\/\\/aioseo.com\\/docs\\/aioseo_breadcrumbs_template\\/","categories":["filter-hooks"]},"48231":{"title":"aioseo_breadcrumbs_trail","url":"https:\\/\\/aioseo.com\\/docs\\/aioseo_breadcrumbs_trail\\/","categories":["filter-hooks"]},"48232":{"title":"aioseo_breadcrumbs_link_current_item","url":"https:\\/\\/aioseo.com\\/docs\\/aioseo_breadcrumbs_link_current_item\\/","categories":["filter-hooks"]},"48233":{"title":"aioseo_breadcrumbs_show_current_item","url":"https:\\/\\/aioseo.com\\/docs\\/aioseo_breadcrumbs_show_current_item\\/","categories":["filter-hooks"]},"48219":{"title":"aioseo_breadcrumbs_output","url":"https:\\/\\/aioseo.com\\/docs\\/aioseo_breadcrumbs_output\\/","categories":["filter-hooks"]},"48223":{"title":"aioseo_breadcrumbs_separator","url":"https:\\/\\/aioseo.com\\/docs\\/aioseo_breadcrumbs_separator\\/","categories":["filter-hooks"]},"48238":{"title":"Using a Shortcode to Display Your HTML Sitemap","url":"https:\\/\\/aioseo.com\\/docs\\/shortcode-html-sitemap\\/","categories":["html-sitemap"]},"45805":{"title":"aioseo_sitemap_exclude_terms","url":"https:\\/\\/aioseo.com\\/docs\\/aioseo_sitemap_exclude_terms\\/","categories":["filter-hooks"]},"45804":{"title":"aioseo_sitemap_exclude_posts","url":"https:\\/\\/aioseo.com\\/docs\\/aioseo_sitemap_exclude_posts\\/","categories":["filter-hooks"]},"61002":{"title":"How to Create a Google Maps API Key","url":"https:\\/\\/aioseo.com\\/docs\\/how-to-create-a-google-maps-api-key\\/","categories":["local-business-seo"]},"45528":{"title":"aioseo_schema_output","url":"https:\\/\\/aioseo.com\\/docs\\/aioseo_schema_output\\/","categories":["filter-hooks"]},"42995":{"title":"Using the Headline Analyzer in All in One SEO","url":"https:\\/\\/aioseo.com\\/docs\\/using-the-headline-analyzer-in-all-in-one-seo\\/","categories":["headline-analyzer"]},"42683":{"title":"How to Perform a Full Site Redirect","url":"https:\\/\\/aioseo.com\\/docs\\/full-site-redirects\\/","categories":["redirection-manager"]},"50988":{"title":"Displaying Maps on Your Site","url":"https:\\/\\/aioseo.com\\/docs\\/displaying-maps-on-your-site\\/","categories":["local-business-seo"]},"42999":{"title":"How to Disable the Headline Analyzer","url":"https:\\/\\/aioseo.com\\/docs\\/how-to-disable-the-headline-analyzer\\/","categories":["advanced-settings","headline-analyzer"]},"42975":{"title":"Installing Addons for All in One SEO Pro","url":"https:\\/\\/aioseo.com\\/docs\\/installing-addons-for-all-in-one-seo-pro\\/","categories":["installation"]},"42854":{"title":"Creating a Pass Through Redirect","url":"https:\\/\\/aioseo.com\\/docs\\/creating-a-pass-through-redirect\\/","categories":["redirection-manager"]},"41800":{"title":"Using Custom Rules in the Redirection Manager","url":"https:\\/\\/aioseo.com\\/docs\\/redirection-manager-custom-rules\\/","categories":["redirection-manager"]},"42224":{"title":"Resetting the Settings in All in One SEO","url":"https:\\/\\/aioseo.com\\/docs\\/resetting-the-settings-in-all-in-one-seo\\/","categories":["database-tools","tools"]},"41884":{"title":"Setting the Site Name for Facebook","url":"https:\\/\\/aioseo.com\\/docs\\/setting-the-site-name-for-facebook\\/","categories":["facebook-settings","social-networks"]},"41862":{"title":"How to Get Google to Display the Sitelinks Search Box","url":"https:\\/\\/aioseo.com\\/docs\\/how-to-get-google-to-display-the-sitelinks-search-box\\/","categories":["schema-settings"]},"41851":{"title":"Setting the SEO Title and Description Format for the Search Results Page","url":"https:\\/\\/aioseo.com\\/docs\\/setting-the-seo-title-and-description-format-for-the-search-results-page\\/","categories":["content-type-settings","search-appearance"]},"41811":{"title":"SEO Analysis Unable to Connect to Your Site","url":"https:\\/\\/aioseo.com\\/docs\\/seo-analysis-unable-to-connect-to-your-site\\/","categories":["seo-analysis","troubleshooting"]},"41280":{"title":"How to Renew Your AIOSEO License","url":"https:\\/\\/aioseo.com\\/docs\\/how-to-renew-your-aioseo-license\\/","categories":["frequently-asked-questions","getting-started"]},"41077":{"title":"Update WordPress: WordPress Versions Supported by AIOSEO","url":"https:\\/\\/aioseo.com\\/docs\\/update-wordpress\\/","categories":["troubleshooting"]},"40587":{"title":"How to Open the Browser Error Console","url":"https:\\/\\/aioseo.com\\/docs\\/how-to-open-the-browser-error-console\\/","categories":["troubleshooting"]},"40582":{"title":"How to Enable Debugging in WordPress","url":"https:\\/\\/aioseo.com\\/docs\\/how-to-enable-debugging-in-wordpress\\/","categories":["troubleshooting"]},"40148":{"title":"What is TruSEO?","url":"https:\\/\\/aioseo.com\\/docs\\/what-is-truseo\\/","categories":["frequently-asked-questions","truseo"]},"39494":{"title":"Redirecting Attachment Pages","url":"https:\\/\\/aioseo.com\\/docs\\/redirecting-attachment-pages\\/","categories":["media-settings","search-appearance"]},"66310":{"title":"Selecting the Google Maps APIs to use with All in One SEO","url":"https:\\/\\/aioseo.com\\/docs\\/selecting-the-google-maps-apis-to-use-with-all-in-one-seo\\/","categories":["local-business-seo"]},"38915":{"title":"Setting Up and Using Breadcrumbs Templates","url":"https:\\/\\/aioseo.com\\/docs\\/setting-up-and-using-breadcrumbs-templates\\/","categories":["breadcrumbs"]},"38610":{"title":"Displaying Breadcrumbs On Your Site","url":"https:\\/\\/aioseo.com\\/docs\\/displaying-breadcrumbs-on-your-site\\/","categories":["breadcrumbs"]},"36048":{"title":"Function: aioseo_breadcrumbs()","url":"https:\\/\\/aioseo.com\\/docs\\/function-aioseo_breadcrumbs\\/","categories":["breadcrumbs"]},"36047":{"title":"Shortcode: [aioseo_breadcrumbs]","url":"https:\\/\\/aioseo.com\\/docs\\/shortcode-aioseo_breadcrumbs\\/","categories":["breadcrumbs"]},"38240":{"title":"aioseo_social_image_ignore_cover_block","url":"https:\\/\\/aioseo.com\\/docs\\/aioseo_social_image_ignore_cover_block\\/","categories":["filter-hooks"]},"37961":{"title":"aioseo_classic_editor_disable_emoji_script","url":"https:\\/\\/aioseo.com\\/docs\\/aioseo_classic_editor_disable_emoji_script\\/","categories":["filter-hooks"]},"34923":{"title":"How to Redirect a Post or Page in All in One SEO","url":"https:\\/\\/aioseo.com\\/docs\\/how-to-redirect-a-post-or-page-in-all-in-one-seo\\/","categories":["redirection-manager"]},"34977":{"title":"How to Redirect Multiple URLs to the Same Destination","url":"https:\\/\\/aioseo.com\\/docs\\/how-to-redirect-multiple-urls-to-the-same-destination\\/","categories":["redirection-manager"]},"35604":{"title":"Automatic Redirects When URLs Change in Content","url":"https:\\/\\/aioseo.com\\/docs\\/automatic-redirects-when-urls-change-in-content\\/","categories":["redirection-manager"]},"31460":{"title":"Enhanced Search Query Conflict","url":"https:\\/\\/aioseo.com\\/docs\\/enhanced-search-query-conflict\\/","categories":["local-business-seo"]},"30850":{"title":"aioseo_local_business_info_email_icon","url":"https:\\/\\/aioseo.com\\/docs\\/aioseo_local_business_info_email_icon\\/","categories":["filter-hooks"]},"30839":{"title":"aioseo_local_business_info_location_icon","url":"https:\\/\\/aioseo.com\\/docs\\/aioseo_local_business_info_location_icon\\/","categories":["filter-hooks"]},"30756":{"title":"aioseo_local_business_get_locations_by_category_posts","url":"https:\\/\\/aioseo.com\\/docs\\/aioseo_local_business_get_locations_by_category_posts\\/","categories":["filter-hooks"]},"30755":{"title":"aioseo_local_business_get_locations_by_category_args","url":"https:\\/\\/aioseo.com\\/docs\\/aioseo_local_business_get_locations_by_category_args\\/","categories":["filter-hooks"]},"30754":{"title":"aioseo_local_business_get_location_categories","url":"https:\\/\\/aioseo.com\\/docs\\/aioseo_local_business_get_location_categories\\/","categories":["filter-hooks"]},"30751":{"title":"aioseo_local_business_get_locations_posts","url":"https:\\/\\/aioseo.com\\/docs\\/aioseo_local_business_get_locations_posts\\/","categories":["filter-hooks"]},"30753":{"title":"aioseo_local_business_get_location_category_args","url":"https:\\/\\/aioseo.com\\/docs\\/aioseo_local_business_get_location_category_args\\/","categories":["filter-hooks"]},"30759":{"title":"aioseo_local_business_output_business_info_instance","url":"https:\\/\\/aioseo.com\\/docs\\/aioseo_local_business_output_business_info_instance\\/","categories":["filter-hooks"]},"30760":{"title":"aioseo_local_business_output_business_info_location_data","url":"https:\\/\\/aioseo.com\\/docs\\/aioseo_local_business_output_business_info_location_data\\/","categories":["filter-hooks"]},"30761":{"title":"aioseo_local_business_output_location_category_instance","url":"https:\\/\\/aioseo.com\\/docs\\/aioseo_local_business_output_location_category_instance\\/","categories":["filter-hooks"]},"30764":{"title":"aioseo_local_business_output_location_category_location_data","url":"https:\\/\\/aioseo.com\\/docs\\/aioseo_local_business_output_location_category_location_data\\/","categories":["filter-hooks"]},"30765":{"title":"aioseo_local_business_output_opening_hours_instance","url":"https:\\/\\/aioseo.com\\/docs\\/aioseo_local_business_output_opening_hours_instance\\/","categories":["filter-hooks"]},"30766":{"title":"aioseo_local_business_output_opening_hours_data","url":"https:\\/\\/aioseo.com\\/docs\\/aioseo_local_business_output_opening_hours_data\\/","categories":["filter-hooks"]},"30849":{"title":"aioseo_local_business_info_phone_icon","url":"https:\\/\\/aioseo.com\\/docs\\/aioseo_local_business_info_phone_icon\\/","categories":["filter-hooks"]},"30851":{"title":"aioseo_local_business_opening_hours_icon","url":"https:\\/\\/aioseo.com\\/docs\\/aioseo_local_business_opening_hours_icon\\/","categories":["filter-hooks"]},"30398":{"title":"aioseo_local_business_post_type_name","url":"https:\\/\\/aioseo.com\\/docs\\/aioseo_local_business_post_type_name\\/","categories":["filter-hooks"]},"30551":{"title":"aioseo_local_business_post_type_slug","url":"https:\\/\\/aioseo.com\\/docs\\/aioseo_local_business_post_type_slug\\/","categories":["filter-hooks"]},"30556":{"title":"aioseo_local_business_post_type_single_label","url":"https:\\/\\/aioseo.com\\/docs\\/aioseo_local_business_post_type_single_label\\/","categories":["filter-hooks"]},"30559":{"title":"aioseo_local_business_post_type_plural_label","url":"https:\\/\\/aioseo.com\\/docs\\/aioseo_local_business_post_type_plural_label\\/","categories":["filter-hooks"]},"30560":{"title":"aioseo_local_business_post_type","url":"https:\\/\\/aioseo.com\\/docs\\/aioseo_local_business_post_type\\/","categories":["filter-hooks"]},"30563":{"title":"aioseo_local_business_taxonomy_name","url":"https:\\/\\/aioseo.com\\/docs\\/aioseo_local_business_taxonomy_name\\/","categories":["filter-hooks"]},"30564":{"title":"aioseo_local_business_taxonomy_slug","url":"https:\\/\\/aioseo.com\\/docs\\/aioseo_local_business_taxonomy_slug\\/","categories":["filter-hooks"]},"35609":{"title":"Choosing Which Redirect Type to Use","url":"https:\\/\\/aioseo.com\\/docs\\/choosing-which-redirect-type-to-use\\/","categories":["redirection-manager"]},"35599":{"title":"Importing Redirects From Other Plugins","url":"https:\\/\\/aioseo.com\\/docs\\/importing-redirects-from-other-plugins\\/","categories":["redirection-manager"]},"35588":{"title":"Exporting and Importing Redirects","url":"https:\\/\\/aioseo.com\\/docs\\/exporting-and-importing-redirects\\/","categories":["redirection-manager"]},"35579":{"title":"Logging 404 Errors in All in One SEO","url":"https:\\/\\/aioseo.com\\/docs\\/logging-404-errors-in-all-in-one-seo\\/","categories":["redirection-manager"]},"35552":{"title":"Logging Redirects in All in One SEO","url":"https:\\/\\/aioseo.com\\/docs\\/logging-redirects-in-all-in-one-seo\\/","categories":["redirection-manager"]},"35570":{"title":"Redirect GDPR Privacy Information","url":"https:\\/\\/aioseo.com\\/docs\\/redirect-gdpr-privacy-information\\/","categories":["redirection-manager"]},"30863":{"title":"Local Business SEO - Template overrides","url":"https:\\/\\/aioseo.com\\/docs\\/local-business-seo-template-overrides\\/","categories":["local-business-seo"]},"35133":{"title":"aioseo_twitter_tags","url":"https:\\/\\/aioseo.com\\/docs\\/aioseo_twitter_tags\\/","categories":["filter-hooks"]},"35132":{"title":"aioseo_facebook_tags","url":"https:\\/\\/aioseo.com\\/docs\\/aioseo_facebook_tags\\/","categories":["filter-hooks"]},"34993":{"title":"Ignoring Case Sensitivity in Redirects","url":"https:\\/\\/aioseo.com\\/docs\\/ignoring-case-sensitivity-in-redirects\\/","categories":["redirection-manager"]},"34983":{"title":"Ignoring the Trailing Slash in Redirects","url":"https:\\/\\/aioseo.com\\/docs\\/ignoring-the-trailing-slash-in-redirects\\/","categories":["redirection-manager"]},"36104":{"title":"Using Query Parameters With Redirects","url":"https:\\/\\/aioseo.com\\/docs\\/using-query-parameters-with-redirects\\/","categories":["redirection-manager"]},"30565":{"title":"aioseo_local_business_taxonomy","url":"https:\\/\\/aioseo.com\\/docs\\/aioseo_local_business_taxonomy\\/","categories":["filter-hooks"]},"36115":{"title":"Caching of Redirects in the Browser","url":"https:\\/\\/aioseo.com\\/docs\\/caching-of-redirects-in-the-browser\\/","categories":["redirection-manager"]},"34701":{"title":"Adding WooCommerce Product Attributes to SEO Title or Description","url":"https:\\/\\/aioseo.com\\/docs\\/adding-woocommerce-product-attributes-to-seo-title-or-description\\/","categories":["post-page-settings","search-appearance","woocommerce"]},"36111":{"title":"Selecting the Redirect Method in Redirects","url":"https:\\/\\/aioseo.com\\/docs\\/selecting-the-redirect-method-in-redirects\\/","categories":["redirection-manager"]},"40115":{"title":"Redirect Manager Cannot Detect Your Server","url":"https:\\/\\/aioseo.com\\/docs\\/redirect-manager-unknown-web-server\\/","categories":["redirection-manager"]},"36369":{"title":"Using Regex in the Redirection Manager","url":"https:\\/\\/aioseo.com\\/docs\\/redirect-manager-regex\\/","categories":["redirection-manager"]},"31442":{"title":"Shortcode: [aioseo_local_opening_hours]","url":"https:\\/\\/aioseo.com\\/docs\\/shortcode-aioseo_local_opening_hours\\/","categories":["local-business-seo"]},"31443":{"title":"Shortcode: [aioseo_local_locations]","url":"https:\\/\\/aioseo.com\\/docs\\/shortcode-aioseo_local_locations\\/","categories":["local-business-seo"]},"34179":{"title":"Using the Smart Tags in Titles and Descriptions","url":"https:\\/\\/aioseo.com\\/docs\\/using-the-smart-tags-in-titles-and-descriptions\\/","categories":["post-page-settings","search-appearance"]},"31441":{"title":"Shortcode: [aioseo_local_business_info]","url":"https:\\/\\/aioseo.com\\/docs\\/shortcode-aioseo_local_business_info\\/","categories":["local-business-seo"]},"46122":{"title":"Shortcode: [aioseo_local_map]","url":"https:\\/\\/aioseo.com\\/docs\\/shortcode-aioseo_local_map\\/","categories":["local-business-seo"]},"33507":{"title":"What''s The Difference Between TruSEO and Page Analysis?","url":"https:\\/\\/aioseo.com\\/docs\\/whats-the-difference-between-truseo-and-page-analysis\\/","categories":["frequently-asked-questions","post-page-settings","truseo"]},"33310":{"title":"Setting Noindex for RSS Feeds","url":"https:\\/\\/aioseo.com\\/docs\\/setting-noindex-for-rss-feeds\\/","categories":["advanced-settings","search-appearance"]},"33130":{"title":"aioseo_disable_shortcode_parsing","url":"https:\\/\\/aioseo.com\\/docs\\/aioseo_disable_shortcode_parsing\\/","categories":["filter-hooks"]},"32085":{"title":"aioseo_conflicting_shortcodes","url":"https:\\/\\/aioseo.com\\/docs\\/aioseo_conflicting_shortcodes\\/","categories":["filter-hooks"]},"31992":{"title":"aioseo_schema_graphs","url":"https:\\/\\/aioseo.com\\/docs\\/aioseo_schema_graphs\\/","categories":["filter-hooks"]},"31589":{"title":"Understanding the TruSEO Page Analysis Recommendations","url":"https:\\/\\/aioseo.com\\/docs\\/understanding-the-truseo-page-analysis-recommendations\\/","categories":["post-page-settings","truseo"]},"31456":{"title":"Function: aioseo_local_locations()","url":"https:\\/\\/aioseo.com\\/docs\\/function-aioseo_local_locations\\/","categories":["local-business-seo"]},"31455":{"title":"Function: aioseo_local_opening_hours()","url":"https:\\/\\/aioseo.com\\/docs\\/function-aioseo_local_opening_hours\\/","categories":["local-business-seo"]},"31451":{"title":"Function: aioseo_local_business_info()","url":"https:\\/\\/aioseo.com\\/docs\\/function-aioseo_local_business_info\\/","categories":["local-business-seo"]},"46123":{"title":"Function: aioseo_local_map()","url":"https:\\/\\/aioseo.com\\/docs\\/function-aioseo_local_map\\/","categories":["local-business-seo"]},"31042":{"title":"Getting Keyphrase Suggestions From Semrush","url":"https:\\/\\/aioseo.com\\/docs\\/getting-keyphrase-suggestions-from-semrush\\/","categories":["post-page-settings","truseo"]},"30773":{"title":"aioseo_local_business_address_tag_value","url":"https:\\/\\/aioseo.com\\/docs\\/aioseo_local_business_address_tag_value\\/","categories":["filter-hooks"]},"30770":{"title":"aioseo_local_business_address_tags","url":"https:\\/\\/aioseo.com\\/docs\\/aioseo_local_business_address_tags\\/","categories":["filter-hooks"]},"30567":{"title":"aioseo_local_business_get_locations_args","url":"https:\\/\\/aioseo.com\\/docs\\/aioseo_local_business_get_locations_args\\/","categories":["filter-hooks"]},"30752":{"title":"aioseo_local_business_get_location","url":"https:\\/\\/aioseo.com\\/docs\\/aioseo_local_business_get_location\\/","categories":["filter-hooks"]},"30728":{"title":"Unable to Save Settings Due to Cloudflare Firewall Rules","url":"https:\\/\\/aioseo.com\\/docs\\/unable-to-save-settings-due-to-cloudflare-firewall-rules\\/","categories":["troubleshooting"]},"30318":{"title":"aioseo_flush_output_buffer","url":"https:\\/\\/aioseo.com\\/docs\\/aioseo_flush_output_buffer\\/","categories":["filter-hooks"]},"18813":{"title":"Installing All in One SEO Pro","url":"https:\\/\\/aioseo.com\\/docs\\/installing-all-in-one-seo-pro\\/","categories":["getting-started","installation"]},"18973":{"title":"Beginners Guide for All in One SEO","url":"https:\\/\\/aioseo.com\\/docs\\/quick-start-guide\\/","categories":["getting-started"]},"18820":{"title":"Setting the SEO Title and Description for Your Content","url":"https:\\/\\/aioseo.com\\/docs\\/setting-the-seo-title-and-description-for-your-content\\/","categories":["getting-started","post-page-settings"]},"18902":{"title":"How to Create an XML Sitemap","url":"https:\\/\\/aioseo.com\\/docs\\/how-to-create-an-xml-sitemap\\/","categories":["getting-started","xml-sitemap"]},"18859":{"title":"Beginners Guide to Social Networks Settings for Facebook","url":"https:\\/\\/aioseo.com\\/docs\\/beginners-guide-to-social-networks-settings-for-facebook\\/","categories":["facebook-settings","getting-started","social-networks"]},"18857":{"title":"Beginners Guide to Social Networks Settings for Twitter","url":"https:\\/\\/aioseo.com\\/docs\\/beginners-guide-to-social-networks-settings-for-twitter\\/","categories":["getting-started","social-networks","twitter-settings"]},"29991":{"title":"aioseo_disable_link_format","url":"https:\\/\\/aioseo.com\\/docs\\/aioseo_disable_link_format\\/","categories":["filter-hooks"]},"27841":{"title":"aioseo_thumbnail_size","url":"https:\\/\\/aioseo.com\\/docs\\/aioseo_thumbnail_size\\/","categories":["filter-hooks"]},"27844":{"title":"Displaying Additional Data for Written By and Reading Time","url":"https:\\/\\/aioseo.com\\/docs\\/displaying-additional-data-for-written-by-and-reading-time\\/","categories":["social-networks"]},"27494":{"title":"aioseo_meta_views","url":"https:\\/\\/aioseo.com\\/docs\\/aioseo_meta_views\\/","categories":["filter-hooks"]},"27363":{"title":"Using the SEO Analysis Tool","url":"https:\\/\\/aioseo.com\\/docs\\/using-the-seo-analysis-tool\\/","categories":["seo-analysis"]},"27272":{"title":"Importing Settings From Other Plugins","url":"https:\\/\\/aioseo.com\\/docs\\/importing-settings-from-other-plugins\\/","categories":["importer-exporter","seo-data-importer","tools"]},"27268":{"title":"Backing Up and Restoring AIOSEO Settings","url":"https:\\/\\/aioseo.com\\/docs\\/backing-up-and-restoring-aioseo-settings\\/","categories":["importer-exporter","tools"]},"27259":{"title":"Importing and Exporting AIOSEO Settings and Meta Data","url":"https:\\/\\/aioseo.com\\/docs\\/importing-and-exporting-aioseo-settings-and-meta-data\\/","categories":["importer-exporter","tools"]},"26450":{"title":"Blank Title Formats Have Been Detected","url":"https:\\/\\/aioseo.com\\/docs\\/blank-title-formats-detected\\/","categories":["troubleshooting"]},"25802":{"title":"aioseo_sitemap_additional_pages","url":"https:\\/\\/aioseo.com\\/docs\\/aioseo_sitemap_additional_pages\\/","categories":["filter-hooks"]},"24928":{"title":"Including Custom Fields in the TruSEO Page Analysis","url":"https:\\/\\/aioseo.com\\/docs\\/including-custom-fields-in-the-seo-page-analysis\\/","categories":["content-type-settings","search-appearance","truseo"]},"24285":{"title":"aioseo_prev_link","url":"https:\\/\\/aioseo.com\\/docs\\/aioseo_prev_link\\/","categories":["filter-hooks"]},"24284":{"title":"aioseo_next_link","url":"https:\\/\\/aioseo.com\\/docs\\/aioseo_next_link\\/","categories":["filter-hooks"]},"23717":{"title":"aioseo_canonical_url","url":"https:\\/\\/aioseo.com\\/docs\\/aioseo_canonical_url\\/","categories":["filter-hooks"]},"23604":{"title":"aioseo_schema_breadcrumbs_home","url":"https:\\/\\/aioseo.com\\/docs\\/aioseo_schema_breadcrumbs_home\\/","categories":["filter-hooks"]},"23448":{"title":"aioseo_schema_disable","url":"https:\\/\\/aioseo.com\\/docs\\/aioseo_schema_disable\\/","categories":["filter-hooks"]},"23447":{"title":"aioseo_robots_meta","url":"https:\\/\\/aioseo.com\\/docs\\/aioseo_robots_meta\\/","categories":["filter-hooks"]},"23446":{"title":"aioseo_disable","url":"https:\\/\\/aioseo.com\\/docs\\/aioseo_disable\\/","categories":["filter-hooks"]},"23441":{"title":"aioseo_generate_descriptions_from_content","url":"https:\\/\\/aioseo.com\\/docs\\/aioseo_generate_descriptions_from_content\\/","categories":["filter-hooks"]},"23438":{"title":"aioseo_disable_title_rewrites","url":"https:\\/\\/aioseo.com\\/docs\\/aioseo_disable_title_rewrites\\/","categories":["filter-hooks"]},"23437":{"title":"aioseo_post_metabox_priority","url":"https:\\/\\/aioseo.com\\/docs\\/aioseo_post_metabox_priority\\/","categories":["filter-hooks"]},"23436":{"title":"aioseo_show_seo_news","url":"https:\\/\\/aioseo.com\\/docs\\/aioseo_show_seo_news\\/","categories":["filter-hooks"]},"23433":{"title":"aioseo_show_in_admin_bar","url":"https:\\/\\/aioseo.com\\/docs\\/aioseo_show_in_admin_bar\\/","categories":["filter-hooks"]},"23423":{"title":"aioseo_keywords","url":"https:\\/\\/aioseo.com\\/docs\\/aioseo_keywords\\/","categories":["filter-hooks"]},"23350":{"title":"aioseo_title","url":"https:\\/\\/aioseo.com\\/docs\\/aioseo_title\\/","categories":["filter-hooks"]},"23351":{"title":"aioseo_description","url":"https:\\/\\/aioseo.com\\/docs\\/aioseo_description\\/","categories":["filter-hooks"]},"23415":{"title":"Troubleshooting Action Scheduler issues with AIOSEO","url":"https:\\/\\/aioseo.com\\/docs\\/troubleshooting-action-scheduler-issues\\/","categories":["troubleshooting"]},"20504":{"title":"Where Did my SEO Keywords go in All in One SEO v4.0?","url":"https:\\/\\/aioseo.com\\/docs\\/where-did-my-seo-keywords-go-in-all-in-one-seo-v4-0\\/","categories":["advanced-settings","frequently-asked-questions","post-page-settings","search-appearance"]},"18792":{"title":"Sitemap rewrite rules for NGINX","url":"https:\\/\\/aioseo.com\\/docs\\/xml-sitemap-rewrite-rules-for-nginx\\/","categories":["rss-sitemap","video-sitemap","xml-sitemap"]},"18793":{"title":"Unfiltered HTML Capability is Required","url":"https:\\/\\/aioseo.com\\/docs\\/unfiltered-html-capability\\/","categories":["troubleshooting"]},"18794":{"title":"Deprecated Open Graph Settings in All in One SEO version 4.0","url":"https:\\/\\/aioseo.com\\/docs\\/deprecated-opengraph-settings\\/","categories":["social-networks"]},"18795":{"title":"Why does the character counter for SEO titles show a different count?","url":"https:\\/\\/aioseo.com\\/docs\\/why-does-the-character-counter-for-seo-titles-show-a-different-count\\/","categories":["frequently-asked-questions","post-page-settings"]},"18796":{"title":"Adding nofollow, sponsored, UGC and title attributes to links","url":"https:\\/\\/aioseo.com\\/docs\\/adding-nofollow-sponsored-and-title-attributes-to-links\\/","categories":["post-page-settings"]},"18797":{"title":"Setting the SEO for WooCommerce Content","url":"https:\\/\\/aioseo.com\\/docs\\/setting-the-seo-for-woocommerce-content\\/","categories":["search-appearance","woocommerce"]},"18798":{"title":"All in One SEO uses the WordPress REST API","url":"https:\\/\\/aioseo.com\\/docs\\/aioseo-uses-rest-api\\/","categories":["frequently-asked-questions"]},"18799":{"title":"How to Remove All Settings and Data When you Uninstall All in One SEO","url":"https:\\/\\/aioseo.com\\/docs\\/how-to-remove-all-settings-and-data-when-you-uninstall-all-in-one-seo\\/","categories":["advanced-settings","general-settings"]},"18800":{"title":"How to Disable TruSEO Content Analysis","url":"https:\\/\\/aioseo.com\\/docs\\/how-to-disable-truseo-content-analysis\\/","categories":["advanced-settings","general-settings","truseo"]},"18801":{"title":"Enabling Automatic Updates for All in One SEO","url":"https:\\/\\/aioseo.com\\/docs\\/enabling-automatic-updates-for-all-in-one-seo\\/","categories":["advanced-settings","general-settings"]},"18802":{"title":"Hiding Plugin Notifications in the Notifications Center","url":"https:\\/\\/aioseo.com\\/docs\\/hiding-plugin-notifications-in-the-notifications-center\\/","categories":["advanced-settings","general-settings"]},"18803":{"title":"How to Hide the AIOSEO Settings on the Edit Content Screens in WordPress","url":"https:\\/\\/aioseo.com\\/docs\\/how-to-hide-the-aioseo-settings-on-the-edit-content-screens-in-wordpress\\/","categories":["advanced-settings","content-type-settings","post-page-settings","search-appearance"]},"18804":{"title":"Setting Noindex and Nofollow on Paginated Content","url":"https:\\/\\/aioseo.com\\/docs\\/setting-noindex-and-nofollow-on-paginated-content\\/","categories":["advanced-settings","search-appearance"]},"18805":{"title":"Setting Unique SEO Titles and Descriptions for Paginated Content","url":"https:\\/\\/aioseo.com\\/docs\\/setting-unique-seo-titles-and-descriptions-for-paginated-content\\/","categories":["advanced-settings","search-appearance"]},"18806":{"title":"Setting the SEO Title and Description Format for Custom Post Type Archives","url":"https:\\/\\/aioseo.com\\/docs\\/setting-the-seo-title-and-description-format-for-custom-post-type-archives\\/","categories":["archive-settings","search-appearance"]},"18807":{"title":"Meta Keyword Settings in All in One SEO","url":"https:\\/\\/aioseo.com\\/docs\\/keyword-settings\\/","categories":["advanced-settings","search-appearance"]},"18808":{"title":"Using the Quick Edit Feature in All in One SEO","url":"https:\\/\\/aioseo.com\\/docs\\/using-the-quick-edit-feature-in-all-in-one-seo\\/","categories":["post-page-settings"]},"18809":{"title":"How to FTP to your web server","url":"https:\\/\\/aioseo.com\\/docs\\/how-to-ftp-to-your-web-server\\/","categories":["frequently-asked-questions"]},"18810":{"title":"How to manually install All in One SEO Pro when the file is too big","url":"https:\\/\\/aioseo.com\\/docs\\/how-to-manually-install-all-in-one-seo-pro-when-the-file-is-too-big\\/","categories":["frequently-asked-questions","installation"]},"18811":{"title":"How to Upgrade From All in One SEO Lite to Pro","url":"https:\\/\\/aioseo.com\\/docs\\/how-to-upgrade-from-all-in-one-seo-lite-to-pro\\/","categories":["getting-started","installation"]},"18812":{"title":"Installation instructions for WordPress.com Users","url":"https:\\/\\/aioseo.com\\/docs\\/installation-instructions-for-wordpress-com-users\\/","categories":["installation"]},"18814":{"title":"Configuring the Twitter Settings for Your Content","url":"https:\\/\\/aioseo.com\\/docs\\/configuring-the-twitter-settings-for-your-content\\/","categories":["post-page-settings","social-networks","twitter-settings"]},"18815":{"title":"Configuring the Facebook Settings for Your Content","url":"https:\\/\\/aioseo.com\\/docs\\/configuring-the-facebook-settings-for-your-content\\/","categories":["facebook-settings","post-page-settings","social-networks"]},"18816":{"title":"Hiding the AIOSEO Column on Taxonomy Screens","url":"https:\\/\\/aioseo.com\\/docs\\/hiding-the-aioseo-column-on-taxonomy-screens\\/","categories":["advanced-settings","category-tag-settings","general-settings"]},"18818":{"title":"Setting the Sitemap Priority and Frequency for Individual Content","url":"https:\\/\\/aioseo.com\\/docs\\/setting-the-sitemap-priority-and-frequency-for-individual-content\\/","categories":["post-page-settings","xml-sitemap"]},"18819":{"title":"Setting the Robots Meta for Individual Content","url":"https:\\/\\/aioseo.com\\/docs\\/setting-the-robots-meta-for-individual-content\\/","categories":["post-page-settings"]},"18821":{"title":"Individual Post\\/Page Settings","url":"https:\\/\\/aioseo.com\\/docs\\/post-settings\\/","categories":["post-page-settings"]},"18822":{"title":"Bad Bot Blocker","url":"https:\\/\\/aioseo.com\\/docs\\/bad-bot-blocker\\/","categories":["bad-bot-blocker"]},"18823":{"title":"How to Fix a 404 Error When Viewing Your Sitemap","url":"https:\\/\\/aioseo.com\\/docs\\/how-to-fix-a-404-error-when-viewing-your-sitemap\\/","categories":["frequently-asked-questions","google-news-sitemap","rss-sitemap","troubleshooting","video-sitemap","xml-sitemap"]},"18825":{"title":"When to use NOINDEX or the robots.txt?","url":"https:\\/\\/aioseo.com\\/docs\\/when-to-use-noindex-or-the-robots-txt\\/","categories":["frequently-asked-questions","robots-txt","search-appearance","tools"]},"18826":{"title":"Support for Videos Embedded Using the Media Library","url":"https:\\/\\/aioseo.com\\/docs\\/support-for-videos-embedded-using-the-media-library\\/","categories":["video-sitemap"]},"18827":{"title":"Supported Videos","url":"https:\\/\\/aioseo.com\\/docs\\/supported-videos\\/","categories":["video-sitemap"]},"18828":{"title":"Performance Settings","url":"https:\\/\\/aioseo.com\\/docs\\/performance-settings\\/","categories":["performance"]},"18830":{"title":"Setting the SEO Title and Description Format for Author and Date Archives","url":"https:\\/\\/aioseo.com\\/docs\\/setting-the-seo-title-and-description-format-for-author-and-date-archives\\/","categories":["archive-settings","search-appearance"]},"18831":{"title":"Using Custom Fields in Titles and Descriptions","url":"https:\\/\\/aioseo.com\\/docs\\/custom-fields-in-titles-and-descriptions\\/","categories":["content-type-settings","post-page-settings","search-appearance"]},"18832":{"title":"Using the Focus Keyphrase to Analyze Your Content","url":"https:\\/\\/aioseo.com\\/docs\\/using-the-focus-keyphrase-to-analyze-your-content\\/","categories":["frequently-asked-questions","post-page-settings","truseo"]},"18833":{"title":"Using the Robots.txt Tool in All in One SEO","url":"https:\\/\\/aioseo.com\\/docs\\/using-the-robots-txt-tool-in-all-in-one-seo\\/","categories":["robots-txt","tools"]},"18834":{"title":"Using the Robots Meta Settings in All in One SEO","url":"https:\\/\\/aioseo.com\\/docs\\/using-the-robots-meta-settings-in-all-in-one-seo\\/","categories":["advanced-settings","archive-settings","category-tag-settings","content-type-settings","media-settings","post-page-settings","search-appearance","taxonomy-settings"]},"18835":{"title":"Noindex Settings","url":"https:\\/\\/aioseo.com\\/docs\\/noindex-settings\\/","categories":["search-appearance"]},"18838":{"title":"Hiding the AIOSEO Admin Bar Menu","url":"https:\\/\\/aioseo.com\\/docs\\/hiding-the-aioseo-admin-bar-menu\\/","categories":["advanced-settings","general-settings"]},"18839":{"title":"Hiding the AIOSEO Dashboard Widgets","url":"https:\\/\\/aioseo.com\\/docs\\/hiding-the-aioseo-dashboard-widget\\/","categories":["advanced-settings","general-settings"]},"18840":{"title":"Hiding the AIOSEO Column on All Posts Screens","url":"https:\\/\\/aioseo.com\\/docs\\/hiding-the-aioseo-column-on-all-posts-screens\\/","categories":["advanced-settings","general-settings"]},"18841":{"title":"Display Settings","url":"https:\\/\\/aioseo.com\\/docs\\/display-settings\\/","categories":["display-settings"]},"18842":{"title":"Setting the SEO Title and Description Format for Media Attachments","url":"https:\\/\\/aioseo.com\\/docs\\/setting-the-seo-title-and-description-format-for-media-attachments\\/","categories":["media-settings","search-appearance"]},"18843":{"title":"Showing or Hiding Your Content in Search Results","url":"https:\\/\\/aioseo.com\\/docs\\/showing-or-hiding-your-content-in-search-results\\/","categories":["archive-settings","category-tag-settings","content-type-settings","media-settings","post-page-settings","search-appearance","taxonomy-settings"]},"18844":{"title":"Content Type Settings","url":"https:\\/\\/aioseo.com\\/docs\\/custom-post-type-settings\\/","categories":["content-type-settings","search-appearance"]},"18845":{"title":"What Are Media Attachments and Should I Submit Them to Search Engines?","url":"https:\\/\\/aioseo.com\\/docs\\/what-are-media-attachments-and-should-i-submit-them-to-search-engines\\/","categories":["frequently-asked-questions","media-settings"]},"18846":{"title":"Setting the SEO Title and Description Format for Custom Taxonomies","url":"https:\\/\\/aioseo.com\\/docs\\/setting-the-seo-title-and-description-format-for-custom-taxonomies\\/","categories":["category-tag-settings","search-appearance","taxonomy-settings"]},"18847":{"title":"Setting the SEO Title and Description Format for Custom Post Types","url":"https:\\/\\/aioseo.com\\/docs\\/setting-the-seo-title-and-description-format-for-custom-post-types\\/","categories":["content-type-settings","search-appearance"]},"18848":{"title":"Setting the SEO Title and Description Format for Tags","url":"https:\\/\\/aioseo.com\\/docs\\/setting-the-seo-title-and-description-format-for-tags\\/","categories":["category-tag-settings","search-appearance","taxonomy-settings"]},"18849":{"title":"Setting the SEO Title and Description Format for Categories","url":"https:\\/\\/aioseo.com\\/docs\\/setting-the-seo-title-and-description-format-for-categories\\/","categories":["category-tag-settings","search-appearance","taxonomy-settings"]},"18850":{"title":"Setting the SEO Title and Description Format for Pages","url":"https:\\/\\/aioseo.com\\/docs\\/setting-the-seo-title-and-description-format-for-pages\\/","categories":["content-type-settings","post-page-settings","search-appearance"]},"18851":{"title":"Setting the SEO Title and Description Format for Posts","url":"https:\\/\\/aioseo.com\\/docs\\/setting-the-seo-title-and-description-format-for-posts\\/","categories":["content-type-settings","post-page-settings","search-appearance"]},"18852":{"title":"Title Settings","url":"https:\\/\\/aioseo.com\\/docs\\/title-settings\\/","categories":["search-appearance"]},"18853":{"title":"Setting the SEO for Your Home Page","url":"https:\\/\\/aioseo.com\\/docs\\/setting-the-seo-for-your-home-page\\/","categories":["home-page-settings","search-appearance"]},"18854":{"title":"General Settings","url":"https:\\/\\/aioseo.com\\/docs\\/general-settings\\/","categories":["general-settings"]},"18855":{"title":"How to Add Your License Key in All in One SEO Pro","url":"https:\\/\\/aioseo.com\\/docs\\/how-to-add-your-license-key-in-all-in-one-seo-pro\\/","categories":["general-settings","getting-started"]},"18856":{"title":"Canonical URLs in All in One SEO","url":"https:\\/\\/aioseo.com\\/docs\\/canonical-urls-in-all-in-one-seo\\/","categories":["advanced-settings","search-appearance"]},"18858":{"title":"Adding non-WordPress Content to the Video Sitemap","url":"https:\\/\\/aioseo.com\\/docs\\/adding-non-wordpress-content-to-the-video-sitemap\\/","categories":["video-sitemap"]},"18860":{"title":"Troubleshooting Problems With Sharing Content on Twitter","url":"https:\\/\\/aioseo.com\\/docs\\/troubleshooting-problems-with-sharing-content-on-twitter\\/","categories":["social-networks","troubleshooting","twitter-settings"]},"18861":{"title":"Troubleshooting Problems With Sharing Content on Facebook","url":"https:\\/\\/aioseo.com\\/docs\\/troubleshooting-problems-with-sharing-content-on-facebook\\/","categories":["facebook-settings","social-networks","troubleshooting"]},"18862":{"title":"Getting Started With Pinterest Rich Pins","url":"https:\\/\\/aioseo.com\\/docs\\/using-social-meta-for-pinterest-rich-pins\\/","categories":["pinterest-settings","social-networks"]},"18863":{"title":"Setting the Content Publisher for Twitter","url":"https:\\/\\/aioseo.com\\/docs\\/setting-the-content-publisher-for-twitter\\/","categories":["social-networks","twitter-settings"]},"18865":{"title":"Submitting a Sitemap to Yandex","url":"https:\\/\\/aioseo.com\\/docs\\/submitting-a-sitemap-to-yandex\\/","categories":["rss-sitemap","video-sitemap","xml-sitemap"]},"18866":{"title":"Submitting a Sitemap to Bing","url":"https:\\/\\/aioseo.com\\/docs\\/submitting-a-sitemap-to-bing\\/","categories":["bing-webmaster-tools","rss-sitemap","video-sitemap","xml-sitemap"]},"18867":{"title":"Submitting a Sitemap to Google","url":"https:\\/\\/aioseo.com\\/docs\\/submitting-a-sitemap-to-google\\/","categories":["google-news-sitemap","google-search-console","rss-sitemap","video-sitemap","xml-sitemap"]},"18868":{"title":"Including Date and Author Archives in Your XML Sitemap","url":"https:\\/\\/aioseo.com\\/docs\\/including-date-and-author-archives-in-your-xml-sitemap\\/","categories":["xml-sitemap"]},"18869":{"title":"Choosing Which Content to Include in Your Video Sitemap","url":"https:\\/\\/aioseo.com\\/docs\\/choosing-which-content-to-include-in-your-video-sitemap\\/","categories":["video-sitemap"]},"18870":{"title":"Choosing Which Content to Include in Your XML Sitemap","url":"https:\\/\\/aioseo.com\\/docs\\/choosing-which-content-to-include-in-your-xml-sitemap\\/","categories":["xml-sitemap"]},"18871":{"title":"Using Sitemap Indexes and Pagination","url":"https:\\/\\/aioseo.com\\/docs\\/using-sitemap-indexes-and-pagination\\/","categories":["video-sitemap","xml-sitemap"]},"18872":{"title":"How to Disable Sitemaps in All in One SEO","url":"https:\\/\\/aioseo.com\\/docs\\/how-to-disable-sitemaps-in-all-in-one-seo\\/","categories":["google-news-sitemap","rss-sitemap","video-sitemap","xml-sitemap"]},"18873":{"title":"Baidu Webmaster Tools Verification","url":"https:\\/\\/aioseo.com\\/docs\\/baidu-webmaster-tools-verification\\/","categories":["webmaster-tools","webmaster-verification"]},"18874":{"title":"Setting Twitter Social Meta for Your Homepage","url":"https:\\/\\/aioseo.com\\/docs\\/setting-twitter-social-meta-for-your-homepage\\/","categories":["home-page-settings","social-networks","twitter-settings"]},"18875":{"title":"Setting Facebook Social Meta for Your Homepage","url":"https:\\/\\/aioseo.com\\/docs\\/setting-facebook-social-meta-for-your-homepage\\/","categories":["facebook-settings","home-page-settings","social-networks"]},"18876":{"title":"Setting the Card Type for Twitter","url":"https:\\/\\/aioseo.com\\/docs\\/setting-the-card-type-for-twitter\\/","categories":["social-networks","twitter-settings"]},"18877":{"title":"Setting the Object Types for Facebook","url":"https:\\/\\/aioseo.com\\/docs\\/setting-the-object-types-for-facebook\\/","categories":["facebook-settings","social-networks"]},"18879":{"title":"Setting the Priority and Frequency for Content in the Video Sitemap","url":"https:\\/\\/aioseo.com\\/docs\\/setting-the-priority-and-frequency-for-content-in-the-video-sitemap\\/","categories":["video-sitemap"]},"18880":{"title":"Setting the Priority and Frequency for Content in the XML Sitemap","url":"https:\\/\\/aioseo.com\\/docs\\/setting-the-priority-and-frequency-for-content-in-the-xml-sitemap\\/","categories":["xml-sitemap"]},"18881":{"title":"How to Exclude Content from Your RSS Sitemap","url":"https:\\/\\/aioseo.com\\/docs\\/how-to-exclude-content-from-your-rss-sitemap\\/","categories":["rss-sitemap"]},"18882":{"title":"How to Exclude Content from Your Google News Sitemap","url":"https:\\/\\/aioseo.com\\/docs\\/how-to-exclude-content-from-your-google-news-sitemap\\/","categories":["google-news-sitemap"]},"18883":{"title":"How to Exclude Content from Your Video Sitemap","url":"https:\\/\\/aioseo.com\\/docs\\/how-to-exclude-content-from-your-video-sitemap\\/","categories":["video-sitemap"]},"18884":{"title":"How to Exclude Content from Your XML Sitemap","url":"https:\\/\\/aioseo.com\\/docs\\/how-to-exclude-content-from-your-xml-sitemap\\/","categories":["xml-sitemap"]},"18885":{"title":"Setting Article Tags for Facebook","url":"https:\\/\\/aioseo.com\\/docs\\/setting-article-tags-for-facebook\\/","categories":["facebook-settings","social-networks"]},"18886":{"title":"Setting the Content Author for Twitter","url":"https:\\/\\/aioseo.com\\/docs\\/setting-the-content-author-for-twitter\\/","categories":["social-networks","twitter-settings"]},"18887":{"title":"Setting the Content Author for Facebook","url":"https:\\/\\/aioseo.com\\/docs\\/setting-the-content-author-for-facebook\\/","categories":["facebook-settings","social-networks"]},"18888":{"title":"Setting the Content Publisher for Facebook","url":"https:\\/\\/aioseo.com\\/docs\\/setting-the-content-publisher-for-facebook\\/","categories":["facebook-settings","social-networks"]},"18889":{"title":"How to Create a Google News Sitemap","url":"https:\\/\\/aioseo.com\\/docs\\/how-to-create-a-google-news-sitemap\\/","categories":["google-news-sitemap"]},"18890":{"title":"Including Videos in Custom Fields in Your Video Sitemap","url":"https:\\/\\/aioseo.com\\/docs\\/including-videos-in-custom-fields-in-your-video-sitemap\\/","categories":["video-sitemap"]},"18891":{"title":"What is a Dynamically Generated Sitemap and Why is it Better to Use?","url":"https:\\/\\/aioseo.com\\/docs\\/what-is-a-dynamically-generated-sitemap-and-why-is-it-better-to-use\\/","categories":["frequently-asked-questions","video-sitemap","xml-sitemap"]},"18892":{"title":"How to Create a Video Sitemap","url":"https:\\/\\/aioseo.com\\/docs\\/how-to-create-a-video-sitemap\\/","categories":["video-sitemap"]},"18893":{"title":"Adding Your Facebook Admin ID","url":"https:\\/\\/aioseo.com\\/docs\\/adding-your-facebook-admin-id\\/","categories":["facebook-settings","social-networks"]},"18894":{"title":"Adding Your Facebook App ID","url":"https:\\/\\/aioseo.com\\/docs\\/adding-your-facebook-app-id\\/","categories":["facebook-settings","social-networks"]},"18895":{"title":"Access Control Settings","url":"https:\\/\\/aioseo.com\\/docs\\/access-control-settings\\/","categories":["access-control-settings"]},"18896":{"title":"Advanced Settings for Google Analytics","url":"https:\\/\\/aioseo.com\\/docs\\/advanced-settings-for-google-analytics\\/","categories":["google-analytics"]},"18897":{"title":"Miscellaneous Site Verification","url":"https:\\/\\/aioseo.com\\/docs\\/miscellaneous-site-verification\\/","categories":["webmaster-tools","webmaster-verification"]},"18898":{"title":"Displaying Your Social Media Profiles in Knowledge Panel","url":"https:\\/\\/aioseo.com\\/docs\\/displaying-your-social-media-profiles-in-knowledge-panel\\/","categories":["schema-settings","social-networks"]},"18899":{"title":"How to Create an RSS Sitemap","url":"https:\\/\\/aioseo.com\\/docs\\/how-to-create-an-rss-sitemap\\/","categories":["rss-sitemap"]},"18900":{"title":"Excluding Images from the XML Sitemap","url":"https:\\/\\/aioseo.com\\/docs\\/excluding-images-from-the-xml-sitemap\\/","categories":["xml-sitemap"]},"18901":{"title":"Adding non-WordPress Content to the XML Sitemap","url":"https:\\/\\/aioseo.com\\/docs\\/adding-non-wordpress-content-to-the-xml-sitemap\\/","categories":["xml-sitemap"]},"18903":{"title":"Setting a Default Image for Twitter","url":"https:\\/\\/aioseo.com\\/docs\\/setting-a-default-image-for-twitter\\/","categories":["social-networks","twitter-settings"]},"18904":{"title":"Setting a Default Image for Facebook","url":"https:\\/\\/aioseo.com\\/docs\\/setting-a-default-image-for-facebook\\/","categories":["facebook-settings","social-networks"]},"18905":{"title":"Setting a Title Separator","url":"https:\\/\\/aioseo.com\\/docs\\/setting-a-title-separator\\/","categories":["search-appearance"]},"18906":{"title":"How to Protect Your Content With RSS Content Settings","url":"https:\\/\\/aioseo.com\\/docs\\/how-to-protect-your-content-with-rss-content-settings\\/","categories":["rss-content-settings"]},"18907":{"title":"How to Connect Your Site with Google Tag Manager","url":"https:\\/\\/aioseo.com\\/docs\\/how-to-connect-your-site-with-google-tag-manager\\/","categories":["google-analytics"]},"18908":{"title":"How to Connect Your Site with Google Analytics","url":"https:\\/\\/aioseo.com\\/docs\\/how-to-connect-your-site-with-google-analytics\\/","categories":["google-analytics"]},"18909":{"title":"How to Verify Your Site with Pinterest","url":"https:\\/\\/aioseo.com\\/docs\\/how-to-verify-your-site-with-pinterest\\/","categories":["pinterest-settings","social-networks","webmaster-tools","webmaster-verification"]},"18910":{"title":"How to Verify Your Site with Yandex Webmaster Tools","url":"https:\\/\\/aioseo.com\\/docs\\/how-to-verify-your-site-with-yandex-webmaster-tools\\/","categories":["webmaster-tools","webmaster-verification"]},"18911":{"title":"How to Verify Your Site with Bing Webmaster Tools","url":"https:\\/\\/aioseo.com\\/docs\\/how-to-verify-your-site-with-bing-webmaster-tools\\/","categories":["bing-webmaster-tools","webmaster-tools","webmaster-verification"]},"18912":{"title":"How to Verify Your Site with Google Search Console","url":"https:\\/\\/aioseo.com\\/docs\\/how-to-verify-your-site-with-google-search-console\\/","categories":["google-search-console","webmaster-tools","webmaster-verification"]},"18913":{"title":"Usage Tracking","url":"https:\\/\\/aioseo.com\\/docs\\/usage-tracking\\/","categories":["frequently-asked-questions"]},"18915":{"title":"How do I use All in One SEO in my language?","url":"https:\\/\\/aioseo.com\\/docs\\/how-do-i-use-all-in-one-seo-in-my-language\\/","categories":["frequently-asked-questions"]},"18920":{"title":"NGINX rewrite rules for Robots.txt","url":"https:\\/\\/aioseo.com\\/docs\\/nginx-rewrite-rules-for-robots-txt\\/","categories":["robots-txt","tools"]},"18927":{"title":"Supported PHP Versions for All in One SEO","url":"https:\\/\\/aioseo.com\\/docs\\/supported-php-version\\/","categories":["troubleshooting"]},"18929":{"title":"Using a different CDN for script enqueuing","url":"https:\\/\\/aioseo.com\\/docs\\/using-a-different-cdn-for-script-enqueuing\\/","categories":["troubleshooting"]},"18930":{"title":"How do I get Google to show sitelinks for my site?","url":"https:\\/\\/aioseo.com\\/docs\\/how-do-i-get-google-to-show-sitelinks-for-my-site\\/","categories":["frequently-asked-questions"]},"18954":{"title":"How does the import process for SEO data work?","url":"https:\\/\\/aioseo.com\\/docs\\/how-does-the-import-process-for-seo-data-work\\/","categories":["frequently-asked-questions","importer-exporter","tools"]},"18960":{"title":"Robots.txt Editor for Multisite Networks","url":"https:\\/\\/aioseo.com\\/docs\\/robots-txt-editor-for-multisite-networks\\/","categories":["multisite-networks","robots-txt"]},"18961":{"title":"What are the minimum requirements for All in One SEO?","url":"https:\\/\\/aioseo.com\\/docs\\/what-are-the-minimum-requirements-for-all-in-one-seo-pack\\/","categories":["frequently-asked-questions"]},"18964":{"title":"How do I use your API code examples?","url":"https:\\/\\/aioseo.com\\/docs\\/how-do-i-use-your-api-code-examples\\/","categories":["frequently-asked-questions"]},"18969":{"title":"XML Parsing Error - This page contains the following errors","url":"https:\\/\\/aioseo.com\\/docs\\/this-page-contains-the-following-errors\\/","categories":["google-news-sitemap","troubleshooting","video-sitemap","xml-sitemap"]},"18972":{"title":"The File Editor or Robots.txt modules are missing","url":"https:\\/\\/aioseo.com\\/docs\\/the-file-editor-or-robots-txt-modules-are-missing\\/","categories":["frequently-asked-questions"]},"18977":{"title":"Excluding the XML Sitemap from caching","url":"https:\\/\\/aioseo.com\\/docs\\/excluding-the-xml-sitemap-from-caching\\/","categories":["xml-sitemap"]},"18982":{"title":"Why doesn''t the title and description I set appear in search results?","url":"https:\\/\\/aioseo.com\\/docs\\/why-doesnt-the-title-and-description-i-set-appear-in-search-results\\/","categories":["frequently-asked-questions","post-page-settings"]},"18983":{"title":"Can I remove the date from Google search results?","url":"https:\\/\\/aioseo.com\\/docs\\/can-i-remove-the-date-from-google-search-results\\/","categories":["frequently-asked-questions"]},"18985":{"title":"Setting up HTTPS SSL","url":"https:\\/\\/aioseo.com\\/docs\\/setting-up-https-ssl\\/","categories":["general-seo-topics"]},"18995":{"title":"How to Increase the WordPress PHP Memory Limit","url":"https:\\/\\/aioseo.com\\/docs\\/increase-wordpress-php-memory-limit\\/","categories":["troubleshooting"]},"19002":{"title":"Checking Index Status in Google Search Results","url":"https:\\/\\/aioseo.com\\/docs\\/checking-index-status-in-google-search-results\\/","categories":["general-seo-topics"]},"19006":{"title":"SEO Data Importer","url":"https:\\/\\/aioseo.com\\/docs\\/seo-data-importer\\/","categories":["seo-data-importer"]},"19008":{"title":"How to troubleshoot issues with All in One SEO","url":"https:\\/\\/aioseo.com\\/docs\\/how-to-troubleshoot-issues-with-all-in-one-seo-pack\\/","categories":["troubleshooting"]},"19010":{"title":"Quality Guidelines for SEO Titles and Descriptions","url":"https:\\/\\/aioseo.com\\/docs\\/quality-guidelines-for-seo-titles-and-descriptions\\/","categories":["general-seo-topics"]},"19016":{"title":"Top Tips for Good On-Page SEO","url":"https:\\/\\/aioseo.com\\/docs\\/top-tips-for-good-on-page-seo\\/","categories":["general-seo-topics"]},"19017":{"title":"Meta Descriptions","url":"https:\\/\\/aioseo.com\\/docs\\/meta-descriptions\\/","categories":["general-seo-topics"]},"19028":{"title":"What is SEO meta?","url":"https:\\/\\/aioseo.com\\/docs\\/what-is-seo-meta\\/","categories":["getting-started"]},"19029":{"title":"Social Meta Settings - Individual Page\\/Post Settings","url":"https:\\/\\/aioseo.com\\/docs\\/social-meta-settings-individual-pagepost-settings\\/","categories":["post-page-settings","social-networks"]},"19030":{"title":"File Editor Module","url":"https:\\/\\/aioseo.com\\/docs\\/file-editor-module\\/","categories":["file-editor"]},"19031":{"title":"Social Meta Settings","url":"https:\\/\\/aioseo.com\\/docs\\/social-meta-module\\/","categories":["social-networks"]},"19032":{"title":"Importer &amp; Exporter Module","url":"https:\\/\\/aioseo.com\\/docs\\/importer-exporter-module\\/","categories":["importer-exporter","tools"]},"19034":{"title":"Feature Manager","url":"https:\\/\\/aioseo.com\\/docs\\/feature-manager\\/","categories":["feature-manager"]},"19035":{"title":"Advanced Settings for All in One SEO Pack","url":"https:\\/\\/aioseo.com\\/docs\\/all-in-one-seo-pack-advanced-settings\\/","categories":["advanced-settings"]}}}";', '2023-07-26 19:37:01', '2023-07-12 19:26:52', '2023-07-19 19:37:01');
INSERT INTO `iaZ8d_aioseo_cache` VALUES
(6, 'attachment_url_to_post_id_d99ed2ddbeefba28910cca4100f73b401b38bc49', 's:4:"none";', '2023-07-21 20:23:10', '2023-07-12 19:31:38', '2023-07-20 20:23:10'),
(8, 'page_overview_data', 'a:5:{s:5:"total";i:21;s:16:"needsImprovement";i:0;s:4:"okay";i:4;s:4:"good";i:0;s:21:"withoutFocusKeyphrase";i:17;}', '2023-07-26 19:59:18', '2023-07-12 19:40:14', '2023-07-19 19:59:18'),
(26, 'product_overview_data', 'a:5:{s:5:"total";i:31;s:16:"needsImprovement";i:0;s:4:"okay";i:28;s:4:"good";i:0;s:21:"withoutFocusKeyphrase";i:3;}', '2023-07-21 17:17:24', '2023-07-14 17:17:24', '2023-07-14 17:17:24'),
(10, 'avia_framework_post_overview_data', 'a:5:{s:5:"total";i:0;s:16:"needsImprovement";i:0;s:4:"okay";i:0;s:4:"good";i:0;s:21:"withoutFocusKeyphrase";i:0;}', '2023-07-26 19:59:18', '2023-07-12 19:40:14', '2023-07-19 19:59:18'),
(11, 'portfolio_overview_data', 'a:5:{s:5:"total";i:0;s:16:"needsImprovement";i:0;s:4:"okay";i:0;s:4:"good";i:0;s:21:"withoutFocusKeyphrase";i:0;}', '2023-07-26 19:59:18', '2023-07-12 19:40:14', '2023-07-19 19:59:18'),
(58, 'attachment_url_to_post_id_11d56cafdc513d33a4e7c1e193ac84dba4f89da1', 's:4:"none";', '2023-07-21 17:03:30', '2023-07-20 17:03:30', '2023-07-20 17:03:30'),
(46, 'attachment_url_to_post_id_521521153bdd4d75c9a345ce8c45972d3e27d3a8', 's:4:"none";', '2023-07-21 16:16:04', '2023-07-18 09:38:16', '2023-07-20 16:16:04'),
(61, 'post_overview_data', 'a:5:{s:5:"total";i:0;s:16:"needsImprovement";i:0;s:4:"okay";i:0;s:4:"good";i:0;s:21:"withoutFocusKeyphrase";i:0;}', '2023-07-27 18:31:49', '2023-07-20 18:31:49', '2023-07-20 18:31:49'),
(57, 'rss_feed', 'a:4:{i:0;a:4:{s:3:"url";s:148:"https://aioseo.com/seo-guide-nofollow-sponsored-ugc-links/?utm_source=rss&amp;utm_medium=rss&amp;utm_campaign=seo-guide-nofollow-sponsored-ugc-links";s:5:"title";s:50:"An SEO Guide to Nofollow, Sponsored, and UGC Links";s:4:"date";s:13:"July 20, 2023";s:7:"content";s:131:"What are nofollow, sponsored, or UGC links? And how do they impact SEO?\n\n\n\nUnderstanding these 3 link types can help you get the...";}i:1;a:4:{s:3:"url";s:152:"https://aioseo.com/how-to-do-seo-for-a-new-website-pro-tips/?utm_source=rss&amp;utm_medium=rss&amp;utm_campaign=how-to-do-seo-for-a-new-website-pro-tips";s:5:"title";s:44:"How to Do SEO for a New Website [8 Pro Tips]";s:4:"date";s:13:"July 17, 2023";s:7:"content";s:131:"Would you like to know how to do SEO for a new website?\n\n\n\nIf you plan on building and launching a new website, several things m...";}i:2;a:4:{s:3:"url";s:126:"https://aioseo.com/best-wordpress-form-plugins/?utm_source=rss&amp;utm_medium=rss&amp;utm_campaign=best-wordpress-form-plugins";s:5:"title";s:29:"6 Best WordPress Form Plugins";s:4:"date";s:13:"July 14, 2023";s:7:"content";s:131:"The best WordPress form plugins are easy to use, reliable, and feature-packed.\n\n\n\nAnd they can be vital in growing conversions a...";}i:3;a:4:{s:3:"url";s:140:"https://aioseo.com/george-orwells-6-rules-for-writing/?utm_source=rss&amp;utm_medium=rss&amp;utm_campaign=george-orwells-6-rules-for-writing";s:5:"title";s:83:"George Orwell’s 6 Rules for Writing (Plus: Learn How Content Quality Impacts SEO)";s:4:"date";s:13:"July 11, 2023";s:7:"content";s:131:"George Orwell&#8217;s 6 rules for writing are simple and easy to remember. And they’re used by everyone from SEO professionals...";}}', '2023-07-21 04:20:40', '2023-07-20 16:20:40', '2023-07-20 16:20:40'),
(13, 'aioseo_sitemap_sitemap.xml', 'a:3:{s:6:"counts";a:4:{s:38:"https://foxbutter.com/page-sitemap.xml";i:18;s:41:"https://foxbutter.com/product-sitemap.xml";i:31;s:45:"https://foxbutter.com/product_cat-sitemap.xml";i:9;s:45:"https://foxbutter.com/product_tag-sitemap.xml";i:4;}s:8:"datetime";a:4:{s:38:"https://foxbutter.com/page-sitemap.xml";a:2:{s:4:"date";s:12:"May 22, 2023";s:4:"time";s:7:"6:29 pm";}s:41:"https://foxbutter.com/product-sitemap.xml";a:2:{s:4:"date";s:13:"July 14, 2023";s:4:"time";s:8:"12:39 am";}s:45:"https://foxbutter.com/product_cat-sitemap.xml";a:2:{s:4:"date";s:13:"July 20, 2023";s:4:"time";s:7:"1:11 pm";}s:45:"https://foxbutter.com/product_tag-sitemap.xml";a:2:{s:4:"date";s:13:"July 20, 2023";s:4:"time";s:7:"1:00 pm";}}s:10:"pagination";a:2:{s:7:"showing";i:4;s:5:"total";i:4;}}', '2023-08-19 19:00:30', '2023-07-12 20:43:57', '2023-07-20 19:00:30'),
(14, 'aioseo_sitemap_sitemap.rss', 'a:3:{s:6:"counts";a:0:{}s:8:"datetime";a:49:{s:45:"https://foxbutter.com/product/ultimate-pearl/";a:2:{s:4:"date";s:13:"June 27, 2023";s:4:"time";s:7:"9:53 pm";}s:38:"https://foxbutter.com/product/lactose/";a:2:{s:4:"date";s:13:"June 27, 2023";s:4:"time";s:7:"9:28 pm";}s:37:"https://foxbutter.com/product/return/";a:2:{s:4:"date";s:12:"May 24, 2023";s:4:"time";s:7:"1:26 pm";}s:49:"https://foxbutter.com/product/mannite-conoscenti/";a:2:{s:4:"date";s:13:"July 19, 2023";s:4:"time";s:7:"4:27 pm";}s:42:"https://foxbutter.com/product/quinine-hcl/";a:2:{s:4:"date";s:13:"July 19, 2023";s:4:"time";s:8:"11:45 am";}s:43:"https://foxbutter.com/product/grizzly-bear/";a:2:{s:4:"date";s:13:"July 18, 2023";s:4:"time";s:7:"9:55 pm";}s:41:"https://foxbutter.com/product/white-girl/";a:2:{s:4:"date";s:13:"July 12, 2023";s:4:"time";s:7:"1:25 pm";}s:43:"https://foxbutter.com/product/close-enough/";a:2:{s:4:"date";s:13:"July 12, 2023";s:4:"time";s:7:"1:23 pm";}s:41:"https://foxbutter.com/product/lido-scent/";a:2:{s:4:"date";s:13:"July 12, 2023";s:4:"time";s:7:"1:11 pm";}s:40:"https://foxbutter.com/product/good-good/";a:2:{s:4:"date";s:13:"July 12, 2023";s:4:"time";s:7:"1:07 pm";}s:40:"https://foxbutter.com/product/miami-ice/";a:2:{s:4:"date";s:12:"July 5, 2023";s:4:"time";s:7:"1:52 pm";}s:27:"https://foxbutter.com/shop/";a:2:{s:4:"date";s:11:"May 2, 2023";s:4:"time";s:7:"8:56 pm";}s:35:"https://foxbutter.com/my-account-2/";a:2:{s:4:"date";s:11:"May 2, 2023";s:4:"time";s:7:"8:51 pm";}s:37:"https://foxbutter.com/privacy-policy/";a:2:{s:4:"date";s:11:"May 2, 2023";s:4:"time";s:7:"8:13 pm";}s:39:"https://foxbutter.com/product/comeback/";a:2:{s:4:"date";s:13:"July 18, 2023";s:4:"time";s:7:"6:43 pm";}s:37:"https://foxbutter.com/product/dormin/";a:2:{s:4:"date";s:13:"July 18, 2023";s:4:"time";s:7:"3:57 pm";}s:35:"https://foxbutter.com/product/fish/";a:2:{s:4:"date";s:13:"July 18, 2023";s:4:"time";s:7:"2:55 pm";}s:39:"https://foxbutter.com/product/mannitol/";a:2:{s:4:"date";s:13:"July 18, 2023";s:4:"time";s:8:"12:18 pm";}s:31:"https://foxbutter.com/checkout/";a:2:{s:4:"date";s:12:"June 6, 2023";s:4:"time";s:7:"3:03 pm";}s:30:"https://foxbutter.com/contact/";a:2:{s:4:"date";s:13:"March 2, 2015";s:4:"time";s:7:"9:10 pm";}s:28:"https://foxbutter.com/about/";a:2:{s:4:"date";s:13:"March 2, 2015";s:4:"time";s:7:"9:10 pm";}s:29:"https://foxbutter.com/logout/";a:2:{s:4:"date";s:11:"May 1, 2023";s:4:"time";s:8:"10:55 pm";}s:37:"https://foxbutter.com/password-reset/";a:2:{s:4:"date";s:11:"May 1, 2023";s:4:"time";s:8:"10:55 pm";}s:35:"https://foxbutter.com/registration/";a:2:{s:4:"date";s:11:"May 1, 2023";s:4:"time";s:8:"10:54 pm";}s:34:"https://foxbutter.com/sample-page/";a:2:{s:4:"date";s:11:"May 1, 2023";s:4:"time";s:7:"9:24 pm";}s:38:"https://foxbutter.com/product/rizzo-2/";a:2:{s:4:"date";s:13:"July 20, 2023";s:4:"time";s:7:"1:11 pm";}s:43:"https://foxbutter.com/product/crystal-blue/";a:2:{s:4:"date";s:13:"July 20, 2023";s:4:"time";s:7:"1:00 pm";}s:34:"https://foxbutter.com/product/mb2/";a:2:{s:4:"date";s:13:"July 20, 2023";s:4:"time";s:7:"1:00 pm";}s:34:"https://foxbutter.com/product/mb1/";a:2:{s:4:"date";s:13:"July 20, 2023";s:4:"time";s:7:"1:00 pm";}s:35:"https://foxbutter.com/product/kebo/";a:2:{s:4:"date";s:13:"July 20, 2023";s:4:"time";s:7:"1:00 pm";}s:43:"https://foxbutter.com/product/ice-ice-baby/";a:2:{s:4:"date";s:13:"July 13, 2023";s:4:"time";s:7:"2:27 pm";}s:46:"https://foxbutter.com/product/mother-of-pearl/";a:2:{s:4:"date";s:12:"July 6, 2023";s:4:"time";s:7:"1:56 pm";}s:37:"https://foxbutter.com/affiliate-area/";a:2:{s:4:"date";s:11:"May 5, 2023";s:4:"time";s:7:"9:17 pm";}s:22:"https://foxbutter.com/";a:2:{s:4:"date";s:12:"May 22, 2023";s:4:"time";s:7:"6:29 pm";}s:30:"https://foxbutter.com/members/";a:2:{s:4:"date";s:12:"May 22, 2023";s:4:"time";s:7:"2:41 pm";}s:30:"https://foxbutter.com/account/";a:2:{s:4:"date";s:12:"May 22, 2023";s:4:"time";s:7:"2:39 pm";}s:27:"https://foxbutter.com/user/";a:2:{s:4:"date";s:12:"May 22, 2023";s:4:"time";s:7:"2:37 pm";}s:28:"https://foxbutter.com/login/";a:2:{s:4:"date";s:12:"May 22, 2023";s:4:"time";s:7:"2:17 pm";}s:37:"https://foxbutter.com/refund_returns/";a:2:{s:4:"date";s:12:"May 22, 2023";s:4:"time";s:8:"12:41 pm";}s:43:"https://foxbutter.com/product/game-changer/";a:2:{s:4:"date";s:13:"July 16, 2023";s:4:"time";s:7:"8:45 pm";}s:39:"https://foxbutter.com/product/super-31/";a:2:{s:4:"date";s:13:"July 16, 2023";s:4:"time";s:7:"8:07 pm";}s:35:"https://foxbutter.com/product/swim/";a:2:{s:4:"date";s:12:"July 3, 2023";s:4:"time";s:7:"7:38 pm";}s:27:"https://foxbutter.com/blog/";a:2:{s:4:"date";s:13:"March 2, 2015";s:4:"time";s:7:"8:12 am";}s:39:"https://foxbutter.com/product/procaine/";a:2:{s:4:"date";s:13:"June 16, 2023";s:4:"time";s:7:"6:28 pm";}s:45:"https://foxbutter.com/product/peruvian-flake/";a:2:{s:4:"date";s:13:"June 16, 2023";s:4:"time";s:7:"6:28 pm";}s:37:"https://foxbutter.com/product/granny/";a:2:{s:4:"date";s:13:"July 14, 2023";s:4:"time";s:7:"1:26 pm";}s:39:"https://foxbutter.com/product/inositol/";a:2:{s:4:"date";s:13:"July 14, 2023";s:4:"time";s:8:"12:39 am";}s:39:"https://foxbutter.com/product/blv-rock/";a:2:{s:4:"date";s:12:"July 7, 2023";s:4:"time";s:7:"2:19 pm";}s:47:"https://foxbutter.com/product/mannite-ciciogna/";a:2:{s:4:"date";s:12:"July 7, 2023";s:4:"time";s:8:"11:12 am";}}s:10:"pagination";a:2:{s:7:"showing";i:49;s:5:"total";i:49;}}', '2023-08-19 19:00:25', '2023-07-12 21:22:10', '2023-07-20 19:00:25'),
(15, 'aioseo_sitemap_product_cat-sitemap.xml', 'a:3:{s:6:"counts";a:0:{}s:8:"datetime";a:9:{s:66:"https://foxbutter.com/product-category/flower-center-piece-makers/";a:2:{s:4:"date";s:13:"July 19, 2023";s:4:"time";s:7:"5:45 pm";}s:48:"https://foxbutter.com/product-category/inositol/";a:2:{s:4:"date";s:13:"July 14, 2023";s:4:"time";s:8:"12:39 am";}s:47:"https://foxbutter.com/product-category/lactose/";a:2:{s:4:"date";s:13:"June 27, 2023";s:4:"time";s:7:"9:28 pm";}s:47:"https://foxbutter.com/product-category/mannite/";a:2:{s:4:"date";s:13:"July 19, 2023";s:4:"time";s:7:"4:27 pm";}s:49:"https://foxbutter.com/product-category/odorizers/";a:2:{s:4:"date";s:13:"July 18, 2023";s:4:"time";s:7:"6:43 pm";}s:47:"https://foxbutter.com/product-category/quinine/";a:2:{s:4:"date";s:13:"July 19, 2023";s:4:"time";s:8:"11:45 am";}s:50:"https://foxbutter.com/product-category/sleep-aids/";a:2:{s:4:"date";s:13:"July 18, 2023";s:4:"time";s:7:"9:55 pm";}s:48:"https://foxbutter.com/product-category/mannitol/";a:2:{s:4:"date";s:13:"July 18, 2023";s:4:"time";s:8:"12:18 pm";}s:52:"https://foxbutter.com/product-category/ice-ice-baby/";a:2:{s:4:"date";s:13:"July 13, 2023";s:4:"time";s:7:"2:27 pm";}}s:10:"pagination";a:2:{s:7:"showing";i:9;s:5:"total";i:9;}}', '2023-08-19 12:27:17', '2023-07-12 22:22:24', '2023-07-20 12:27:17'),
(16, 'aioseo_sitemap_product-sitemap.xml', 'a:3:{s:6:"counts";a:0:{}s:8:"datetime";a:31:{s:37:"https://foxbutter.com/product/dormin/";a:2:{s:4:"date";s:13:"July 18, 2023";s:4:"time";s:7:"3:57 pm";}s:35:"https://foxbutter.com/product/kebo/";a:2:{s:4:"date";s:13:"July 19, 2023";s:4:"time";s:7:"5:45 pm";}s:49:"https://foxbutter.com/product/mannite-conoscenti/";a:2:{s:4:"date";s:13:"July 19, 2023";s:4:"time";s:7:"4:27 pm";}s:38:"https://foxbutter.com/product/rizzo-2/";a:2:{s:4:"date";s:13:"July 19, 2023";s:4:"time";s:7:"4:27 pm";}s:42:"https://foxbutter.com/product/quinine-hcl/";a:2:{s:4:"date";s:13:"July 19, 2023";s:4:"time";s:8:"11:45 am";}s:43:"https://foxbutter.com/product/grizzly-bear/";a:2:{s:4:"date";s:13:"July 18, 2023";s:4:"time";s:7:"9:55 pm";}s:39:"https://foxbutter.com/product/comeback/";a:2:{s:4:"date";s:13:"July 18, 2023";s:4:"time";s:7:"6:43 pm";}s:34:"https://foxbutter.com/product/mb1/";a:2:{s:4:"date";s:13:"July 18, 2023";s:4:"time";s:7:"3:07 pm";}s:35:"https://foxbutter.com/product/fish/";a:2:{s:4:"date";s:13:"July 18, 2023";s:4:"time";s:7:"2:55 pm";}s:39:"https://foxbutter.com/product/mannitol/";a:2:{s:4:"date";s:13:"July 18, 2023";s:4:"time";s:8:"12:18 pm";}s:34:"https://foxbutter.com/product/mb2/";a:2:{s:4:"date";s:13:"July 17, 2023";s:4:"time";s:7:"2:26 pm";}s:43:"https://foxbutter.com/product/game-changer/";a:2:{s:4:"date";s:13:"July 16, 2023";s:4:"time";s:7:"8:45 pm";}s:39:"https://foxbutter.com/product/super-31/";a:2:{s:4:"date";s:13:"July 16, 2023";s:4:"time";s:7:"8:07 pm";}s:37:"https://foxbutter.com/product/granny/";a:2:{s:4:"date";s:13:"July 14, 2023";s:4:"time";s:7:"1:26 pm";}s:39:"https://foxbutter.com/product/inositol/";a:2:{s:4:"date";s:13:"July 14, 2023";s:4:"time";s:8:"12:39 am";}s:43:"https://foxbutter.com/product/ice-ice-baby/";a:2:{s:4:"date";s:13:"July 13, 2023";s:4:"time";s:7:"2:27 pm";}s:41:"https://foxbutter.com/product/white-girl/";a:2:{s:4:"date";s:13:"July 12, 2023";s:4:"time";s:7:"1:25 pm";}s:43:"https://foxbutter.com/product/close-enough/";a:2:{s:4:"date";s:13:"July 12, 2023";s:4:"time";s:7:"1:23 pm";}s:43:"https://foxbutter.com/product/crystal-blue/";a:2:{s:4:"date";s:13:"July 12, 2023";s:4:"time";s:7:"1:19 pm";}s:41:"https://foxbutter.com/product/lido-scent/";a:2:{s:4:"date";s:13:"July 12, 2023";s:4:"time";s:7:"1:11 pm";}s:40:"https://foxbutter.com/product/good-good/";a:2:{s:4:"date";s:13:"July 12, 2023";s:4:"time";s:7:"1:07 pm";}s:39:"https://foxbutter.com/product/blv-rock/";a:2:{s:4:"date";s:12:"July 7, 2023";s:4:"time";s:7:"2:19 pm";}s:47:"https://foxbutter.com/product/mannite-ciciogna/";a:2:{s:4:"date";s:12:"July 7, 2023";s:4:"time";s:8:"11:12 am";}s:46:"https://foxbutter.com/product/mother-of-pearl/";a:2:{s:4:"date";s:12:"July 6, 2023";s:4:"time";s:7:"1:56 pm";}s:40:"https://foxbutter.com/product/miami-ice/";a:2:{s:4:"date";s:12:"July 5, 2023";s:4:"time";s:7:"1:52 pm";}s:35:"https://foxbutter.com/product/swim/";a:2:{s:4:"date";s:12:"July 3, 2023";s:4:"time";s:7:"7:38 pm";}s:45:"https://foxbutter.com/product/ultimate-pearl/";a:2:{s:4:"date";s:13:"June 27, 2023";s:4:"time";s:7:"9:53 pm";}s:38:"https://foxbutter.com/product/lactose/";a:2:{s:4:"date";s:13:"June 27, 2023";s:4:"time";s:7:"9:28 pm";}s:45:"https://foxbutter.com/product/peruvian-flake/";a:2:{s:4:"date";s:13:"June 16, 2023";s:4:"time";s:7:"6:28 pm";}s:39:"https://foxbutter.com/product/procaine/";a:2:{s:4:"date";s:13:"June 16, 2023";s:4:"time";s:7:"6:28 pm";}s:37:"https://foxbutter.com/product/return/";a:2:{s:4:"date";s:12:"May 24, 2023";s:4:"time";s:7:"1:26 pm";}}s:10:"pagination";a:2:{s:7:"showing";i:31;s:5:"total";i:31;}}', '2023-08-19 12:33:26', '2023-07-13 14:23:38', '2023-07-20 12:33:26'),
(17, 'aioseo_sitemap_product_tag-sitemap.xml', 'a:3:{s:6:"counts";a:0:{}s:8:"datetime";a:4:{s:53:"https://foxbutter.com/product-tag/flower-centerpiece/";a:2:{s:4:"date";s:13:"July 19, 2023";s:4:"time";s:7:"5:45 pm";}s:39:"https://foxbutter.com/product-tag/kebo/";a:2:{s:4:"date";s:13:"July 19, 2023";s:4:"time";s:7:"5:45 pm";}s:39:"https://foxbutter.com/product-tag/kibo/";a:2:{s:4:"date";s:13:"July 19, 2023";s:4:"time";s:7:"5:45 pm";}s:47:"https://foxbutter.com/product-tag/ice-ice-baby/";a:2:{s:4:"date";s:13:"July 13, 2023";s:4:"time";s:7:"2:27 pm";}}s:10:"pagination";a:2:{s:7:"showing";i:4;s:5:"total";i:4;}}', '2023-08-19 12:30:15', '2023-07-13 14:24:29', '2023-07-20 12:30:15'),
(20, 'aioseo_sitemap_post-sitemap.xml', 'a:3:{s:6:"counts";a:0:{}s:8:"datetime";a:1:{s:27:"https://foxbutter.com/blog/";a:2:{s:4:"date";s:13:"March 2, 2015";s:4:"time";s:7:"8:12 am";}}s:10:"pagination";a:2:{s:7:"showing";i:1;s:5:"total";i:1;}}', '2023-08-18 00:34:55', '2023-07-13 21:29:34', '2023-07-19 00:34:55'),
(22, 'aioseo_sitemap_page-sitemap.xml', 'a:3:{s:6:"counts";a:0:{}s:8:"datetime";a:17:{s:22:"https://foxbutter.com/";a:2:{s:4:"date";s:12:"May 22, 2023";s:4:"time";s:7:"6:29 pm";}s:31:"https://foxbutter.com/checkout/";a:2:{s:4:"date";s:12:"June 6, 2023";s:4:"time";s:7:"3:03 pm";}s:30:"https://foxbutter.com/members/";a:2:{s:4:"date";s:12:"May 22, 2023";s:4:"time";s:7:"2:41 pm";}s:30:"https://foxbutter.com/account/";a:2:{s:4:"date";s:12:"May 22, 2023";s:4:"time";s:7:"2:39 pm";}s:27:"https://foxbutter.com/user/";a:2:{s:4:"date";s:12:"May 22, 2023";s:4:"time";s:7:"2:37 pm";}s:28:"https://foxbutter.com/login/";a:2:{s:4:"date";s:12:"May 22, 2023";s:4:"time";s:7:"2:17 pm";}s:37:"https://foxbutter.com/refund_returns/";a:2:{s:4:"date";s:12:"May 22, 2023";s:4:"time";s:8:"12:41 pm";}s:37:"https://foxbutter.com/affiliate-area/";a:2:{s:4:"date";s:11:"May 5, 2023";s:4:"time";s:7:"9:17 pm";}s:27:"https://foxbutter.com/shop/";a:2:{s:4:"date";s:11:"May 2, 2023";s:4:"time";s:7:"8:56 pm";}s:35:"https://foxbutter.com/my-account-2/";a:2:{s:4:"date";s:11:"May 2, 2023";s:4:"time";s:7:"8:51 pm";}s:37:"https://foxbutter.com/privacy-policy/";a:2:{s:4:"date";s:11:"May 2, 2023";s:4:"time";s:7:"8:13 pm";}s:29:"https://foxbutter.com/logout/";a:2:{s:4:"date";s:11:"May 1, 2023";s:4:"time";s:8:"10:55 pm";}s:37:"https://foxbutter.com/password-reset/";a:2:{s:4:"date";s:11:"May 1, 2023";s:4:"time";s:8:"10:55 pm";}s:35:"https://foxbutter.com/registration/";a:2:{s:4:"date";s:11:"May 1, 2023";s:4:"time";s:8:"10:54 pm";}s:34:"https://foxbutter.com/sample-page/";a:2:{s:4:"date";s:11:"May 1, 2023";s:4:"time";s:7:"9:24 pm";}s:30:"https://foxbutter.com/contact/";a:2:{s:4:"date";s:13:"March 2, 2015";s:4:"time";s:7:"9:10 pm";}s:28:"https://foxbutter.com/about/";a:2:{s:4:"date";s:13:"March 2, 2015";s:4:"time";s:7:"9:10 pm";}}s:10:"pagination";a:2:{s:7:"showing";i:17;s:5:"total";i:17;}}', '2023-08-19 12:33:27', '2023-07-14 00:14:04', '2023-07-20 12:33:27'),
(63, 'attachment_url_to_post_id_86ce005e207aaa939dd4da7097acdd3ee931b103', 's:4:"1175";', '2023-07-21 21:22:24', '2023-07-20 21:22:24', '2023-07-20 21:22:24'),
(62, 'attachment_url_to_post_id_e67a3a6b41ea62404b48932661f7566fe6faffb3', 's:4:"none";', '2023-07-21 19:44:17', '2023-07-20 19:44:17', '2023-07-20 19:44:17'),
(55, 'attachment_url_to_post_id_f9c3a6c6e8b164a0435558043e4a281fff6e5dd5', 's:3:"903";', '2023-07-20 20:24:15', '2023-07-19 20:24:15', '2023-07-19 20:24:15'),
(60, 'attachment_url_to_post_id_03b69aced100977db005c576f77a759d18489c73', 's:4:"none";', '2023-07-21 17:03:30', '2023-07-20 17:03:30', '2023-07-20 17:03:30'),
(59, 'attachment_url_to_post_id_08de7f62afa6fbea1d07ee4d8d6065ef0688a554', 's:4:"none";', '2023-07-21 17:03:30', '2023-07-20 17:03:30', '2023-07-20 17:03:30'),
(37, 'addons', 'a:8:{i:0;O:8:"stdClass":15:{s:3:"sku";s:16:"aioseo-redirects";s:4:"name";s:19:"Redirection Manager";s:7:"version";s:6:"1.2.11";s:5:"image";N;s:4:"icon";s:480:"PHN2ZyB2aWV3Qm94PSIwIDAgMjQgMjQiIGZpbGw9Im5vbmUiIHhtbG5zPSJodHRwOi8vd3d3LnczLm9yZy8yMDAwL3N2ZyIgY2xhc3M9ImFpb3Nlby1yZWRpcmVjdCI+PHBhdGggZmlsbC1ydWxlPSJldmVub2RkIiBjbGlwLXJ1bGU9ImV2ZW5vZGQiIGQ9Ik0xMC41OSA5LjE3TDUuNDEgNEw0IDUuNDFMOS4xNyAxMC41OEwxMC41OSA5LjE3Wk0xNC41IDRMMTYuNTQgNi4wNEw0IDE4LjU5TDUuNDEgMjBMMTcuOTYgNy40NkwyMCA5LjVWNEgxNC41Wk0xMy40MiAxNC44MkwxNC44MyAxMy40MUwxNy45NiAxNi41NEwyMCAxNC41VjIwSDE0LjVMMTYuNTUgMTcuOTVMMTMuNDIgMTQuODJaIiBmaWxsPSJjdXJyZW50Q29sb3IiIC8+PC9zdmc+";s:6:"levels";a:4:{i:0;s:8:"business";i:1;s:6:"agency";i:2;s:3:"pro";i:3;s:5:"elite";}s:13:"currentLevels";a:2:{i:0;s:3:"pro";i:1;s:5:"elite";}s:15:"requiresUpgrade";b:1;s:11:"description";s:101:"<p>Our Redirection Manager allows you to create and manage redirects for 404s or modified posts.</p>\n";s:18:"descriptionVersion";i:0;s:11:"downloadUrl";s:0:"";s:10:"productUrl";s:48:"https://aioseo.com/features/redirection-manager/";s:12:"learnMoreUrl";s:48:"https://aioseo.com/features/redirection-manager/";s:9:"manageUrl";s:30:"https://route#aioseo-redirects";s:8:"features";a:1:{i:0;O:8:"stdClass":2:{s:13:"license_level";s:5:"elite";s:7:"feature";s:19:"404-parent-redirect";}}}i:1;O:8:"stdClass":15:{s:3:"sku";s:21:"aioseo-link-assistant";s:4:"name";s:14:"Link Assistant";s:7:"version";s:6:"1.0.16";s:5:"image";N;s:4:"icon";s:516:"PHN2ZyB2aWV3Qm94PSIwIDAgMjQgMjQiIGZpbGw9Im5vbmUiIHhtbG5zPSJodHRwOi8vd3d3LnczLm9yZy8yMDAwL3N2ZyI+PHBhdGggZmlsbC1ydWxlPSJldmVub2RkIiBjbGlwLXJ1bGU9ImV2ZW5vZGQiIGQ9Ik0xMSAxNUg3QzUuMzUgMTUgNCAxMy42NSA0IDEyQzQgMTAuMzUgNS4zNSA5IDcgOUgxMVY3SDdDNC4yNCA3IDIgOS4yNCAyIDEyQzIgMTQuNzYgNC4yNCAxNyA3IDE3SDExVjE1Wk0xNyA3SDEzVjlIMTdDMTguNjUgOSAyMCAxMC4zNSAyMCAxMkMyMCAxMy42NSAxOC42NSAxNSAxNyAxNUgxM1YxN0gxN0MxOS43NiAxNyAyMiAxNC43NiAyMiAxMkMyMiA5LjI0IDE5Ljc2IDcgMTcgN1pNMTYgMTFIOFYxM0gxNlYxMVoiIGZpbGw9ImN1cnJlbnRDb2xvciIvPjwvc3ZnPgo=";s:6:"levels";a:3:{i:0;s:6:"agency";i:1;s:3:"pro";i:2;s:5:"elite";}s:13:"currentLevels";a:2:{i:0;s:3:"pro";i:1;s:5:"elite";}s:15:"requiresUpgrade";b:1;s:11:"description";s:283:"<p>Super-charge your SEO with Link Assistant! Get relevant suggestions for adding internal links to older content as well as finding any orphaned posts that have no internal links. Use our reporting feature to see all link suggestions or add them directly from any page or post.</p>\n";s:18:"descriptionVersion";i:0;s:11:"downloadUrl";s:0:"";s:10:"productUrl";s:39:"https://aioseo.com/docs/link-assistant/";s:12:"learnMoreUrl";s:39:"https://aioseo.com/docs/link-assistant/";s:9:"manageUrl";s:35:"https://route#aioseo-link-assistant";s:8:"features";a:0:{}}i:2;O:8:"stdClass":15:{s:3:"sku";s:20:"aioseo-video-sitemap";s:4:"name";s:13:"Video Sitemap";s:7:"version";s:6:"1.1.13";s:5:"image";N;s:4:"icon";s:16:"svg-sitemaps-pro";s:6:"levels";a:5:{i:0;s:10:"individual";i:1;s:8:"business";i:2;s:6:"agency";i:3;s:3:"pro";i:4;s:5:"elite";}s:13:"currentLevels";a:2:{i:0;s:3:"pro";i:1;s:5:"elite";}s:15:"requiresUpgrade";b:1;s:11:"description";s:243:"<p>The Video Sitemap works in much the same way as the XML Sitemap module, it generates an XML Sitemap specifically for video content on your site. Search engines use this information to display rich snippet information in search results.</p>\n";s:18:"descriptionVersion";i:0;s:11:"downloadUrl";s:0:"";s:10:"productUrl";s:54:"https://aioseo.com/docs/how-to-create-a-video-sitemap/";s:12:"learnMoreUrl";s:54:"https://aioseo.com/docs/how-to-create-a-video-sitemap/";s:9:"manageUrl";s:43:"https://route#aioseo-sitemaps:video-sitemap";s:8:"features";a:0:{}}i:3;O:8:"stdClass":15:{s:3:"sku";s:21:"aioseo-local-business";s:4:"name";s:18:"Local Business SEO";s:7:"version";s:6:"1.2.18";s:5:"image";N;s:4:"icon";s:18:"svg-local-business";s:6:"levels";a:5:{i:0;s:8:"business";i:1;s:6:"agency";i:2;s:4:"plus";i:3;s:3:"pro";i:4;s:5:"elite";}s:13:"currentLevels";a:3:{i:0;s:4:"plus";i:1;s:3:"pro";i:2;s:5:"elite";}s:15:"requiresUpgrade";b:1;s:11:"description";s:253:"<p>Local Business schema markup enables you to tell Google about your business, including your business name, address and phone number, opening hours and price range. This information may be displayed as a Knowledge Graph card or business carousel.</p>\n";s:18:"descriptionVersion";i:0;s:11:"downloadUrl";s:0:"";s:10:"productUrl";s:43:"https://aioseo.com/docs/local-business-seo/";s:12:"learnMoreUrl";s:43:"https://aioseo.com/docs/local-business-seo/";s:9:"manageUrl";s:40:"https://route#aioseo-local-seo:locations";s:8:"features";a:0:{}}i:4;O:8:"stdClass":15:{s:3:"sku";s:19:"aioseo-news-sitemap";s:4:"name";s:12:"News Sitemap";s:7:"version";s:6:"1.0.15";s:5:"image";N;s:4:"icon";s:16:"svg-sitemaps-pro";s:6:"levels";a:4:{i:0;s:8:"business";i:1;s:6:"agency";i:2;s:3:"pro";i:3;s:5:"elite";}s:13:"currentLevels";a:2:{i:0;s:3:"pro";i:1;s:5:"elite";}s:15:"requiresUpgrade";b:1;s:11:"description";s:284:"<p>Our Google News Sitemap lets you control which content you submit to Google News and only contains articles that were published in the last 48 hours. In order to submit a News Sitemap to Google, you must have added your site to Google’s Publisher Center and had it approved.</p>\n";s:18:"descriptionVersion";i:0;s:11:"downloadUrl";s:0:"";s:10:"productUrl";s:60:"https://aioseo.com/docs/how-to-create-a-google-news-sitemap/";s:12:"learnMoreUrl";s:60:"https://aioseo.com/docs/how-to-create-a-google-news-sitemap/";s:9:"manageUrl";s:42:"https://route#aioseo-sitemaps:news-sitemap";s:8:"features";a:0:{}}i:5;O:8:"stdClass":15:{s:3:"sku";s:16:"aioseo-index-now";s:4:"name";s:8:"IndexNow";s:7:"version";s:6:"1.0.11";s:5:"image";N;s:4:"icon";s:16:"svg-sitemaps-pro";s:6:"levels";a:6:{i:0;s:8:"business";i:1;s:6:"agency";i:2;s:5:"basic";i:3;s:4:"plus";i:4;s:3:"pro";i:5;s:5:"elite";}s:13:"currentLevels";a:4:{i:0;s:5:"basic";i:1;s:4:"plus";i:2;s:3:"pro";i:3;s:5:"elite";}s:15:"requiresUpgrade";b:1;s:11:"description";s:193:"<p>Add IndexNow support to instantly notify search engines when your content has changed. This helps the search engines to prioritize the changes on your website and helps you rank faster.</p>\n";s:18:"descriptionVersion";i:0;s:11:"downloadUrl";s:0:"";s:10:"productUrl";s:28:"https://aioseo.com/index-now";s:12:"learnMoreUrl";s:28:"https://aioseo.com/index-now";s:9:"manageUrl";s:45:"https://route#aioseo-settings:webmaster-tools";s:8:"features";a:0:{}}i:6;O:8:"stdClass":15:{s:3:"sku";s:15:"aioseo-rest-api";s:4:"name";s:8:"REST API";s:7:"version";s:5:"1.0.5";s:5:"image";N;s:4:"icon";s:280:"PHN2ZyB4bWxucz0iaHR0cDovL3d3dy53My5vcmcvMjAwMC9zdmciIHZpZXdCb3g9IjAgMCAyNCAyNCIgY2xhc3M9ImFpb3Nlby1jb2RlIj48cGF0aCBkPSJNOS40IDE2LjZMNC44IDEybDQuNi00LjZMOCA2bC02IDYgNiA2IDEuNC0xLjR6bTUuMiAwbDQuNi00LjYtNC42LTQuNkwxNiA2bDYgNi02IDYtMS40LTEuNHoiIGZpbGw9ImN1cnJlbnRDb2xvciIvPjwvc3ZnPg==";s:6:"levels";a:3:{i:0;s:4:"plus";i:1;s:3:"pro";i:2;s:5:"elite";}s:13:"currentLevels";a:3:{i:0;s:4:"plus";i:1;s:3:"pro";i:2;s:5:"elite";}s:15:"requiresUpgrade";b:1;s:11:"description";s:137:"<p>Manage your post and term SEO meta via the WordPress REST API. This addon also works seamlessly with headless WordPress installs.</p>\n";s:18:"descriptionVersion";i:0;s:11:"downloadUrl";s:0:"";s:10:"productUrl";s:36:"https://aioseo.com/feature/rest-api/";s:12:"learnMoreUrl";s:36:"https://aioseo.com/feature/rest-api/";s:9:"manageUrl";s:0:"";s:8:"features";a:0:{}}i:7;O:8:"stdClass":15:{s:3:"sku";s:16:"aioseo-image-seo";s:4:"name";s:9:"Image SEO";s:7:"version";s:5:"1.1.9";s:5:"image";N;s:4:"icon";s:13:"svg-image-seo";s:6:"levels";a:5:{i:0;s:8:"business";i:1;s:6:"agency";i:2;s:4:"plus";i:3;s:3:"pro";i:4;s:5:"elite";}s:13:"currentLevels";a:3:{i:0;s:4:"plus";i:1;s:3:"pro";i:2;s:5:"elite";}s:15:"requiresUpgrade";b:1;s:11:"description";s:148:"<p>Globally control the Title attribute and Alt text for images in your content. These attributes are essential for both accessibility and SEO.</p>\n";s:18:"descriptionVersion";i:0;s:11:"downloadUrl";s:0:"";s:10:"productUrl";s:71:"https://aioseo.com/docs/using-the-image-seo-features-in-all-in-one-seo/";s:12:"learnMoreUrl";s:71:"https://aioseo.com/docs/using-the-image-seo-features-in-all-in-one-seo/";s:9:"manageUrl";s:44:"https://route#aioseo-search-appearance:media";s:8:"features";a:0:{}}}', '2023-07-21 16:13:52', '2023-07-17 05:11:43', '2023-07-20 16:13:52'),
(52, 'aioseo_sitemap_sitemap.xml.gz', 'a:3:{s:6:"counts";a:4:{s:38:"https://foxbutter.com/page-sitemap.xml";i:18;s:41:"https://foxbutter.com/product-sitemap.xml";i:31;s:45:"https://foxbutter.com/product_cat-sitemap.xml";i:9;s:45:"https://foxbutter.com/product_tag-sitemap.xml";i:4;}s:8:"datetime";a:4:{s:38:"https://foxbutter.com/page-sitemap.xml";a:2:{s:4:"date";s:12:"May 22, 2023";s:4:"time";s:7:"6:29 pm";}s:41:"https://foxbutter.com/product-sitemap.xml";a:2:{s:4:"date";s:13:"July 14, 2023";s:4:"time";s:8:"12:39 am";}s:45:"https://foxbutter.com/product_cat-sitemap.xml";a:2:{s:4:"date";s:13:"July 19, 2023";s:4:"time";s:7:"5:45 pm";}s:45:"https://foxbutter.com/product_tag-sitemap.xml";a:2:{s:4:"date";s:13:"July 19, 2023";s:4:"time";s:7:"5:45 pm";}}s:10:"pagination";a:2:{s:7:"showing";i:4;s:5:"total";i:4;}}', '2023-08-19 02:28:51', '2023-07-18 20:16:08', '2023-07-20 02:28:51');

-- --------------------------------------------------------

--
